-- https://www.phpmyadmin.net/
--

START TRANSACTION;



--
-- Database: `kurknu`
--

DELIMITER $$
--
-- Procedures
--
  SELECT 
    DATE(da.online_at) AS date,
    d.name AS driver_name,  -- Fetching the driver name
    SUM(da.duration) / 60 AS total_duration_hours
  FROM 
    driver_availabilities da
  JOIN 
    drivers d ON da.driver_id = d.id  -- Join with drivers table
  WHERE 
    da.driver_id = p_driver_id
    AND DATE(da.online_at) BETWEEN p_from_date AND p_to_date
  GROUP BY 
    DATE(da.online_at), d.name;  -- Group by date and driver name
END$$

DELIMITER ;

-- --------------------------------------------------------

--
-- Table structure for table `adhocs`
--

CREATE TABLE `adhocs` (
  `id` bigint UNSIGNED NOT NULL,
  `created_at` timestamp NULL DEFAULT NULL,
  `updated_at` timestamp NULL DEFAULT NULL
) ENGINE=InnoDB DEFAULT CHARSET=utf8mb4 COLLATE=utf8mb4_unicode_ci;

-- --------------------------------------------------------

--
-- Table structure for table `adhoc_users`
--

CREATE TABLE `adhoc_users` (
  `id` int UNSIGNED NOT NULL,
  `request_id` char(36) CHARACTER SET utf8mb4 COLLATE utf8mb4_unicode_ci NOT NULL,
  `name` varchar(50) CHARACTER SET utf8mb4 COLLATE utf8mb4_unicode_ci NOT NULL,
  `email` varchar(150) CHARACTER SET utf8mb4 COLLATE utf8mb4_unicode_ci DEFAULT NULL,
  `mobile` varchar(14) CHARACTER SET utf8mb4 COLLATE utf8mb4_unicode_ci DEFAULT NULL,
  `active` tinyint(1) NOT NULL DEFAULT '1',
  `created_at` timestamp NULL DEFAULT NULL,
  `updated_at` timestamp NULL DEFAULT NULL
) ENGINE=InnoDB DEFAULT CHARSET=utf8mb4 COLLATE=utf8mb4_unicode_ci;

-- --------------------------------------------------------

--
-- Table structure for table `admin_details`
--

CREATE TABLE `admin_details` (
  `id` char(36) CHARACTER SET utf8mb4 COLLATE utf8mb4_unicode_ci NOT NULL,
  `user_id` int UNSIGNED NOT NULL,
  `service_location_id` char(36) CHARACTER SET utf8mb4 COLLATE utf8mb4_unicode_ci DEFAULT NULL,
  `first_name` varchar(191) CHARACTER SET utf8mb4 COLLATE utf8mb4_unicode_ci NOT NULL,
  `last_name` varchar(191) CHARACTER SET utf8mb4 COLLATE utf8mb4_unicode_ci DEFAULT NULL,
  `address` text CHARACTER SET utf8mb4 COLLATE utf8mb4_unicode_ci,
  `country` int UNSIGNED DEFAULT NULL,
  `state` varchar(50) CHARACTER SET utf8mb4 COLLATE utf8mb4_unicode_ci DEFAULT NULL,
  `city` varchar(50) CHARACTER SET utf8mb4 COLLATE utf8mb4_unicode_ci DEFAULT NULL,
  `active` tinyint(1) NOT NULL DEFAULT '0',
  `pincode` int DEFAULT NULL,
  `email` varchar(150) CHARACTER SET utf8mb4 COLLATE utf8mb4_unicode_ci NOT NULL,
  `mobile` varchar(14) CHARACTER SET utf8mb4 COLLATE utf8mb4_unicode_ci NOT NULL,
  `created_by` int UNSIGNED DEFAULT NULL,
  `category_type` longtext CHARACTER SET utf8mb4 COLLATE utf8mb4_unicode_ci,
  `created_at` timestamp NULL DEFAULT NULL,
  `updated_at` timestamp NULL DEFAULT NULL,
  `deleted_at` timestamp NULL DEFAULT NULL
) ENGINE=InnoDB DEFAULT CHARSET=utf8mb4 COLLATE=utf8mb4_unicode_ci;

--
-- Dumping data for table `admin_details`
--

INSERT INTO `admin_details` (`id`, `user_id`, `service_location_id`, `first_name`, `last_name`, `address`, `country`, `state`, `city`, `active`, `pincode`, `email`, `mobile`, `created_by`, `category_type`, `created_at`, `updated_at`, `deleted_at`) VALUES
('0d0543b3-3ee9-44cb-b52c-d33e1ff79f41', 39, '4c0beb64-d574-4fc3-9458-be37c87af335', 'Niko Blloshmi', NULL, 'Theodor Muzaka', 2, 'albania', 'Fier', 1, 9300, 'viatransfer.al@gmail.com', '+3556983398452', 1, NULL, '2026-02-10 12:34:19', '2026-02-10 12:34:19', NULL),
('9f42be4c-b860-474f-b499-98c031456550', 32, '4c0beb64-d574-4fc3-9458-be37c87af335', 'Rahul Prasad', NULL, 'Sildubi Menemji Kheroni', 2, 'Tiranna', 'Tiranna', 1, 781035, 'dispatcher@admin.com', '09101841322', 1, NULL, '2026-02-10 10:16:06', '2026-02-10 10:16:06', NULL),
('c86c88a1-cbff-48c4-98c7-a6de7fc92a1b', 1, NULL, 'admin', NULL, NULL, NULL, NULL, NULL, 0, NULL, 'admin@admin.com', '9999999999', NULL, NULL, '2026-01-26 08:20:59', '2026-01-26 08:20:59', NULL);

-- --------------------------------------------------------

--
-- Table structure for table `admin_notifications`
--

CREATE TABLE `admin_notifications` (
  `id` char(36) CHARACTER SET utf8mb4 COLLATE utf8mb4_unicode_ci NOT NULL,
  `title` varchar(191) CHARACTER SET utf8mb4 COLLATE utf8mb4_unicode_ci NOT NULL,
  `url` varchar(191) CHARACTER SET utf8mb4 COLLATE utf8mb4_unicode_ci NOT NULL,
  `notification_type` varchar(191) CHARACTER SET utf8mb4 COLLATE utf8mb4_unicode_ci NOT NULL,
  `is_read` tinyint(1) NOT NULL,
  `user_id` int UNSIGNED NOT NULL,
  `created_at` timestamp NULL DEFAULT NULL,
  `updated_at` timestamp NULL DEFAULT NULL
) ENGINE=InnoDB DEFAULT CHARSET=utf8mb4 COLLATE=utf8mb4_unicode_ci;

-- --------------------------------------------------------

--
-- Table structure for table `agents`
--

CREATE TABLE `agents` (
  `id` char(36) CHARACTER SET utf8mb4 COLLATE utf8mb4_unicode_ci NOT NULL,
  `user_id` int UNSIGNED NOT NULL,
  `service_location_id` char(36) CHARACTER SET utf8mb4 COLLATE utf8mb4_unicode_ci DEFAULT NULL,
  `first_name` varchar(191) CHARACTER SET utf8mb4 COLLATE utf8mb4_unicode_ci NOT NULL,
  `last_name` varchar(191) CHARACTER SET utf8mb4 COLLATE utf8mb4_unicode_ci DEFAULT NULL,
  `address` text CHARACTER SET utf8mb4 COLLATE utf8mb4_unicode_ci,
  `country` int UNSIGNED DEFAULT NULL,
  `state` varchar(50) CHARACTER SET utf8mb4 COLLATE utf8mb4_unicode_ci DEFAULT NULL,
  `city` varchar(50) CHARACTER SET utf8mb4 COLLATE utf8mb4_unicode_ci DEFAULT NULL,
  `pincode` int DEFAULT NULL,
  `email` varchar(150) CHARACTER SET utf8mb4 COLLATE utf8mb4_unicode_ci NOT NULL,
  `mobile` varchar(14) CHARACTER SET utf8mb4 COLLATE utf8mb4_unicode_ci NOT NULL,
  `active` tinyint(1) NOT NULL DEFAULT '0',
  `created_by` int UNSIGNED DEFAULT NULL,
  `created_at` timestamp NULL DEFAULT NULL,
  `updated_at` timestamp NULL DEFAULT NULL,
  `deleted_at` timestamp NULL DEFAULT NULL
) ENGINE=InnoDB DEFAULT CHARSET=utf8mb4 COLLATE=utf8mb4_unicode_ci;

--
-- Dumping data for table `agents`
--

INSERT INTO `agents` (`id`, `user_id`, `service_location_id`, `first_name`, `last_name`, `address`, `country`, `state`, `city`, `pincode`, `email`, `mobile`, `active`, `created_by`, `created_at`, `updated_at`, `deleted_at`) VALUES
('9c927fdd-94c0-478c-b542-fd22481e0cec', 30, '4c0beb64-d574-4fc3-9458-be37c87af335', 'Arshid Mahroof', NULL, '113 Abc', 232, 'West Midlands', 'Birmingham', 1235, 'arshidmahroof@yahoo.co.uk', '07788643713', 1, 1, '2026-02-07 11:33:32', '2026-02-07 11:33:32', NULL);

-- --------------------------------------------------------

--
-- Table structure for table `agents_bank_info`
--

CREATE TABLE `agents_bank_info` (
  `id` char(36) CHARACTER SET utf8mb4 COLLATE utf8mb4_unicode_ci NOT NULL,
  `agent_id` char(36) CHARACTER SET utf8mb4 COLLATE utf8mb4_unicode_ci NOT NULL,
  `method_id` int UNSIGNED NOT NULL,
  `field_id` int UNSIGNED NOT NULL,
  `value` varchar(191) CHARACTER SET utf8mb4 COLLATE utf8mb4_unicode_ci DEFAULT NULL,
  `created_at` timestamp NULL DEFAULT NULL,
  `updated_at` timestamp NULL DEFAULT NULL
) ENGINE=InnoDB DEFAULT CHARSET=utf8mb4 COLLATE=utf8mb4_unicode_ci;

-- --------------------------------------------------------

--
-- Table structure for table `agent_commission`
--

CREATE TABLE `agent_commission` (
  `id` char(36) CHARACTER SET utf8mb4 COLLATE utf8mb4_unicode_ci NOT NULL,
  `service_location_id` char(36) CHARACTER SET utf8mb4 COLLATE utf8mb4_unicode_ci NOT NULL,
  `transport_type` varchar(191) CHARACTER SET utf8mb4 COLLATE utf8mb4_unicode_ci DEFAULT NULL,
  `agent_commision_type` tinyint DEFAULT NULL,
  `agent_commision` double(10,2) NOT NULL DEFAULT '0.00',
  `created_at` timestamp NULL DEFAULT NULL,
  `updated_at` timestamp NULL DEFAULT NULL
) ENGINE=InnoDB DEFAULT CHARSET=utf8mb4 COLLATE=utf8mb4_unicode_ci;

-- --------------------------------------------------------

--
-- Table structure for table `agent_wallet`
--

CREATE TABLE `agent_wallet` (
  `id` char(36) CHARACTER SET utf8mb4 COLLATE utf8mb4_unicode_ci NOT NULL,
  `user_id` char(36) CHARACTER SET utf8mb4 COLLATE utf8mb4_unicode_ci NOT NULL,
  `amount_added` double(10,2) NOT NULL DEFAULT '0.00',
  `amount_balance` double(10,2) NOT NULL DEFAULT '0.00',
  `amount_spent` double(10,2) NOT NULL DEFAULT '0.00',
  `created_at` timestamp NULL DEFAULT NULL,
  `updated_at` timestamp NULL DEFAULT NULL
) ENGINE=InnoDB DEFAULT CHARSET=utf8mb4 COLLATE=utf8mb4_unicode_ci;

--
-- Dumping data for table `agent_wallet`
--

INSERT INTO `agent_wallet` (`id`, `user_id`, `amount_added`, `amount_balance`, `amount_spent`, `created_at`, `updated_at`) VALUES
('da8bbfe9-9511-44eb-b8ef-943d46a27596', '9c927fdd-94c0-478c-b542-fd22481e0cec', 0.00, 0.00, 0.00, '2026-02-07 11:33:32', '2026-02-07 11:33:32');

-- --------------------------------------------------------

--
-- Table structure for table `agent_wallet_histroy`
--

CREATE TABLE `agent_wallet_histroy` (
  `id` char(36) CHARACTER SET utf8mb4 COLLATE utf8mb4_unicode_ci NOT NULL,
  `user_id` char(36) CHARACTER SET utf8mb4 COLLATE utf8mb4_unicode_ci NOT NULL,
  `card_id` char(36) CHARACTER SET utf8mb4 COLLATE utf8mb4_unicode_ci DEFAULT NULL,
  `request_id` char(36) CHARACTER SET utf8mb4 COLLATE utf8mb4_unicode_ci DEFAULT NULL,
  `refferal_code` varchar(191) CHARACTER SET utf8mb4 COLLATE utf8mb4_unicode_ci DEFAULT NULL,
  `transaction_id` varchar(191) CHARACTER SET utf8mb4 COLLATE utf8mb4_unicode_ci DEFAULT NULL,
  `amount` double(10,2) NOT NULL DEFAULT '0.00',
  `conversion` varchar(191) CHARACTER SET utf8mb4 COLLATE utf8mb4_unicode_ci DEFAULT NULL,
  `merchant` varchar(191) CHARACTER SET utf8mb4 COLLATE utf8mb4_unicode_ci DEFAULT NULL,
  `remarks` varchar(191) CHARACTER SET utf8mb4 COLLATE utf8mb4_unicode_ci DEFAULT NULL,
  `is_credit` tinyint(1) NOT NULL DEFAULT '0',
  `admin_id` char(36) CHARACTER SET utf8mb4 COLLATE utf8mb4_unicode_ci DEFAULT NULL,
  `created_at` timestamp NULL DEFAULT NULL,
  `updated_at` timestamp NULL DEFAULT NULL
) ENGINE=InnoDB DEFAULT CHARSET=utf8mb4 COLLATE=utf8mb4_unicode_ci;

-- --------------------------------------------------------

--
-- Table structure for table `airports`
--

CREATE TABLE `airports` (
  `id` char(36) CHARACTER SET utf8mb4 COLLATE utf8mb4_unicode_ci NOT NULL,
  `service_location_id` char(36) CHARACTER SET utf8mb4 COLLATE utf8mb4_unicode_ci NOT NULL,
  `name` varchar(191) CHARACTER SET utf8mb4 COLLATE utf8mb4_unicode_ci NOT NULL,
  `coordinates` multipolygon DEFAULT NULL,
  `lat` double(15,8) DEFAULT NULL,
  `lng` double(15,8) DEFAULT NULL,
  `airport_surge_fee` double(10,2) NOT NULL DEFAULT '0.00',
  `company_key` varchar(191) CHARACTER SET utf8mb4 COLLATE utf8mb4_unicode_ci DEFAULT NULL,
  `active` tinyint(1) NOT NULL DEFAULT '1',
  `created_at` timestamp NULL DEFAULT NULL,
  `updated_at` timestamp NULL DEFAULT NULL
) ENGINE=InnoDB DEFAULT CHARSET=utf8mb4 COLLATE=utf8mb4_unicode_ci;

--
-- Dumping data for table `airports`
--

INSERT INTO `airports` (`id`, `service_location_id`, `name`, `coordinates`, `lat`, `lng`, `airport_surge_fee`, `company_key`, `active`, `created_at`, `updated_at`) VALUES
('33777f43-374f-406e-836f-d28ac98f28d7', '4c0beb64-d574-4fc3-9458-be37c87af335', 'Tirana Airport', 0x000000000106000000010000000103000000010000000500000030eab57a50b63340a242ea21acb2444038eab5fae7bc334091d94ba5efb244406deab5fa44ba3340ed817784aeb74440ceeab57a07b43340b87bb8de40b7444030eab57a50b63340a242ea21acb24440, 41.39587807, 19.71216552, 0.00, NULL, 1, '2026-02-10 12:44:01', '2026-02-10 12:44:01'),
('90364d88-e365-4b90-812e-4d0ff472f3bd', '4c0beb64-d574-4fc3-9458-be37c87af335', 'Vlora Airport', 0x00000000010600000001000000010300000001000000050000002485e51006663340920616b12a4d4440ac85e550ca7033403a2dd8e4c74a44401b85e5901e733340635d77a6bb4c4440b585e5d0516933408cf19d5a5e4f44402485e51006663340920616b12a4d4440, 40.60286535, 19.39853006, 0.00, NULL, 1, '2026-02-10 12:44:53', '2026-02-10 12:44:53');

-- --------------------------------------------------------

--
-- Table structure for table `banner_images`
--

CREATE TABLE `banner_images` (
  `id` char(36) CHARACTER SET utf8mb4 COLLATE utf8mb4_unicode_ci NOT NULL,
  `image` varchar(191) CHARACTER SET utf8mb4 COLLATE utf8mb4_unicode_ci DEFAULT NULL,
  `image_url` text CHARACTER SET utf8mb4 COLLATE utf8mb4_unicode_ci,
  `active` tinyint(1) NOT NULL DEFAULT '1',
  `created_at` timestamp NULL DEFAULT NULL,
  `updated_at` timestamp NULL DEFAULT NULL
) ENGINE=InnoDB DEFAULT CHARSET=utf8mb4 COLLATE=utf8mb4_unicode_ci;

--
-- Dumping data for table `banner_images`
--

INSERT INTO `banner_images` (`id`, `image`, `image_url`, `active`, `created_at`, `updated_at`) VALUES
('71be6d6e-f4b9-46ce-91a2-8046564804f5', 'GXXGp4404swVkDYCO6enM9uvWl9LR9wYSWRpxrOI.jpg', NULL, 0, '2026-01-26 20:56:50', '2026-02-10 10:30:19'),
('9358c5d3-119d-4a3b-b35c-ecf24ed706fd', 'VWNvjMcSA0WGM3ptRNjIV4MtjjPEurufi00XNJGF.jpg', NULL, 0, '2026-01-26 20:56:34', '2026-02-10 10:30:21');

-- --------------------------------------------------------

--
-- Table structure for table `cancellation_reasons`
--

CREATE TABLE `cancellation_reasons` (
  `id` char(36) CHARACTER SET utf8mb4 COLLATE utf8mb4_unicode_ci NOT NULL,
  `company_key` varchar(191) CHARACTER SET utf8mb4 COLLATE utf8mb4_unicode_ci DEFAULT NULL,
  `user_type` enum('user','driver') CHARACTER SET utf8mb4 COLLATE utf8mb4_unicode_ci NOT NULL,
  `transport_type` enum('taxi','delivery','both') CHARACTER SET utf8mb4 COLLATE utf8mb4_unicode_ci DEFAULT NULL,
  `payment_type` enum('free','compensate') CHARACTER SET utf8mb4 COLLATE utf8mb4_unicode_ci NOT NULL,
  `arrival_status` enum('before','after') CHARACTER SET utf8mb4 COLLATE utf8mb4_unicode_ci NOT NULL,
  `reason` text CHARACTER SET utf8mb4 COLLATE utf8mb4_unicode_ci NOT NULL,
  `translation_dataset` text CHARACTER SET utf8mb4 COLLATE utf8mb4_unicode_ci,
  `compensate_from` enum('compensate_from_user','compensate_from_driver') CHARACTER SET utf8mb4 COLLATE utf8mb4_unicode_ci DEFAULT NULL,
  `active` tinyint(1) NOT NULL DEFAULT '1',
  `created_at` timestamp NULL DEFAULT NULL,
  `updated_at` timestamp NULL DEFAULT NULL,
  `deleted_at` timestamp NULL DEFAULT NULL
) ENGINE=InnoDB DEFAULT CHARSET=utf8mb4 COLLATE=utf8mb4_unicode_ci;

--
-- Dumping data for table `cancellation_reasons`
--

INSERT INTO `cancellation_reasons` (`id`, `company_key`, `user_type`, `transport_type`, `payment_type`, `arrival_status`, `reason`, `translation_dataset`, `compensate_from`, `active`, `created_at`, `updated_at`, `deleted_at`) VALUES
('036c4de8-75ce-49af-898e-b43d4808daf1', NULL, 'driver', 'delivery', 'compensate', 'after', 'User Took too much time', '{\"en\":{\"locale\":\"en\",\"name\":\"User Took too much time\"}}', NULL, 1, '2026-01-26 08:21:04', '2026-01-26 08:21:04', NULL),
('1243e1a4-a9c8-4dbd-b1ff-651c60d4b82f', NULL, 'driver', 'delivery', 'compensate', 'before', 'Do not want to say', '{\"en\":{\"locale\":\"en\",\"name\":\"Do not want to say\"}}', NULL, 1, '2026-01-26 08:21:04', '2026-01-26 08:21:04', NULL),
('244d1e50-57cc-4248-ad1b-78dfa34b2ca2', NULL, 'user', 'delivery', 'compensate', 'before', 'Do not want to say', '{\"en\":{\"locale\":\"en\",\"name\":\"Do not want to say\"}}', NULL, 1, '2026-01-26 08:21:04', '2026-01-26 08:21:04', NULL),
('304e5f4e-dfca-43a3-88aa-e3beb5ed8f97', NULL, 'driver', 'taxi', 'compensate', 'after', 'User Under Influence', '{\"en\":{\"locale\":\"en\",\"name\":\"User Under Influence\"}}', NULL, 1, '2026-01-26 08:21:04', '2026-01-26 08:21:04', NULL),
('365ded48-5745-4569-ac47-517e5cd1ba57', NULL, 'user', 'delivery', 'free', 'before', 'Driver taking too long to arrive', '{\"en\":{\"locale\":\"en\",\"name\":\"Driver taking too long to arrive\"}}', NULL, 1, '2026-01-26 08:21:04', '2026-01-26 08:21:04', NULL),
('6d277bce-0275-4efb-b9c2-6162c4aacedc', NULL, 'user', 'delivery', 'compensate', 'after', 'Driver Took too much time', '{\"en\":{\"locale\":\"en\",\"name\":\"Driver Took too much time\"}}', NULL, 1, '2026-01-26 08:21:04', '2026-01-26 08:21:04', NULL),
('765bd05e-0c99-46de-b626-6dfb348a4e9a', NULL, 'driver', 'taxi', 'compensate', 'before', 'Do not want to say', '{\"en\":{\"locale\":\"en\",\"name\":\"Do not want to say\"}}', NULL, 1, '2026-01-26 08:21:04', '2026-01-26 08:21:04', NULL),
('79c6d0a5-40ce-4e8f-bb9c-c47c9a6f4d2a', NULL, 'user', 'delivery', 'free', 'after', 'Driver Under Influence', '{\"en\":{\"locale\":\"en\",\"name\":\"Driver Under Influence\"}}', NULL, 1, '2026-01-26 08:21:04', '2026-01-26 08:21:04', NULL),
('7dd2f4d1-e1d9-4ad8-b044-ea11b29e880d', NULL, 'user', 'taxi', 'compensate', 'after', 'Driver Took too much time', '{\"en\":{\"locale\":\"en\",\"name\":\"Driver Took too much time\"}}', NULL, 1, '2026-01-26 08:21:03', '2026-01-26 08:21:03', NULL),
('a69e0e85-f37e-441c-a783-d9234c6efcd8', NULL, 'driver', 'taxi', 'free', 'before', 'Cancel for User', '{\"en\":{\"locale\":\"en\",\"name\":\"Cancel for User\"}}', NULL, 1, '2026-01-26 08:21:03', '2026-01-26 08:21:04', NULL),
('a71e7936-de6c-4157-8f34-d2befa86f311', NULL, 'driver', 'taxi', 'free', 'after', 'User Not Responsive', '{\"en\":{\"locale\":\"en\",\"name\":\"User Not Responsive\"}}', NULL, 1, '2026-01-26 08:21:04', '2026-01-26 08:21:04', NULL),
('bf705445-cebe-46df-b57f-670f23b57d36', NULL, 'user', 'taxi', 'free', 'after', 'Driver Under Influence', '{\"en\":{\"locale\":\"en\",\"name\":\"Driver Under Influence\"}}', NULL, 1, '2026-01-26 08:21:03', '2026-01-26 08:21:03', NULL),
('c0233356-3ea6-4d39-91d6-cbce4e34c054', NULL, 'driver', 'delivery', 'free', 'before', 'Cancel for User', '{\"en\":{\"locale\":\"en\",\"name\":\"Cancel for User\"}}', NULL, 1, '2026-01-26 08:21:04', '2026-01-26 08:21:04', NULL),
('c374ede2-5935-47b0-9648-2c29d4c02e15', NULL, 'driver', 'delivery', 'free', 'after', 'User Not Responsive', '{\"en\":{\"locale\":\"en\",\"name\":\"User Not Responsive\"}}', NULL, 1, '2026-01-26 08:21:04', '2026-01-26 08:21:04', NULL),
('ddadba1b-7bb3-4b91-96e5-1838444714eb', NULL, 'user', 'taxi', 'free', 'before', 'Driver taking too long', '{\"en\":{\"locale\":\"en\",\"name\":\"Driver taking too long\"}}', NULL, 1, '2026-01-26 08:21:03', '2026-01-26 08:21:03', NULL),
('fcc00b5f-5b57-486e-8812-204137ec5e34', NULL, 'user', 'taxi', 'compensate', 'before', 'Do not want to say', '{\"en\":{\"locale\":\"en\",\"name\":\"Do not want to say\"}}', NULL, 1, '2026-01-26 08:21:03', '2026-01-26 08:21:03', NULL);

-- --------------------------------------------------------

--
-- Table structure for table `cancellation_reason_translations`
--

CREATE TABLE `cancellation_reason_translations` (
  `id` int UNSIGNED NOT NULL,
  `cancellation_reason_id` char(36) CHARACTER SET utf8mb4 COLLATE utf8mb4_unicode_ci NOT NULL,
  `name` varchar(191) CHARACTER SET utf8mb4 COLLATE utf8mb4_unicode_ci NOT NULL,
  `locale` varchar(191) CHARACTER SET utf8mb4 COLLATE utf8mb4_unicode_ci NOT NULL,
  `created_at` timestamp NULL DEFAULT NULL,
  `updated_at` timestamp NULL DEFAULT NULL
) ENGINE=InnoDB DEFAULT CHARSET=utf8mb4 COLLATE=utf8mb4_unicode_ci;

--
-- Dumping data for table `cancellation_reason_translations`
--

INSERT INTO `cancellation_reason_translations` (`id`, `cancellation_reason_id`, `name`, `locale`, `created_at`, `updated_at`) VALUES
(129, 'ddadba1b-7bb3-4b91-96e5-1838444714eb', 'Driver taking too long', 'en', NULL, NULL),
(130, 'bf705445-cebe-46df-b57f-670f23b57d36', 'Driver Under Influence', 'en', NULL, NULL),
(131, '7dd2f4d1-e1d9-4ad8-b044-ea11b29e880d', 'Driver Took too much time', 'en', NULL, NULL),
(132, 'fcc00b5f-5b57-486e-8812-204137ec5e34', 'Do not want to say', 'en', NULL, NULL),
(133, 'a69e0e85-f37e-441c-a783-d9234c6efcd8', 'Cancel for User', 'en', NULL, NULL),
(134, 'a71e7936-de6c-4157-8f34-d2befa86f311', 'User Not Responsive', 'en', NULL, NULL),
(135, '765bd05e-0c99-46de-b626-6dfb348a4e9a', 'Do not want to say', 'en', NULL, NULL),
(136, '304e5f4e-dfca-43a3-88aa-e3beb5ed8f97', 'User Under Influence', 'en', NULL, NULL),
(137, '365ded48-5745-4569-ac47-517e5cd1ba57', 'Driver taking too long to arrive', 'en', NULL, NULL),
(138, '79c6d0a5-40ce-4e8f-bb9c-c47c9a6f4d2a', 'Driver Under Influence', 'en', NULL, NULL),
(139, '6d277bce-0275-4efb-b9c2-6162c4aacedc', 'Driver Took too much time', 'en', NULL, NULL),
(140, '244d1e50-57cc-4248-ad1b-78dfa34b2ca2', 'Do not want to say', 'en', NULL, NULL),
(141, 'c0233356-3ea6-4d39-91d6-cbce4e34c054', 'Cancel for User', 'en', NULL, NULL),
(142, 'c374ede2-5935-47b0-9648-2c29d4c02e15', 'User Not Responsive', 'en', NULL, NULL),
(143, '1243e1a4-a9c8-4dbd-b1ff-651c60d4b82f', 'Do not want to say', 'en', NULL, NULL),
(144, '036c4de8-75ce-49af-898e-b43d4808daf1', 'User Took too much time', 'en', NULL, NULL);

-- --------------------------------------------------------

--
-- Table structure for table `card_info`
--

CREATE TABLE `card_info` (
  `id` char(36) CHARACTER SET utf8mb4 COLLATE utf8mb4_unicode_ci NOT NULL,
  `customer_id` varchar(191) CHARACTER SET utf8mb4 COLLATE utf8mb4_unicode_ci NOT NULL,
  `merchant_id` varchar(191) CHARACTER SET utf8mb4 COLLATE utf8mb4_unicode_ci NOT NULL,
  `card_token` varchar(191) CHARACTER SET utf8mb4 COLLATE utf8mb4_unicode_ci NOT NULL,
  `valid_through` varchar(191) CHARACTER SET utf8mb4 COLLATE utf8mb4_unicode_ci NOT NULL,
  `last_number` int NOT NULL,
  `card_type` varchar(191) CHARACTER SET utf8mb4 COLLATE utf8mb4_unicode_ci NOT NULL,
  `user_id` int UNSIGNED NOT NULL,
  `is_default` tinyint(1) NOT NULL DEFAULT '0',
  `user_role` varchar(191) CHARACTER SET utf8mb4 COLLATE utf8mb4_unicode_ci DEFAULT NULL,
  `created_at` timestamp NULL DEFAULT NULL,
  `updated_at` timestamp NULL DEFAULT NULL,
  `deleted_at` timestamp NULL DEFAULT NULL
) ENGINE=InnoDB DEFAULT CHARSET=utf8mb4 COLLATE=utf8mb4_unicode_ci;

-- --------------------------------------------------------

--
-- Table structure for table `car_makes`
--

CREATE TABLE `car_makes` (
  `id` int UNSIGNED NOT NULL,
  `name` varchar(191) CHARACTER SET utf8mb4 COLLATE utf8mb4_unicode_ci DEFAULT NULL,
  `vehicle_make_for` enum('taxi','motor_bike','truck') CHARACTER SET utf8mb4 COLLATE utf8mb4_unicode_ci DEFAULT NULL,
  `transport_type` enum('taxi','delivery','both') CHARACTER SET utf8mb4 COLLATE utf8mb4_unicode_ci DEFAULT NULL,
  `active` tinyint(1) NOT NULL DEFAULT '1',
  `created_at` timestamp NULL DEFAULT NULL,
  `updated_at` timestamp NULL DEFAULT NULL
) ENGINE=InnoDB DEFAULT CHARSET=utf8mb4 COLLATE=utf8mb4_unicode_ci;

-- --------------------------------------------------------

--
-- Table structure for table `car_models`
--

CREATE TABLE `car_models` (
  `id` int UNSIGNED NOT NULL,
  `make_id` int UNSIGNED NOT NULL,
  `name` varchar(191) CHARACTER SET utf8mb4 COLLATE utf8mb4_unicode_ci DEFAULT NULL,
  `active` tinyint(1) NOT NULL DEFAULT '1',
  `created_at` timestamp NULL DEFAULT NULL,
  `updated_at` timestamp NULL DEFAULT NULL
) ENGINE=InnoDB DEFAULT CHARSET=utf8mb4 COLLATE=utf8mb4_unicode_ci;

-- --------------------------------------------------------

--
-- Table structure for table `chat`
--

CREATE TABLE `chat` (
  `id` char(36) CHARACTER SET utf8mb4 COLLATE utf8mb4_unicode_ci NOT NULL,
  `user_id` int NOT NULL,
  `created_at` timestamp NULL DEFAULT NULL,
  `updated_at` timestamp NULL DEFAULT NULL
) ENGINE=InnoDB DEFAULT CHARSET=utf8mb4 COLLATE=utf8mb4_unicode_ci;

-- --------------------------------------------------------

--
-- Table structure for table `chats`
--

CREATE TABLE `chats` (
  `id` char(36) CHARACTER SET utf8mb4 COLLATE utf8mb4_unicode_ci NOT NULL,
  `message` varchar(191) CHARACTER SET utf8mb4 COLLATE utf8mb4_unicode_ci NOT NULL,
  `from_type` int NOT NULL COMMENT '1:user,2:driver',
  `request_id` char(36) CHARACTER SET utf8mb4 COLLATE utf8mb4_unicode_ci NOT NULL,
  `user_id` int UNSIGNED NOT NULL,
  `delivered` tinyint(1) NOT NULL DEFAULT '0',
  `seen` int NOT NULL DEFAULT '0',
  `created_at` timestamp NULL DEFAULT NULL,
  `updated_at` timestamp NULL DEFAULT NULL
) ENGINE=InnoDB DEFAULT CHARSET=utf8mb4 COLLATE=utf8mb4_unicode_ci;

-- --------------------------------------------------------

--
-- Table structure for table `chat_messages`
--

CREATE TABLE `chat_messages` (
  `id` bigint UNSIGNED NOT NULL,
  `chat_id` char(36) CHARACTER SET utf8mb4 COLLATE utf8mb4_unicode_ci NOT NULL,
  `from_id` int NOT NULL,
  `to_id` int NOT NULL,
  `message` text CHARACTER SET utf8mb4 COLLATE utf8mb4_unicode_ci,
  `image_status` int NOT NULL DEFAULT '0',
  `image_url` json DEFAULT NULL,
  `audio_url` varchar(191) CHARACTER SET utf8mb4 COLLATE utf8mb4_unicode_ci DEFAULT NULL,
  `type` enum('text','image','audio') CHARACTER SET utf8mb4 COLLATE utf8mb4_unicode_ci NOT NULL DEFAULT 'text',
  `unseen_count` int NOT NULL DEFAULT '0',
  `created_at` timestamp NULL DEFAULT NULL,
  `updated_at` timestamp NULL DEFAULT NULL
) ENGINE=InnoDB DEFAULT CHARSET=utf8mb4 COLLATE=utf8mb4_unicode_ci;

-- --------------------------------------------------------

--
-- Table structure for table `cities`
--

CREATE TABLE `cities` (
  `id` char(36) CHARACTER SET utf8mb4 COLLATE utf8mb4_unicode_ci NOT NULL,
  `slug` varchar(50) CHARACTER SET utf8mb4 COLLATE utf8mb4_unicode_ci NOT NULL,
  `name` varchar(50) CHARACTER SET utf8mb4 COLLATE utf8mb4_unicode_ci NOT NULL,
  `alias` varchar(50) CHARACTER SET utf8mb4 COLLATE utf8mb4_unicode_ci DEFAULT NULL,
  `display_order` int UNSIGNED DEFAULT NULL,
  `active` tinyint(1) NOT NULL DEFAULT '1',
  `state_id` char(36) CHARACTER SET utf8mb4 COLLATE utf8mb4_unicode_ci NOT NULL
) ENGINE=InnoDB DEFAULT CHARSET=utf8mb4 COLLATE=utf8mb4_unicode_ci;

-- --------------------------------------------------------

--
-- Table structure for table `companies`
--

CREATE TABLE `companies` (
  `id` char(36) CHARACTER SET utf8mb4 COLLATE utf8mb4_unicode_ci NOT NULL,
  `admin_id` int UNSIGNED NOT NULL,
  `name` varchar(191) CHARACTER SET utf8mb4 COLLATE utf8mb4_unicode_ci NOT NULL,
  `owner_name` varchar(191) CHARACTER SET utf8mb4 COLLATE utf8mb4_unicode_ci NOT NULL,
  `vat_number` varchar(191) CHARACTER SET utf8mb4 COLLATE utf8mb4_unicode_ci DEFAULT NULL,
  `mobile` varchar(191) CHARACTER SET utf8mb4 COLLATE utf8mb4_unicode_ci NOT NULL,
  `landline` varchar(14) CHARACTER SET utf8mb4 COLLATE utf8mb4_unicode_ci DEFAULT NULL,
  `email` varchar(150) CHARACTER SET utf8mb4 COLLATE utf8mb4_unicode_ci NOT NULL,
  `address` varchar(500) CHARACTER SET utf8mb4 COLLATE utf8mb4_unicode_ci DEFAULT NULL,
  `postal_code` varchar(500) CHARACTER SET utf8mb4 COLLATE utf8mb4_unicode_ci DEFAULT NULL,
  `state` varchar(50) CHARACTER SET utf8mb4 COLLATE utf8mb4_unicode_ci DEFAULT NULL,
  `city` varchar(50) CHARACTER SET utf8mb4 COLLATE utf8mb4_unicode_ci DEFAULT NULL,
  `country` int UNSIGNED NOT NULL,
  `icon` varchar(191) CHARACTER SET utf8mb4 COLLATE utf8mb4_unicode_ci DEFAULT NULL,
  `active` tinyint(1) NOT NULL DEFAULT '1',
  `created_at` timestamp NULL DEFAULT NULL,
  `updated_at` timestamp NULL DEFAULT NULL,
  `deleted_at` timestamp NULL DEFAULT NULL
) ENGINE=InnoDB DEFAULT CHARSET=utf8mb4 COLLATE=utf8mb4_unicode_ci;

-- --------------------------------------------------------

--
-- Table structure for table `complaints`
--

CREATE TABLE `complaints` (
  `id` char(36) CHARACTER SET utf8mb4 COLLATE utf8mb4_unicode_ci NOT NULL,
  `user_id` int UNSIGNED DEFAULT NULL,
  `driver_id` int UNSIGNED DEFAULT NULL,
  `owner_id` char(36) CHARACTER SET utf8mb4 COLLATE utf8mb4_unicode_ci DEFAULT NULL,
  `request_id` char(36) CHARACTER SET utf8mb4 COLLATE utf8mb4_unicode_ci DEFAULT NULL,
  `complaint_type` varchar(191) CHARACTER SET utf8mb4 COLLATE utf8mb4_unicode_ci NOT NULL DEFAULT 'general',
  `complaint_title_id` char(36) CHARACTER SET utf8mb4 COLLATE utf8mb4_unicode_ci NOT NULL,
  `description` longtext CHARACTER SET utf8mb4 COLLATE utf8mb4_unicode_ci NOT NULL,
  `status` varchar(191) CHARACTER SET utf8mb4 COLLATE utf8mb4_unicode_ci NOT NULL,
  `created_at` timestamp NULL DEFAULT NULL,
  `updated_at` timestamp NULL DEFAULT NULL,
  `deleted_at` timestamp NULL DEFAULT NULL
) ENGINE=InnoDB DEFAULT CHARSET=utf8mb4 COLLATE=utf8mb4_unicode_ci;

-- --------------------------------------------------------

--
-- Table structure for table `complaint_titles`
--

CREATE TABLE `complaint_titles` (
  `id` char(36) CHARACTER SET utf8mb4 COLLATE utf8mb4_unicode_ci NOT NULL,
  `company_key` varchar(191) CHARACTER SET utf8mb4 COLLATE utf8mb4_unicode_ci DEFAULT NULL,
  `user_type` enum('user','driver','owner') CHARACTER SET utf8mb4 COLLATE utf8mb4_unicode_ci NOT NULL,
  `complaint_type` varchar(191) CHARACTER SET utf8mb4 COLLATE utf8mb4_unicode_ci NOT NULL DEFAULT 'dispute',
  `title` text CHARACTER SET utf8mb4 COLLATE utf8mb4_unicode_ci NOT NULL,
  `translation_dataset` text CHARACTER SET utf8mb4 COLLATE utf8mb4_unicode_ci,
  `active` tinyint(1) NOT NULL DEFAULT '1',
  `created_at` timestamp NULL DEFAULT NULL,
  `updated_at` timestamp NULL DEFAULT NULL,
  `deleted_at` timestamp NULL DEFAULT NULL
) ENGINE=InnoDB DEFAULT CHARSET=utf8mb4 COLLATE=utf8mb4_unicode_ci;

-- --------------------------------------------------------

--
-- Table structure for table `complaint_title_translations`
--

CREATE TABLE `complaint_title_translations` (
  `id` int UNSIGNED NOT NULL,
  `complaint_title_id` char(36) CHARACTER SET utf8mb4 COLLATE utf8mb4_unicode_ci NOT NULL,
  `name` varchar(191) CHARACTER SET utf8mb4 COLLATE utf8mb4_unicode_ci NOT NULL,
  `locale` varchar(191) CHARACTER SET utf8mb4 COLLATE utf8mb4_unicode_ci NOT NULL,
  `created_at` timestamp NULL DEFAULT NULL,
  `updated_at` timestamp NULL DEFAULT NULL
) ENGINE=InnoDB DEFAULT CHARSET=utf8mb4 COLLATE=utf8mb4_unicode_ci;

-- --------------------------------------------------------

--
-- Table structure for table `conversations`
--

CREATE TABLE `conversations` (
  `id` char(36) CHARACTER SET utf8mb4 COLLATE utf8mb4_unicode_ci NOT NULL,
  `user_id` int UNSIGNED DEFAULT NULL,
  `admin_id` char(36) CHARACTER SET utf8mb4 COLLATE utf8mb4_unicode_ci DEFAULT NULL,
  `subject` varchar(191) CHARACTER SET utf8mb4 COLLATE utf8mb4_unicode_ci DEFAULT NULL,
  `is_closed` tinyint(1) NOT NULL DEFAULT '0',
  `created_at` timestamp NULL DEFAULT NULL,
  `updated_at` timestamp NULL DEFAULT NULL
) ENGINE=InnoDB DEFAULT CHARSET=utf8mb4 COLLATE=utf8mb4_unicode_ci;

-- --------------------------------------------------------

--
-- Table structure for table `countries`
--

CREATE TABLE `countries` (
  `id` int UNSIGNED NOT NULL,
  `name` varchar(255) CHARACTER SET utf8mb4 COLLATE utf8mb4_unicode_ci NOT NULL,
  `dial_code` varchar(255) CHARACTER SET utf8mb4 COLLATE utf8mb4_unicode_ci NOT NULL,
  `dial_min_length` int NOT NULL DEFAULT '0',
  `dial_max_length` int NOT NULL DEFAULT '0',
  `code` varchar(255) CHARACTER SET utf8mb4 COLLATE utf8mb4_unicode_ci DEFAULT NULL,
  `currency_name` varchar(191) CHARACTER SET utf8mb4 COLLATE utf8mb4_unicode_ci DEFAULT NULL,
  `currency_code` varchar(191) CHARACTER SET utf8mb4 COLLATE utf8mb4_unicode_ci DEFAULT NULL,
  `currency_symbol` varchar(191) CHARACTER SET utf8mb4 COLLATE utf8mb4_unicode_ci DEFAULT NULL,
  `flag` varchar(255) CHARACTER SET utf8mb4 COLLATE utf8mb4_unicode_ci DEFAULT NULL,
  `active` tinyint(1) NOT NULL DEFAULT '1',
  `created_at` timestamp NULL DEFAULT NULL,
  `updated_at` timestamp NULL DEFAULT NULL
) ENGINE=InnoDB DEFAULT CHARSET=utf8mb4 COLLATE=utf8mb4_unicode_ci;

--
-- Dumping data for table `countries`
--

INSERT INTO `countries` (`id`, `name`, `dial_code`, `dial_min_length`, `dial_max_length`, `code`, `currency_name`, `currency_code`, `currency_symbol`, `flag`, `active`, `created_at`, `updated_at`) VALUES
(1, 'Afghanistan', '+93', 7, 14, 'AF', 'afghani', 'AFN', '؋', 'AF.png', 1, NULL, NULL),
(2, 'Albania', '+355', 7, 14, 'EUR', 'euro', 'EUR', '€', 'AL.png', 1, NULL, NULL),
(3, 'Antarctica', '+672', 7, 14, 'AQ', '', '', '', 'AQ.png', 1, NULL, NULL),
(4, 'Algeria', '+213', 7, 14, 'DZ', 'Algerian dinar', 'DZD', 'DZD', 'DZ.png', 1, NULL, NULL),
(5, 'American Samoa', '+1', 7, 14, 'AS', 'US dollar', 'USD', '$', 'AS.png', 1, NULL, NULL),
(6, 'Andorra', '+376', 7, 14, 'AD', 'euro', 'EUR', '€', 'AD.png', 1, NULL, NULL),
(7, 'Angola', '+244', 7, 14, 'AO', 'kwanza', 'AOA', 'Kz', 'AO.png', 1, NULL, NULL),
(8, 'Antigua and Barbuda', '+1', 7, 14, 'AG', 'East Caribbean dollar', 'XCD', '$', 'AG.png', 1, NULL, NULL),
(9, 'Azerbaijan', '+994', 7, 14, 'AZ', 'Azerbaijani manat', 'AZN', 'ман', 'AZ.png', 1, NULL, NULL),
(10, 'Argentina', '+54', 7, 14, 'AR', 'Argentine peso', 'ARS', '$', 'AR.png', 1, NULL, NULL),
(11, 'Australia', '+61', 7, 14, 'AU', 'Australian dollar', 'AUD', '$', 'AU.png', 1, NULL, NULL),
(12, 'Austria', '+43', 7, 14, 'AT', 'euro', 'EUR', '€', 'AT.png', 1, NULL, NULL),
(13, 'Bahamas', '+1', 7, 14, 'BS', 'Bahamian dollar', 'BSD', '$', 'BS.png', 1, NULL, NULL),
(14, 'Bahrain', '+973', 7, 14, 'BH', 'Bahraini dinar', 'BHD', 'BHD', 'BH.png', 1, NULL, NULL),
(15, 'Bangladesh', '+880', 7, 14, 'BD', 'taka (inv.)', 'BDT', 'BDT', 'BD.png', 1, NULL, NULL),
(16, 'Armenia', '+374', 7, 14, 'AM', 'dram (inv.)', 'AMD', 'AMD', 'AM.png', 1, NULL, NULL),
(17, 'Barbados', '+1', 7, 14, 'BB', 'Barbados dollar', 'BBD', '$', 'BB.png', 1, NULL, NULL),
(18, 'Belgium', '+32', 7, 14, 'BE', 'euro', 'EUR', '€', 'BE.png', 1, NULL, NULL),
(19, 'Bermuda', '+1', 7, 14, 'BM', 'Bermuda dollar', 'BMD', '$', 'BM.png', 1, NULL, NULL),
(20, 'Bhutan', '+975', 7, 14, 'BT', 'ngultrum (inv.)', 'BTN', 'BTN', 'BT.png', 1, NULL, NULL),
(21, 'Bolivia, Plurinational State of', '+591', 7, 14, 'BO', 'boliviano', 'BOB', '$b', 'BO.png', 1, NULL, NULL),
(22, 'Bosnia and Herzegovina', '+387', 7, 14, 'BA', 'convertible mark', 'BAM', 'KM', 'BA.png', 1, NULL, NULL),
(23, 'Botswana', '+267', 7, 14, 'BW', 'pula (inv.)', 'BWP', 'P', 'BW.png', 1, NULL, NULL),
(24, 'Bouvet Island', '+47', 7, 14, 'BV', '', '', 'kr', 'BV.png', 1, NULL, NULL),
(25, 'Brazil', '+55', 7, 14, 'BR', 'real (pl. reais)', 'BRL', 'R$', 'BR.png', 1, NULL, NULL),
(26, 'Belize', '+501', 7, 14, 'BZ', 'Belize dollar', 'BZD', 'BZ$', 'BZ.png', 1, NULL, NULL),
(27, 'British Indian Ocean Territory', '+246', 7, 14, 'IO', 'US dollar', 'USD', '$', 'IO.png', 1, NULL, NULL),
(28, 'Solomon Islands', '+677', 7, 14, 'SB', 'Solomon Islands dollar', 'SBD', '$', 'SB.png', 1, NULL, NULL),
(29, 'Virgin Islands, British', '+1', 7, 14, 'VG', 'US dollar', 'USD', '$', 'VG.png', 1, NULL, NULL),
(30, 'Brunei Darussalam', '+673', 7, 14, 'BN', 'Brunei dollar', 'BND', '$', 'BN.png', 1, NULL, NULL),
(31, 'Bulgaria', '+359', 7, 14, 'BG', 'lev (pl. leva)', 'BGN', 'лв', 'BG.png', 1, NULL, NULL),
(32, 'Myanmar', '+95', 7, 14, 'MM', 'kyat', 'MMK', 'K', 'MM.png', 1, NULL, NULL),
(33, 'Burundi', '+257', 7, 14, 'BI', 'Burundi franc', 'BIF', 'BIF', 'BI.png', 1, NULL, NULL),
(34, 'Belarus', '+375', 7, 14, 'BY', 'Belarusian rouble', 'BYR', 'p.', 'BY.png', 1, NULL, NULL),
(35, 'Cambodia', '+855', 7, 14, 'KH', 'riel', 'KHR', '៛', 'KH.png', 1, NULL, NULL),
(36, 'Cameroon', '+237', 7, 14, 'CM', 'CFA franc (BEAC)', 'XAF', 'FCF', 'CM.png', 1, NULL, NULL),
(37, 'Canada', '+1', 7, 14, 'CA', 'Canadian dollar', 'CAD', '$', 'CA.png', 1, NULL, NULL),
(38, 'Cape Verde', '+238', 7, 14, 'CV', 'Cape Verde escudo', 'CVE', 'CVE', 'CV.png', 1, NULL, NULL),
(39, 'Cayman Islands', '+1', 7, 14, 'KY', 'Cayman Islands dollar', 'KYD', '$', 'KY.png', 1, NULL, NULL),
(40, 'Central African Republic', '+236', 7, 14, 'CF', 'CFA franc (BEAC)', 'XAF', 'CFA', 'CF.png', 1, NULL, NULL),
(41, 'Sri Lanka', '+94', 7, 14, 'LK', 'Sri Lankan rupee', 'LKR', '₨', 'LK.png', 1, NULL, NULL),
(42, 'Chad', '+235', 7, 14, 'TD', 'CFA franc (BEAC)', 'XAF', 'XAF', 'TD.png', 1, NULL, NULL),
(43, 'Chile', '+56', 7, 14, 'CL', 'Chilean peso', 'CLP', 'CLP', 'CL.png', 1, NULL, NULL),
(44, 'China', '+86', 7, 14, 'CN', 'renminbi-yuan (inv.)', 'CNY', '¥', 'CN.png', 1, NULL, NULL),
(45, 'Taiwan, Province of China', '+886', 7, 14, 'TW', 'new Taiwan dollar', 'TWD', 'NT$', 'TW.png', 1, NULL, NULL),
(46, 'Christmas Island', '+61', 7, 14, 'CX', 'Australian dollar', 'AUD', '$', 'CX.png', 1, NULL, NULL),
(47, 'Cocos (Keeling) Islands', '+61', 7, 14, 'CC', 'Australian dollar', 'AUD', '$', 'CC.png', 1, NULL, NULL),
(48, 'Colombia', '+57', 7, 14, 'CO', 'Colombian peso', 'COP', '$', 'CO.png', 1, NULL, NULL),
(49, 'Comoros', '+269', 7, 14, 'KM', 'Comorian franc', 'KMF', 'KMF', 'KM.png', 1, NULL, NULL),
(50, 'Mayotte', '+262', 7, 14, 'YT', 'euro', 'EUR', '€', 'YT.png', 1, NULL, NULL),
(51, 'Congo', '+242', 7, 14, 'CG', 'CFA franc (BEAC)', 'XAF', 'FCF', 'CG.png', 1, NULL, NULL),
(52, 'Congo, the Democratic Republic of the Congo', '+243', 7, 14, 'CD', 'Congolese franc', 'CDF', 'CDF', 'CD.png', 1, NULL, NULL),
(53, 'Cook Islands', '+682', 7, 14, 'CK', 'New Zealand dollar', 'NZD', '$', 'CK.png', 1, NULL, NULL),
(54, 'Costa Rica', '+506', 7, 14, 'CR', 'Costa Rican colón (pl. colones)', 'CRC', '₡', 'CR.png', 1, NULL, NULL),
(55, 'Croatia', '+385', 7, 14, 'HR', 'kuna (inv.)', 'HRK', 'kn', 'HR.png', 1, NULL, NULL),
(56, 'Cuba', '+53', 7, 14, 'CU', 'Cuban peso', 'CUP', '₱', 'CU.png', 1, NULL, NULL),
(57, 'Cyprus', '+357', 7, 14, 'CY', 'euro', 'EUR', 'CYP', 'CY.png', 1, NULL, NULL),
(58, 'Czech Republic', '+420', 7, 14, 'CZ', 'Czech koruna (pl. koruny)', 'CZK', 'Kč', 'CZ.png', 1, NULL, NULL),
(59, 'Benin', '+229', 7, 14, 'BJ', 'CFA franc (BCEAO)', 'XOF', 'XOF', 'BJ.png', 1, NULL, NULL),
(60, 'Denmark', '+45', 7, 14, 'DK', 'Danish krone', 'DKK', 'kr', 'DK.png', 1, NULL, NULL),
(61, 'Dominica', '+1', 7, 14, 'DM', 'East Caribbean dollar', 'XCD', '$', 'DM.png', 1, NULL, NULL),
(62, 'Dominican Republic', '+1', 7, 14, 'DO', 'Dominican peso', 'DOP', 'RD$', 'DO.png', 1, NULL, NULL),
(63, 'Ecuador', '+593', 7, 14, 'EC', 'US dollar', 'USD', '$', 'EC.png', 1, NULL, NULL),
(64, 'El Salvador', '+503', 7, 14, 'SV', 'Salvadorian colón (pl. colones)', 'SVC', '$', 'SV.png', 1, NULL, NULL),
(65, 'Equatorial Guinea', '+240', 7, 14, 'GQ', 'CFA franc (BEAC)', 'XAF', 'FCF', 'GQ.png', 1, NULL, NULL),
(66, 'Ethiopia', '+251', 7, 14, 'ET', 'birr (inv.)', 'ETB', 'ETB', 'ET.png', 1, NULL, NULL),
(67, 'Eritrea', '+291', 7, 14, 'ER', 'nakfa', 'ERN', 'Nfk', 'ER.png', 1, NULL, NULL),
(68, 'Estonia', '+372', 7, 14, 'EE', 'euro', 'EUR', 'kr', 'EE.png', 1, NULL, NULL),
(69, 'Faroe Islands', '+298', 7, 14, 'FO', 'Danish krone', 'DKK', 'kr', 'FO.png', 1, NULL, NULL),
(70, 'Falkland Islands (Malvinas)', '+500', 7, 14, 'FK', 'Falkland Islands pound', 'FKP', '£', 'FK.png', 1, NULL, NULL),
(71, 'South Georgia and the South Sandwich Islands', '+44', 7, 14, 'GS', '', '', '£', 'GS.png', 1, NULL, NULL),
(72, 'Fiji', '+679', 7, 14, 'FJ', 'Fiji dollar', 'FJD', '$', 'FJ.png', 1, NULL, NULL),
(73, 'Finland', '+358', 7, 14, 'FI', 'euro', 'EUR', '€', 'FI.png', 1, NULL, NULL),
(74, 'France', '+33', 7, 14, 'FR', 'euro', 'EUR', '€', 'FR.png', 1, NULL, NULL),
(75, 'French Guiana', '+594', 7, 14, 'GF', 'euro', 'EUR', '€', 'GF.png', 1, NULL, NULL),
(76, 'French Polynesia', '+689', 7, 14, 'PF', 'CFP franc', 'XPF', 'XPF', 'PF.png', 1, NULL, NULL),
(77, 'French Southern Territories', '+33', 7, 14, 'TF', 'euro', 'EUR', '€', 'TF.png', 1, NULL, NULL),
(78, 'Djibouti', '+253', 7, 14, 'DJ', 'Djibouti franc', 'DJF', 'DJF', 'DJ.png', 1, NULL, NULL),
(79, 'Gabon', '+241', 7, 14, 'GA', 'CFA franc (BEAC)', 'XAF', 'FCF', 'GA.png', 1, NULL, NULL),
(80, 'Georgia', '+995', 7, 14, 'GE', 'lari', 'GEL', 'GEL', 'GE.png', 1, NULL, NULL),
(81, 'Gambia', '+220', 7, 14, 'GM', 'dalasi (inv.)', 'GMD', 'D', 'GM.png', 1, NULL, NULL),
(82, 'Palestinian Territory, Occupied', '+970', 7, 14, 'PS', NULL, NULL, '₪', 'PS.png', 1, NULL, NULL),
(83, 'Germany', '+49', 7, 14, 'DE', 'euro', 'EUR', '€', 'DE.png', 1, NULL, NULL),
(84, 'Ghana', '+233', 7, 14, 'GH', 'Ghana cedi', 'GHS', '¢', 'GH.png', 1, NULL, NULL),
(85, 'Gibraltar', '+350', 7, 14, 'GI', 'Gibraltar pound', 'GIP', '£', 'GI.png', 1, NULL, NULL),
(86, 'Kiribati', '+686', 7, 14, 'KI', 'Australian dollar', 'AUD', '$', 'KI.png', 1, NULL, NULL),
(87, 'Greece', '+30', 7, 14, 'GR', 'euro', 'EUR', '€', 'GR.png', 1, NULL, NULL),
(88, 'Greenland', '+299', 7, 14, 'GL', 'Danish krone', 'DKK', 'kr', 'GL.png', 1, NULL, NULL),
(89, 'Grenada', '+1', 7, 14, 'GD', 'East Caribbean dollar', 'XCD', '$', 'GD.png', 1, NULL, NULL),
(90, 'Guadeloupe', '+590', 7, 14, 'GP', 'euro', 'EUR ', '€', 'GP.png', 1, NULL, NULL),
(91, 'Guam', '+1', 7, 14, 'GU', 'US dollar', 'USD', '$', 'GU.png', 1, NULL, NULL),
(92, 'Guatemala', '+502', 7, 14, 'GT', 'quetzal (pl. quetzales)', 'GTQ', 'Q', 'GT.png', 1, NULL, NULL),
(93, 'Guinea', '+224', 7, 14, 'GN', 'Guinean franc', 'GNF', 'GNF', 'GN.png', 1, NULL, NULL),
(94, 'Guyana', '+592', 7, 14, 'GY', 'Guyana dollar', 'GYD', '$', 'GY.png', 1, NULL, NULL),
(95, 'Haiti', '+509', 7, 14, 'HT', 'gourde', 'HTG', 'G', 'HT.png', 1, NULL, NULL),
(96, 'Heard Island and McDonald Islands', '+61', 7, 14, 'HM', '', '', '$', 'HM.png', 1, NULL, NULL),
(97, 'Holy See (Vatican City State)', '+39', 7, 14, 'VA', 'euro', 'EUR', '€', 'VA.png', 1, NULL, NULL),
(98, 'Honduras', '+504', 7, 14, 'HN', 'lempira', 'HNL', 'L', 'HN.png', 1, NULL, NULL),
(99, 'Hong Kong', '+852', 7, 14, 'HK', 'Hong Kong dollar', 'HKD', '$', 'HK.png', 1, NULL, NULL),
(100, 'Hungary', '+36', 7, 14, 'HU', 'forint (inv.)', 'HUF', 'Ft', 'HU.png', 1, NULL, NULL),
(101, 'Iceland', '+354', 7, 14, 'IS', 'króna (pl. krónur)', 'ISK', 'kr', 'IS.png', 1, NULL, NULL),
(102, 'India', '+91', 7, 14, 'IN', 'Indian rupee', 'INR', '₹', 'IN.png', 1, NULL, NULL),
(103, 'Indonesia', '+62', 7, 14, 'ID', 'Indonesian rupiah (inv.)', 'IDR', 'Rp', 'ID.png', 1, NULL, NULL),
(104, 'Iran, Islamic Republic of', '+98', 7, 14, 'IR', 'Iranian rial', 'IRR', '﷼', 'IR.png', 1, NULL, NULL),
(105, 'Iraq', '+964', 7, 14, 'IQ', 'Iraqi dinar', 'IQD', 'IQD', 'IQ.png', 1, NULL, NULL),
(106, 'Ireland', '+353', 7, 14, 'IE', 'euro', 'EUR', '€', 'IE.png', 1, NULL, NULL),
(107, 'Israel', '+972', 7, 14, 'IL', 'shekel', 'ILS', '₪', 'IL.png', 1, NULL, NULL),
(108, 'Italy', '+39', 7, 14, 'IT', 'euro', 'EUR', '€', 'IT.png', 1, NULL, NULL),
(109, 'Côte d\'Ivoire', '+225', 7, 14, 'CI', 'CFA franc (BCEAO)', 'XOF', 'XOF', 'CI.png', 1, NULL, NULL),
(110, 'Jamaica', '+1', 7, 14, 'JM', 'Jamaica dollar', 'JMD', '$', 'JM.png', 1, NULL, NULL),
(111, 'Japan', '+81', 7, 14, 'JP', 'yen (inv.)', 'JPY', '¥', 'JP.png', 1, NULL, NULL),
(112, 'Kazakhstan', '+7', 7, 14, 'KZ', 'tenge (inv.)', 'KZT', 'лв', 'KZ.png', 1, NULL, NULL),
(113, 'Jordan', '+962', 7, 14, 'JO', 'Jordanian dinar', 'JOD', 'JOD', 'JO.png', 1, NULL, NULL),
(114, 'Kenya', '+254', 7, 14, 'KE', 'Kenyan shilling', 'KES', 'KES', 'KE.png', 1, NULL, NULL),
(115, 'Korea, Democratic People\'s Republic of', '+850', 7, 14, 'KP', 'North Korean won (inv.)', 'KPW', '₩', 'KP.png', 1, NULL, NULL),
(116, 'Korea, Republic of', '+82', 7, 14, 'KR', 'South Korean won (inv.)', 'KRW', '₩', 'KR.png', 1, NULL, NULL),
(117, 'Kuwait', '+965', 7, 14, 'KW', 'Kuwaiti dinar', 'KWD', 'KWD', 'KW.png', 1, NULL, NULL),
(118, 'Kyrgyzstan', '+996', 7, 14, 'KG', 'som', 'KGS', 'лв', 'KG.png', 1, NULL, NULL),
(119, 'Lao People\'s Democratic Republic', '+856', 7, 14, 'LA', 'kip (inv.)', 'LAK', '₭', 'LA.png', 1, NULL, NULL),
(120, 'Lebanon', '+961', 7, 14, 'LB', 'Lebanese pound', 'LBP', '£', 'LB.png', 1, NULL, NULL),
(121, 'Lesotho', '+266', 7, 14, 'LS', 'loti (pl. maloti)', 'LSL', 'L', 'LS.png', 1, NULL, NULL),
(122, 'Latvia', '+371', 7, 14, 'LV', 'euro', 'EUR', 'Ls', 'LV.png', 1, NULL, NULL),
(123, 'Liberia', '+231', 7, 14, 'LR', 'Liberian dollar', 'LRD', '$', 'LR.png', 1, NULL, NULL),
(124, 'Libya', '+218', 7, 14, 'LY', 'Libyan dinar', 'LYD', 'LYD', 'LY.png', 1, NULL, NULL),
(125, 'Liechtenstein', '+423', 7, 14, 'LI', 'Swiss franc', 'CHF', 'CHF', 'LI.png', 1, NULL, NULL),
(126, 'Lithuania', '+370', 7, 14, 'LT', 'euro', 'EUR', 'Lt', 'LT.png', 1, NULL, NULL),
(127, 'Luxembourg', '+352', 7, 14, 'LU', 'euro', 'EUR', '€', 'LU.png', 1, NULL, NULL),
(128, 'Macao', '+853', 7, 14, 'MO', 'pataca', 'MOP', 'MOP', 'MO.png', 1, NULL, NULL),
(129, 'Madagascar', '+261', 7, 14, 'MG', 'ariary', 'MGA', 'MGA', 'MG.png', 1, NULL, NULL),
(130, 'Malawi', '+265', 7, 14, 'MW', 'Malawian kwacha (inv.)', 'MWK', 'MK', 'MW.png', 1, NULL, NULL),
(131, 'Malaysia', '+60', 7, 14, 'MY', 'ringgit (inv.)', 'MYR', 'RM', 'MY.png', 1, NULL, NULL),
(132, 'Maldives', '+960', 7, 14, 'MV', 'rufiyaa', 'MVR', 'Rf', 'MV.png', 1, NULL, NULL),
(133, 'Mali', '+223', 7, 14, 'ML', 'CFA franc (BCEAO)', 'XOF', 'XOF', 'ML.png', 1, NULL, NULL),
(134, 'Malta', '+356', 7, 14, 'MT', 'euro', 'EUR', 'MTL', 'MT.png', 1, NULL, NULL),
(135, 'Martinique', '+596', 7, 14, 'MQ', 'euro', 'EUR', '€', 'MQ.png', 1, NULL, NULL),
(136, 'Mauritania', '+222', 7, 14, 'MR', 'ouguiya', 'MRO', 'UM', 'MR.png', 1, NULL, NULL),
(137, 'Mauritius', '+230', 7, 14, 'MU', 'Mauritian rupee', 'MUR', '₨', 'MU.png', 1, NULL, NULL),
(138, 'Mexico', '+52', 7, 14, 'MX', 'Mexican peso', 'MXN', '$', 'MX.png', 1, NULL, NULL),
(139, 'Monaco', '+377', 7, 14, 'MC', 'euro', 'EUR', '€', 'MC.png', 1, NULL, NULL),
(140, 'Mongolia', '+976', 7, 14, 'MN', 'tugrik', 'MNT', '₮', 'MN.png', 1, NULL, NULL),
(141, 'Moldova, Republic of', '+373', 7, 14, 'MD', 'Moldovan leu (pl. lei)', 'MDL', 'MDL', 'MD.png', 1, NULL, NULL),
(142, 'Montenegro', '+382', 7, 14, 'ME', 'euro', 'EUR', '€', 'ME.png', 1, NULL, NULL),
(143, 'Montserrat', '+1', 7, 14, 'MS', 'East Caribbean dollar', 'XCD', '$', 'MS.png', 1, NULL, NULL),
(144, 'Morocco', '+212', 7, 14, 'MA', 'Moroccan dirham', 'MAD', 'MAD', 'MA.png', 1, NULL, NULL),
(145, 'Mozambique', '+258', 7, 14, 'MZ', 'metical', 'MZN', 'MT', 'MZ.png', 1, NULL, NULL),
(146, 'Oman', '+968', 7, 14, 'OM', 'Omani rial', 'OMR', '﷼', 'OM.png', 1, NULL, NULL),
(147, 'Namibia', '+264', 7, 14, 'NA', 'Namibian dollar', 'NAD', '$', 'NA.png', 1, NULL, NULL),
(148, 'Nauru', '+674', 7, 14, 'NR', 'Australian dollar', 'AUD', '$', 'NR.png', 1, NULL, NULL),
(149, 'Nepal', '+977', 7, 14, 'NP', 'Nepalese rupee', 'NPR', '₨', 'NP.png', 1, NULL, NULL),
(150, 'Netherlands', '+31', 7, 14, 'NL', 'euro', 'EUR', '€', 'NL.png', 1, NULL, NULL),
(151, 'Curaçao', '+599', 7, 14, 'CW', 'Netherlands Antillean guilder (CW1)', 'ANG', 'CG', 'Ccc.png', 1, NULL, NULL),
(152, 'Aruba', '+297', 7, 14, 'AW', 'Aruban guilder', 'AWG', 'ƒ', 'AW.png', 1, NULL, NULL),
(153, 'New Caledonia', '+687', 7, 14, 'NC', 'CFP franc', 'XPF', 'XPF', 'NC.png', 1, NULL, NULL),
(154, 'Vanuatu', '+678', 7, 14, 'VU', 'vatu (inv.)', 'VUV', 'Vt', 'VU.png', 1, NULL, NULL),
(155, 'New Zealand', '+64', 7, 14, 'NZ', 'New Zealand dollar', 'NZD', '$', 'NZ.png', 1, NULL, NULL),
(156, 'Nicaragua', '+505', 7, 14, 'NI', 'córdoba oro', 'NIO', 'C$', 'NI.png', 1, NULL, NULL),
(157, 'Niger', '+227', 7, 14, 'NE', 'CFA franc (BCEAO)', 'XOF', 'XOF', 'NE.png', 1, NULL, NULL),
(158, 'Nigeria', '+234', 7, 14, 'NG', 'naira (inv.)', 'NGN', '₦', 'NG.png', 1, NULL, NULL),
(159, 'Niue', '+683', 7, 14, 'NU', 'New Zealand dollar', 'NZD', '$', 'NU.png', 1, NULL, NULL),
(160, 'Norfolk Island', '+672', 7, 14, 'NF', 'Australian dollar', 'AUD', '$', 'NF.png', 1, NULL, NULL),
(161, 'Norway', '+47', 7, 14, 'NO', 'Norwegian krone (pl. kroner)', 'NOK', 'kr', 'NO.png', 1, NULL, NULL),
(162, 'Northern Mariana Islands', '+1', 7, 14, 'MP', 'US dollar', 'USD', '$', 'MP.png', 1, NULL, NULL),
(163, 'United States Minor Outlying Islands', '+1', 7, 14, 'UM', 'US dollar', 'USD', '$', 'UM.png', 1, NULL, NULL),
(164, 'Micronesia, Federated States of Micronesia', '+691', 7, 14, 'FM', 'US dollar', 'USD', '$', 'FM.png', 1, NULL, NULL),
(165, 'Marshall Islands', '+692', 7, 14, 'MH', 'US dollar', 'USD', '$', 'MH.png', 1, NULL, NULL),
(166, 'Palau', '+680', 7, 14, 'PW', 'US dollar', 'USD', '$', 'PW.png', 1, NULL, NULL),
(167, 'Pakistan', '+92', 7, 14, 'PK', 'Pakistani rupee', 'PKR', '₨', 'PK.png', 1, NULL, NULL),
(168, 'Panama', '+507', 7, 14, 'PA', 'balboa', 'PAB', 'B/.', 'PA.png', 1, NULL, NULL),
(169, 'Papua New Guinea', '+675', 7, 14, 'PG', 'kina (inv.)', 'PGK', 'PGK', 'PG.png', 1, NULL, NULL),
(170, 'Paraguay', '+595', 7, 14, 'PY', 'guaraní', 'PYG', 'Gs', 'PY.png', 1, NULL, NULL),
(171, 'Peru', '+51', 7, 14, 'PE', 'new sol', 'PEN', 'S/.', 'PE.png', 1, NULL, NULL),
(172, 'Philippines', '+63', 7, 14, 'PH', 'Philippine peso', 'PHP', 'Php', 'PH.png', 1, NULL, NULL),
(173, 'Pitcairn', '+649', 7, 14, 'PN', 'New Zealand dollar', 'NZD', '$', 'PN.png', 1, NULL, NULL),
(174, 'Poland', '+48', 7, 14, 'PL', 'zloty', 'PLN', 'zł', 'PL.png', 1, NULL, NULL),
(175, 'Portugal', '+351', 7, 14, 'PT', 'euro', 'EUR', '€', 'PT.png', 1, NULL, NULL),
(176, 'Guinea-Bissau', '+245', 7, 14, 'GW', 'CFA franc (BCEAO)', 'XOF', 'XOF', 'GW.png', 1, NULL, NULL),
(177, 'Timor-Leste', '+670', 7, 14, 'TL', 'US dollar', 'USD', '$', 'TL.png', 1, NULL, NULL),
(178, 'Puerto Rico', '+1', 7, 14, 'PR', 'US dollar', 'USD', '$', 'PR.png', 1, NULL, NULL),
(179, 'Qatar', '+974', 7, 14, 'QA', 'Qatari riyal', 'QAR', '﷼', 'QA.png', 1, NULL, NULL),
(180, 'Reunion', '+262', 7, 14, 'RE', 'euro', 'EUR', '€', 'RE.png', 1, NULL, NULL),
(181, 'Romania', '+40', 7, 14, 'RO', 'Romanian leu (pl. lei)', 'RON', 'lei', 'RO.png', 1, NULL, NULL),
(182, 'Russian Federation', '+7', 7, 14, 'RU', 'Russian rouble', 'RUB', 'руб', 'RU.png', 1, NULL, NULL),
(183, 'Rwanda', '+250', 7, 14, 'RW', 'Rwandese franc', 'RWF', 'RWF', 'RW.png', 1, NULL, NULL),
(184, 'Saint Barthelemy', '+590', 7, 14, 'BL', 'euro', 'EUR', '€', 'SAB.png', 1, NULL, NULL),
(185, 'Saint Helena, Ascension and Tristan da Cunha', '+290', 7, 14, 'SH', 'Saint Helena pound', 'SHP', '£', 'SH.png', 1, NULL, NULL),
(186, 'Saint Kitts and Nevis', '+1', 7, 14, 'KN', 'East Caribbean dollar', 'XCD', '$', 'KN.png', 1, NULL, NULL),
(187, 'Anguilla', '+1', 7, 14, 'AI', 'East Caribbean dollar', 'XCD', '$', 'AI.png', 1, NULL, NULL),
(188, 'Saint Lucia', '+1', 7, 14, 'LC', 'East Caribbean dollar', 'XCD', '$', 'LC.png', 1, NULL, NULL),
(189, 'Saint Martin (French part)', '+590', 7, 14, 'MF', 'euro', 'EUR', '€', 'SMF.png', 1, NULL, NULL),
(190, 'Saint Pierre and Miquelon', '+508', 7, 14, 'PM', 'euro', 'EUR', '€', 'PM.png', 1, NULL, NULL),
(191, 'Saint Vincent and the Grenadines', '+1', 7, 14, 'VC', 'East Caribbean dollar', 'XCD', '$', 'VC.png', 1, NULL, NULL),
(192, 'San Marino', '+378', 7, 14, 'SM', 'euro', 'EUR ', '€', 'SM.png', 1, NULL, NULL),
(193, 'Sao Tome and Principe', '+239', 7, 14, 'ST', 'dobra', 'STD', 'Db', 'ST.png', 1, NULL, NULL),
(194, 'Saudi Arabia', '+966', 7, 14, 'SA', 'riyal', 'SAR', '﷼', 'SA.png', 1, NULL, NULL),
(195, 'Senegal', '+221', 7, 14, 'SN', 'CFA franc (BCEAO)', 'XOF', 'XOF', 'SN.png', 1, NULL, NULL),
(196, 'Serbia', '+381', 7, 14, 'RS', 'Serbian dinar', 'RSD', 'РСД', 'Seb.png', 1, NULL, NULL),
(197, 'Seychelles', '+248', 7, 14, 'SC', 'Seychelles rupee', 'SCR', '₨', 'SC.png', 1, NULL, NULL),
(198, 'Sierra Leone', '+232', 7, 14, 'SL', 'leone', 'SLL', 'Le', 'SL.png', 1, NULL, NULL),
(199, 'Singapore', '+65', 7, 14, 'SG', 'Singapore dollar', 'SGD', '$', 'SG.png', 1, NULL, NULL),
(200, 'Slovakia', '+421', 7, 14, 'SK', 'euro', 'EUR', 'Sk', 'SK.png', 1, NULL, NULL),
(201, 'VietNam', '+84', 7, 14, 'VN', 'dong', 'VND', '₫', 'VN.png', 1, NULL, NULL),
(202, 'Slovenia', '+386', 7, 14, 'SI', 'euro', 'EUR', '€', 'SI.png', 1, NULL, NULL),
(203, 'Somalia', '+252', 7, 14, 'SO', 'Somali shilling', 'SOS', 'S', 'SO.png', 1, NULL, NULL),
(204, 'South Africa', '+27', 7, 14, 'ZA', 'rand', 'ZAR', 'R', 'ZA.png', 1, NULL, NULL),
(205, 'Zimbabwe', '+263', 7, 14, 'ZW', 'Zimbabwe dollar (ZW1)', 'ZWL', 'Z$', 'ZW.png', 1, NULL, NULL),
(206, 'Spain', '+34', 7, 14, 'ES', 'euro', 'EUR', '€', 'ES.png', 1, NULL, NULL),
(207, 'South Sudan', '+211', 7, 14, 'SS', 'South Sudanese pound', 'SSP', NULL, 'SD.png', 1, NULL, NULL),
(208, 'Sudan', '+249', 7, 14, 'SD', 'Sudanese pound', 'SDG', NULL, 'SD.png', 1, NULL, NULL),
(209, 'Western Sahara', '+212', 7, 14, 'EH', 'Moroccan dirham', 'MAD', 'MAD', 'EH.png', 1, NULL, NULL),
(210, 'Suriname', '+597', 7, 14, 'SR', 'Surinamese dollar', 'SRD', '$', 'SR.png', 1, NULL, NULL),
(211, 'Svalbard and Jan Mayen', '+47', 7, 14, 'SJ', 'Norwegian krone (pl. kroner)', 'NOK', 'kr', 'SJ.png', 1, NULL, NULL),
(212, 'Swaziland', '+268', 7, 14, 'SZ', 'lilangeni', 'SZL', 'SZL', 'SZ.png', 1, NULL, NULL),
(213, 'Sweden', '+46', 7, 14, 'SE', 'krona (pl. kronor)', 'SEK', 'kr', 'SE.png', 1, NULL, NULL),
(214, 'Switzerland', '+41', 7, 14, 'CH', 'Swiss franc', 'CHF', 'CHF', 'CH.png', 1, NULL, NULL),
(215, 'Syrian Arab Republic', '+963', 7, 14, 'SY', 'Syrian pound', 'SYP', '£', 'SY.png', 1, NULL, NULL),
(216, 'Tajikistan', '+992', 7, 14, 'TJ', 'somoni', 'TJS', 'TJS', 'TJ.png', 1, NULL, NULL),
(217, 'Thailand', '+66', 7, 14, 'TH', 'baht (inv.)', 'THB', '฿', 'TH.png', 1, NULL, NULL),
(218, 'Togo', '+228', 7, 14, 'TG', 'CFA franc (BCEAO)', 'XOF', 'XOF', 'TG.png', 1, NULL, NULL),
(219, 'Tokelau', '+690', 7, 14, 'TK', 'New Zealand dollar', 'NZD', '$', 'TK.png', 1, NULL, NULL),
(220, 'Tonga', '+676', 7, 14, 'TO', 'pa’anga (inv.)', 'TOP', 'T$', 'TO.png', 1, NULL, NULL),
(221, 'Trinidad and Tobago', '+1', 7, 14, 'TT', 'Trinidad and Tobago dollar', 'TTD', 'TT$', 'TT.png', 1, NULL, NULL),
(222, 'United Arab Emirates', '+971', 7, 14, 'AE', 'UAE dirham', 'AED', 'AED', 'AE.png', 1, NULL, NULL),
(223, 'Tunisia', '+216', 7, 14, 'TN', 'Tunisian dinar', 'TND', 'TND', 'TN.png', 1, NULL, NULL),
(224, 'Turkey', '+90', 7, 14, 'TR', 'Turkish lira (inv.)', 'TRY', '₺', 'TR.png', 1, NULL, NULL),
(225, 'Turkmenistan', '+993', 7, 14, 'TM', 'Turkmen manat (inv.)', 'TMT', 'm', 'TM.png', 1, NULL, NULL),
(226, 'Turks and Caicos Islands', '+1', 7, 14, 'TC', 'US dollar', 'USD', '$', 'TC.png', 1, NULL, NULL),
(227, 'Tuvalu', '+688', 7, 14, 'TV', 'Australian dollar', 'AUD', '$', 'TV.png', 1, NULL, NULL),
(228, 'Uganda', '+256', 7, 14, 'UG', 'Uganda shilling', 'UGX', 'UGX', 'UG.png', 1, NULL, NULL),
(229, 'Ukraine', '+380', 7, 14, 'UA', 'hryvnia', 'UAH', '₴', 'UA.png', 1, NULL, NULL),
(230, 'Macedonia, the former Yugoslav Republic of', '+389', 7, 14, 'MK', 'denar (pl. denars)', 'MKD', 'ден', 'MK.png', 1, NULL, NULL),
(231, 'Egypt', '+20', 7, 14, 'EG', 'Egyptian pound', 'EGP', '£', 'EG.png', 1, NULL, NULL),
(232, 'United Kingdom', '+44', 7, 14, 'GB', 'pound sterling', 'GBP', '£', 'GB.png', 1, NULL, NULL),
(233, 'Guernsey', '+44', 7, 14, 'GG', 'Guernsey pound (GG2)', 'GGP (GG2)', '£', 'Gup.png', 1, NULL, NULL),
(234, 'Jersey', '+44', 7, 14, 'JE', 'Jersey pound (JE2)', 'JEP (JE2)', '£', 'Jr.png', 1, NULL, NULL),
(235, 'Isle of Man', '+44', 7, 14, 'IM', 'Manx pound (IM2)', 'IMP (IM2)', '£', 'Iom.png', 1, NULL, NULL),
(236, 'Tanzania, United Republic of', '+255', 7, 14, 'TZ', 'Tanzanian shilling', 'TZS', 'TZS', 'TZ.png', 1, NULL, NULL),
(237, 'United States', '+1', 7, 14, 'US', 'US dollar', 'USD', '$', 'US.png', 1, NULL, NULL),
(238, 'Virgin Islands, U.S.', '+1', 7, 14, 'VI', 'US dollar', 'USD', '$', 'VI.png', 1, NULL, NULL),
(239, 'Burkina Faso', '+226', 7, 14, 'BF', 'CFA franc (BCEAO)', 'XOF', 'XOF', 'BF.png', 1, NULL, NULL),
(240, 'Uruguay', '+598', 7, 14, 'UY', 'Uruguayan peso', 'UYU', '$U', 'UY.png', 1, NULL, NULL),
(241, 'Uzbekistan', '+998', 7, 14, 'UZ', 'sum (inv.)', 'UZS', 'лв', 'UZ.png', 1, NULL, NULL),
(242, 'Venezuela, Bolivarian Republic of', '+58', 7, 14, 'VE', 'bolívar fuerte (pl. bolívares fuertes)', 'VEF', 'Bs', 'VE.png', 1, NULL, NULL),
(243, 'Wallis and Futuna', '+681', 7, 14, 'WF', 'CFP franc', 'XPF', 'XPF', 'WF.png', 1, NULL, NULL),
(244, 'Samoa', '+685', 7, 14, 'WS', 'tala (inv.)', 'WST', 'WS$', 'WS.png', 1, NULL, NULL),
(245, 'Yemen', '+967', 7, 14, 'YE', 'Yemeni rial', 'YER', '﷼', 'YE.png', 1, NULL, NULL),
(246, 'Zambia', '+260', 7, 14, 'ZM', 'Zambian kwacha (inv.)', 'ZMW', 'ZK', 'ZM.png', 1, NULL, NULL);

-- --------------------------------------------------------

--
-- Table structure for table `developers`
--

CREATE TABLE `developers` (
  `id` char(36) CHARACTER SET utf8mb4 COLLATE utf8mb4_unicode_ci NOT NULL,
  `user_id` int UNSIGNED NOT NULL,
  `first_name` varchar(191) CHARACTER SET utf8mb4 COLLATE utf8mb4_unicode_ci NOT NULL,
  `last_name` varchar(191) CHARACTER SET utf8mb4 COLLATE utf8mb4_unicode_ci DEFAULT NULL,
  `address` text CHARACTER SET utf8mb4 COLLATE utf8mb4_unicode_ci,
  `country` int UNSIGNED NOT NULL,
  `state` varchar(50) CHARACTER SET utf8mb4 COLLATE utf8mb4_unicode_ci DEFAULT NULL,
  `city` varchar(50) CHARACTER SET utf8mb4 COLLATE utf8mb4_unicode_ci DEFAULT NULL,
  `pincode` int NOT NULL,
  `email` varchar(150) CHARACTER SET utf8mb4 COLLATE utf8mb4_unicode_ci NOT NULL,
  `mobile` varchar(14) CHARACTER SET utf8mb4 COLLATE utf8mb4_unicode_ci NOT NULL,
  `team` enum('android','ios','designing','server','testing') CHARACTER SET utf8mb4 COLLATE utf8mb4_unicode_ci NOT NULL,
  `created_at` timestamp NULL DEFAULT NULL,
  `updated_at` timestamp NULL DEFAULT NULL
) ENGINE=InnoDB DEFAULT CHARSET=utf8mb4 COLLATE=utf8mb4_unicode_ci;

-- --------------------------------------------------------

--
-- Table structure for table `dispatcher_conversations`
--

CREATE TABLE `dispatcher_conversations` (
  `id` char(36) CHARACTER SET utf8mb4 COLLATE utf8mb4_unicode_ci NOT NULL,
  `user_id` int UNSIGNED DEFAULT NULL,
  `dispatcher_id` char(36) CHARACTER SET utf8mb4 COLLATE utf8mb4_unicode_ci DEFAULT NULL,
  `subject` varchar(191) CHARACTER SET utf8mb4 COLLATE utf8mb4_unicode_ci DEFAULT NULL,
  `is_closed` tinyint(1) NOT NULL DEFAULT '0',
  `created_at` timestamp NULL DEFAULT NULL,
  `updated_at` timestamp NULL DEFAULT NULL
) ENGINE=InnoDB DEFAULT CHARSET=utf8mb4 COLLATE=utf8mb4_unicode_ci;

-- --------------------------------------------------------

--
-- Table structure for table `dispatcher_location`
--

CREATE TABLE `dispatcher_location` (
  `id` bigint UNSIGNED NOT NULL,
  `title` varchar(191) CHARACTER SET utf8mb4 COLLATE utf8mb4_unicode_ci DEFAULT NULL,
  `place_id` varchar(191) CHARACTER SET utf8mb4 COLLATE utf8mb4_unicode_ci DEFAULT NULL,
  `address` varchar(191) CHARACTER SET utf8mb4 COLLATE utf8mb4_unicode_ci DEFAULT NULL,
  `latitude` double(15,8) DEFAULT NULL,
  `longitude` double(15,8) DEFAULT NULL,
  `is_airport` tinyint(1) NOT NULL DEFAULT '0',
  `created_at` timestamp NULL DEFAULT NULL,
  `updated_at` timestamp NULL DEFAULT NULL
) ENGINE=InnoDB DEFAULT CHARSET=utf8mb4 COLLATE=utf8mb4_unicode_ci;

-- --------------------------------------------------------

--
-- Table structure for table `dispatcher_messages`
--

CREATE TABLE `dispatcher_messages` (
  `id` char(36) CHARACTER SET utf8mb4 COLLATE utf8mb4_unicode_ci NOT NULL,
  `conversation_id` char(36) CHARACTER SET utf8mb4 COLLATE utf8mb4_unicode_ci NOT NULL,
  `sender_id` varchar(191) CHARACTER SET utf8mb4 COLLATE utf8mb4_unicode_ci NOT NULL,
  `unseen_count` tinyint(1) NOT NULL DEFAULT '0',
  `sender_type` varchar(191) CHARACTER SET utf8mb4 COLLATE utf8mb4_unicode_ci NOT NULL,
  `content` text CHARACTER SET utf8mb4 COLLATE utf8mb4_unicode_ci NOT NULL,
  `created_at` timestamp NULL DEFAULT NULL,
  `updated_at` timestamp NULL DEFAULT NULL
) ENGINE=InnoDB DEFAULT CHARSET=utf8mb4 COLLATE=utf8mb4_unicode_ci;

-- --------------------------------------------------------

--
-- Table structure for table `distance_matrixes`
--

CREATE TABLE `distance_matrixes` (
  `id` int UNSIGNED NOT NULL,
  `origin_addresses` varchar(191) CHARACTER SET utf8mb4 COLLATE utf8mb4_unicode_ci NOT NULL,
  `origin_lat` double(15,8) NOT NULL DEFAULT '0.00000000',
  `origin_lng` double(15,8) NOT NULL DEFAULT '0.00000000',
  `destination_addresses` varchar(191) CHARACTER SET utf8mb4 COLLATE utf8mb4_unicode_ci NOT NULL,
  `destination_lat` double(15,8) NOT NULL DEFAULT '0.00000000',
  `destination_lng` double(15,8) NOT NULL DEFAULT '0.00000000',
  `distance` varchar(191) CHARACTER SET utf8mb4 COLLATE utf8mb4_unicode_ci NOT NULL,
  `duration` varchar(191) CHARACTER SET utf8mb4 COLLATE utf8mb4_unicode_ci NOT NULL,
  `json_result` text CHARACTER SET utf8mb4 COLLATE utf8mb4_unicode_ci NOT NULL,
  `created_at` timestamp NULL DEFAULT NULL,
  `updated_at` timestamp NULL DEFAULT NULL
) ENGINE=InnoDB DEFAULT CHARSET=utf8mb4 COLLATE=utf8mb4_unicode_ci;

-- --------------------------------------------------------

--
-- Table structure for table `drivers`
--

CREATE TABLE `drivers` (
  `id` int UNSIGNED NOT NULL,
  `uuid` char(36) CHARACTER SET utf8mb4 COLLATE utf8mb4_unicode_ci DEFAULT NULL,
  `user_id` int UNSIGNED NOT NULL,
  `owner_id` char(36) CHARACTER SET utf8mb4 COLLATE utf8mb4_unicode_ci DEFAULT NULL,
  `service_location_id` char(36) CHARACTER SET utf8mb4 COLLATE utf8mb4_unicode_ci DEFAULT NULL,
  `name` varchar(191) CHARACTER SET utf8mb4 COLLATE utf8mb4_unicode_ci NOT NULL,
  `mobile` varchar(191) CHARACTER SET utf8mb4 COLLATE utf8mb4_unicode_ci NOT NULL,
  `email` varchar(150) CHARACTER SET utf8mb4 COLLATE utf8mb4_unicode_ci NOT NULL,
  `address` varchar(500) CHARACTER SET utf8mb4 COLLATE utf8mb4_unicode_ci DEFAULT NULL,
  `state` varchar(50) CHARACTER SET utf8mb4 COLLATE utf8mb4_unicode_ci DEFAULT NULL,
  `city` varchar(50) CHARACTER SET utf8mb4 COLLATE utf8mb4_unicode_ci DEFAULT NULL,
  `country` int UNSIGNED DEFAULT NULL,
  `postal_code` varchar(191) CHARACTER SET utf8mb4 COLLATE utf8mb4_unicode_ci DEFAULT NULL,
  `gender` varchar(191) CHARACTER SET utf8mb4 COLLATE utf8mb4_unicode_ci DEFAULT NULL,
  `vehicle_type` char(36) CHARACTER SET utf8mb4 COLLATE utf8mb4_unicode_ci DEFAULT NULL,
  `is_subscribed` tinyint(1) NOT NULL DEFAULT '0',
  `subscription_detail_id` char(36) CHARACTER SET utf8mb4 COLLATE utf8mb4_unicode_ci DEFAULT NULL,
  `route_coordinates` linestring DEFAULT NULL,
  `my_route_address` varchar(191) CHARACTER SET utf8mb4 COLLATE utf8mb4_unicode_ci DEFAULT NULL,
  `my_route_lat` double(15,8) DEFAULT NULL,
  `my_route_lng` double(15,8) DEFAULT NULL,
  `enable_my_route_booking` tinyint(1) NOT NULL DEFAULT '0',
  `vehicle_year` int DEFAULT NULL,
  `fleet_id` char(36) CHARACTER SET utf8mb4 COLLATE utf8mb4_unicode_ci DEFAULT NULL,
  `transport_type` enum('taxi','delivery','both') CHARACTER SET utf8mb4 COLLATE utf8mb4_unicode_ci DEFAULT NULL,
  `car_make` int UNSIGNED DEFAULT NULL,
  `custom_make` varchar(191) CHARACTER SET utf8mb4 COLLATE utf8mb4_unicode_ci DEFAULT NULL,
  `car_model` int UNSIGNED DEFAULT NULL,
  `custom_model` varchar(191) CHARACTER SET utf8mb4 COLLATE utf8mb4_unicode_ci DEFAULT NULL,
  `car_color` varchar(191) CHARACTER SET utf8mb4 COLLATE utf8mb4_unicode_ci DEFAULT NULL,
  `car_number` varchar(191) CHARACTER SET utf8mb4 COLLATE utf8mb4_unicode_ci DEFAULT NULL,
  `today_trip_count` int NOT NULL DEFAULT '0',
  `total_accept` int NOT NULL DEFAULT '0',
  `total_reject` int NOT NULL DEFAULT '0',
  `acceptance_ratio` int NOT NULL DEFAULT '0',
  `last_trip_date` timestamp NULL DEFAULT NULL,
  `active` tinyint(1) NOT NULL DEFAULT '0',
  `price_per_distance` double(10,2) NOT NULL DEFAULT '0.00',
  `approve` tinyint(1) NOT NULL DEFAULT '0',
  `available` tinyint(1) NOT NULL DEFAULT '0',
  `reason` varchar(191) CHARACTER SET utf8mb4 COLLATE utf8mb4_unicode_ci DEFAULT NULL,
  `occupied_seats` int NOT NULL DEFAULT '0',
  `created_at` timestamp NULL DEFAULT NULL,
  `updated_at` timestamp NULL DEFAULT NULL,
  `deleted_at` timestamp NULL DEFAULT NULL,
  `driver_level_up_id` char(36) CHARACTER SET utf8mb4 COLLATE utf8mb4_unicode_ci DEFAULT NULL
) ENGINE=InnoDB DEFAULT CHARSET=utf8mb4 COLLATE=utf8mb4_unicode_ci;

--
-- Dumping data for table `drivers`
--

INSERT INTO `drivers` (`id`, `uuid`, `user_id`, `owner_id`, `service_location_id`, `name`, `mobile`, `email`, `address`, `state`, `city`, `country`, `postal_code`, `gender`, `vehicle_type`, `is_subscribed`, `subscription_detail_id`, `route_coordinates`, `my_route_address`, `my_route_lat`, `my_route_lng`, `enable_my_route_booking`, `vehicle_year`, `fleet_id`, `transport_type`, `car_make`, `custom_make`, `car_model`, `custom_model`, `car_color`, `car_number`, `today_trip_count`, `total_accept`, `total_reject`, `acceptance_ratio`, `last_trip_date`, `active`, `price_per_distance`, `approve`, `available`, `reason`, `occupied_seats`, `created_at`, `updated_at`, `deleted_at`, `driver_level_up_id`) VALUES
(1, NULL, 4, NULL, '4c0beb64-d574-4fc3-9458-be37c87af335', 'test Dont Delete', '1234567890', 'test1234@gmail.com', NULL, NULL, NULL, 232, NULL, 'male', 'b75479ae-49dc-4255-a58b-803ffbfde473', 0, NULL, NULL, NULL, NULL, NULL, 0, NULL, NULL, 'both', NULL, 'Toyota', NULL, 'Camry', 'black', 'xyz1234', 0, 0, 0, 0, NULL, 0, 0.00, 1, 1, NULL, 0, '2026-01-26 11:21:45', '2026-02-10 10:35:37', '2026-02-10 10:35:37', NULL),
(2, NULL, 5, NULL, '4c0beb64-d574-4fc3-9458-be37c87af335', 'shahzaib rajput', '12345678998', 'shahzaibfaisalrajput90@gmail.com', NULL, NULL, NULL, 167, NULL, 'male', 'b75479ae-49dc-4255-a58b-803ffbfde473', 0, NULL, NULL, NULL, NULL, NULL, 0, NULL, NULL, 'both', NULL, 'Toyota', NULL, 'Camry', 'red', 'hfd31188', 0, 0, 0, 0, NULL, 1, 0.00, 1, 0, NULL, 0, '2026-01-26 11:24:02', '2026-01-27 05:14:22', '2026-01-27 05:14:22', NULL),
(3, NULL, 6, NULL, '4c0beb64-d574-4fc3-9458-be37c87af335', 'shahzaib rajput', '12345678999', 'shahzaibfaisalrajput1122@gmail.com', NULL, NULL, NULL, 167, NULL, 'male', 'b75479ae-49dc-4255-a58b-803ffbfde473', 0, NULL, NULL, NULL, NULL, NULL, 0, NULL, NULL, 'both', NULL, 'Toyota', NULL, 'Camry', 'red', 'xyz1234', 0, 0, 0, 0, NULL, 1, 0.00, 1, 0, NULL, 0, '2026-01-26 11:27:03', '2026-01-27 05:12:23', '2026-01-27 05:12:23', NULL),
(4, 'wcJD0N7Iv7', 8, NULL, '4c0beb64-d574-4fc3-9458-be37c87af335', 'Arshid Mahroof', '7788643713', 'arshidmahroof@yahoo.co.uk', NULL, NULL, NULL, 232, NULL, 'male', NULL, 0, NULL, NULL, NULL, NULL, NULL, 0, 2011, NULL, 'both', NULL, 'Mercedes', NULL, 'Vito', 'Black', 'B112MTX', 0, 0, 0, 0, NULL, 0, 0.00, 1, 1, NULL, 0, '2026-01-26 18:09:17', '2026-02-10 10:35:32', '2026-02-10 10:35:32', NULL),
(5, NULL, 9, NULL, '4c0beb64-d574-4fc3-9458-be37c87af335', 'shahzaib rajput', '987654321', 'shahzaibfaisalrajput90@gmail.com', NULL, NULL, NULL, 232, NULL, 'male', NULL, 0, NULL, NULL, NULL, NULL, NULL, 0, NULL, NULL, 'both', NULL, 'Toyota', NULL, 'Camry', 'red', 'xyz1234', 0, 0, 0, 0, NULL, 0, 0.00, 1, 1, NULL, 0, '2026-01-27 05:15:55', '2026-02-10 10:35:20', '2026-02-10 10:35:20', NULL),
(6, '71AUGS7XsJ', 10, NULL, '4c0beb64-d574-4fc3-9458-be37c87af335', 'Arshid Mahroof', '7944563563', 'arshidmahroof@gmail.com', NULL, NULL, NULL, 232, NULL, 'male', NULL, 0, NULL, NULL, NULL, NULL, NULL, 0, 2011, NULL, 'taxi', NULL, 'Mercedes', NULL, 'Vito', 'Black', 'B112MTX', 0, 0, 0, 0, NULL, 1, 0.00, 1, 1, NULL, 0, '2026-01-27 10:58:12', '2026-01-27 11:15:12', '2026-01-27 11:06:55', NULL),
(7, 'MGXjGAindx', 15, NULL, '4c0beb64-d574-4fc3-9458-be37c87af335', 'Arslan Arif', '07534324972', 'arslan.arif@yahoo.com', NULL, NULL, NULL, 232, NULL, 'male', NULL, 0, NULL, NULL, NULL, NULL, NULL, 0, 2018, NULL, 'taxi', NULL, 'Audi', NULL, 'A4', 'Black', 'LG18UZM', 0, 0, 0, 0, NULL, 0, 0.00, 0, 0, NULL, 0, '2026-01-29 15:41:19', '2026-02-10 10:36:08', '2026-02-10 10:36:08', NULL),
(8, '7SV2g4gdQo', 28, NULL, '4c0beb64-d574-4fc3-9458-be37c87af335', 'Ahmed Mahroof', '07447796791', '', NULL, NULL, NULL, 232, NULL, 'male', NULL, 0, NULL, NULL, NULL, NULL, NULL, 0, 2020, NULL, 'both', NULL, 'Mercedes', NULL, 'e220', 'blue', 'A125HED', 0, 0, 0, 0, NULL, 0, 0.00, 0, 0, NULL, 0, '2026-02-03 14:24:19', '2026-02-10 10:36:02', '2026-02-10 10:36:02', NULL),
(9, '9rNeJ8yI96', 34, NULL, '4c0beb64-d574-4fc3-9458-be37c87af335', 'Rahul Prasad', '8369737894', 'ruuzra@gmail.com', NULL, NULL, NULL, 102, NULL, 'male', NULL, 0, NULL, NULL, NULL, NULL, NULL, 0, 2015, NULL, 'both', NULL, 'Nissan', NULL, 'Micra', 'black', 'asaasdfg', 0, 0, 0, 0, NULL, 0, 0.00, 1, 1, NULL, 0, '2026-02-10 10:33:18', '2026-02-10 11:28:38', NULL, NULL),
(10, '1KOmNPdk1E', 35, NULL, '4c0beb64-d574-4fc3-9458-be37c87af335', 'Niko', '683398452', 'nikoblloshmi88@gmail.com', NULL, NULL, NULL, 2, NULL, 'male', NULL, 0, NULL, NULL, NULL, NULL, NULL, 0, 2020, NULL, 'taxi', NULL, 'Hyundai', NULL, 'DN8', 'black', 'ah343r', 0, 0, 0, 0, NULL, 1, 0.00, 1, 1, NULL, 0, '2026-02-10 11:10:06', '2026-02-10 14:13:26', NULL, NULL);

-- --------------------------------------------------------

--
-- Table structure for table `drivers_imported`
--

CREATE TABLE `drivers_imported` (
  `id` bigint UNSIGNED NOT NULL,
  `user_id` int UNSIGNED NOT NULL,
  `valid_file` tinyint(1) NOT NULL DEFAULT '0',
  `invalid_file` tinyint(1) NOT NULL DEFAULT '0',
  `invalid_file_path` varchar(191) CHARACTER SET utf8mb4 COLLATE utf8mb4_unicode_ci DEFAULT NULL,
  `status` varchar(191) CHARACTER SET utf8mb4 COLLATE utf8mb4_unicode_ci DEFAULT NULL,
  `created_at` timestamp NULL DEFAULT NULL,
  `updated_at` timestamp NULL DEFAULT NULL
) ENGINE=InnoDB DEFAULT CHARSET=utf8mb4 COLLATE=utf8mb4_unicode_ci;

-- --------------------------------------------------------

--
-- Table structure for table `driver_availabilities`
--

CREATE TABLE `driver_availabilities` (
  `id` int UNSIGNED NOT NULL,
  `driver_id` int UNSIGNED NOT NULL,
  `is_online` tinyint(1) NOT NULL,
  `online_at` timestamp NULL DEFAULT NULL,
  `offline_at` timestamp NULL DEFAULT NULL,
  `duration` double(8,2) NOT NULL DEFAULT '0.00',
  `created_at` timestamp NULL DEFAULT NULL,
  `updated_at` timestamp NULL DEFAULT NULL
) ENGINE=InnoDB DEFAULT CHARSET=utf8mb4 COLLATE=utf8mb4_unicode_ci;

--
-- Dumping data for table `driver_availabilities`
--

INSERT INTO `driver_availabilities` (`id`, `driver_id`, `is_online`, `online_at`, `offline_at`, `duration`, `created_at`, `updated_at`) VALUES
(1, 4, 1, '2026-01-26 18:18:25', NULL, 0.00, '2026-01-26 18:18:25', '2026-01-26 18:18:25'),
(2, 4, 1, '2026-01-27 04:29:10', NULL, 0.00, '2026-01-27 04:29:11', '2026-01-27 04:29:11'),
(3, 4, 1, '2026-01-27 04:36:17', NULL, 0.00, '2026-01-27 04:36:17', '2026-01-27 04:36:17'),
(4, 4, 1, '2026-01-27 04:49:52', NULL, 0.00, '2026-01-27 04:49:52', '2026-01-27 04:49:52'),
(5, 1, 0, '2026-01-27 05:14:48', '2026-02-09 17:46:09', 19471.00, '2026-01-27 05:14:48', '2026-02-09 18:00:06'),
(6, 1, 1, '2026-01-27 05:14:48', NULL, 0.00, '2026-01-27 05:14:48', '2026-01-27 05:14:48'),
(7, 1, 1, '2026-01-27 05:14:48', NULL, 0.00, '2026-01-27 05:14:48', '2026-01-27 05:14:48'),
(8, 5, 1, '2026-01-27 05:18:21', NULL, 0.00, '2026-01-27 05:18:21', '2026-01-27 05:18:21'),
(9, 4, 1, '2026-01-27 07:14:36', NULL, 0.00, '2026-01-27 07:14:36', '2026-01-27 07:14:36'),
(10, 4, 1, '2026-01-27 09:59:10', NULL, 0.00, '2026-01-27 09:59:10', '2026-01-27 09:59:10'),
(11, 6, 1, '2026-01-27 11:02:05', NULL, 0.00, '2026-01-27 11:02:05', '2026-01-27 11:02:05'),
(12, 4, 0, '2026-01-27 12:44:27', '2026-02-06 15:50:59', 14616.00, '2026-01-27 12:44:27', '2026-02-06 16:05:05'),
(13, 5, 1, '2026-01-27 12:53:14', NULL, 0.00, '2026-01-27 12:53:14', '2026-01-27 12:53:14'),
(14, 4, 0, '2026-01-30 12:33:53', '2026-01-30 12:03:53', 29.00, '2026-01-30 13:03:53', '2026-01-30 13:03:53'),
(15, 4, 0, '2026-01-30 15:53:22', '2026-02-06 14:18:13', 10014.00, '2026-01-30 15:53:22', '2026-02-06 14:30:06'),
(16, 4, 0, '2026-01-31 09:47:31', '2026-01-31 09:17:31', 29.00, '2026-01-31 10:17:31', '2026-01-31 10:17:31'),
(17, 4, 0, '2026-01-31 10:20:39', '2026-02-05 15:33:42', 7543.00, '2026-01-31 10:20:39', '2026-02-05 15:45:04'),
(18, 4, 0, '2026-02-02 10:17:05', '2026-02-02 09:47:05', 29.00, '2026-02-02 10:47:05', '2026-02-02 10:47:05'),
(19, 4, 0, '2026-02-02 10:51:26', '2026-02-05 13:14:57', 4463.00, '2026-02-02 10:51:26', '2026-02-05 14:05:09'),
(20, 4, 0, '2026-02-02 17:11:24', '2025-11-21 07:38:07', 105693.00, '2026-02-02 17:11:24', '2026-02-05 14:05:08'),
(21, 4, 0, '2026-02-05 18:56:52', '2026-02-05 19:27:54', 31.00, '2026-02-05 18:56:52', '2026-02-05 19:40:06'),
(22, 4, 0, '2026-02-06 07:52:58', '2026-02-06 08:49:13', 56.00, '2026-02-06 07:52:58', '2026-02-06 09:00:07'),
(23, 9, 1, '2026-02-10 10:36:10', NULL, 0.00, '2026-02-10 10:36:10', '2026-02-10 10:36:10'),
(24, 10, 1, '2026-02-10 11:16:42', NULL, 0.00, '2026-02-10 11:16:42', '2026-02-10 11:16:42'),
(25, 9, 1, '2026-02-10 11:26:32', NULL, 0.00, '2026-02-10 11:26:32', '2026-02-10 11:26:32'),
(26, 10, 1, '2026-02-10 11:37:55', NULL, 0.00, '2026-02-10 11:37:55', '2026-02-10 11:37:55'),
(27, 10, 1, '2026-02-10 14:12:25', NULL, 0.00, '2026-02-10 14:12:25', '2026-02-10 14:12:25'),
(28, 10, 1, '2026-02-10 14:12:49', NULL, 0.00, '2026-02-10 14:12:49', '2026-02-10 14:12:49'),
(29, 10, 1, '2026-02-10 14:13:26', NULL, 0.00, '2026-02-10 14:13:26', '2026-02-10 14:13:26');

-- --------------------------------------------------------

--
-- Table structure for table `driver_bank_infos`
--

CREATE TABLE `driver_bank_infos` (
  `id` char(36) CHARACTER SET utf8mb4 COLLATE utf8mb4_unicode_ci NOT NULL,
  `driver_id` int UNSIGNED NOT NULL,
  `method_id` int UNSIGNED NOT NULL,
  `field_id` int UNSIGNED NOT NULL,
  `value` varchar(191) CHARACTER SET utf8mb4 COLLATE utf8mb4_unicode_ci DEFAULT NULL,
  `created_at` timestamp NULL DEFAULT NULL,
  `updated_at` timestamp NULL DEFAULT NULL
) ENGINE=InnoDB DEFAULT CHARSET=utf8mb4 COLLATE=utf8mb4_unicode_ci;

-- --------------------------------------------------------

--
-- Table structure for table `driver_details`
--

CREATE TABLE `driver_details` (
  `id` char(36) CHARACTER SET utf8mb4 COLLATE utf8mb4_unicode_ci NOT NULL,
  `driver_id` int UNSIGNED NOT NULL,
  `latitude` double(15,8) DEFAULT NULL,
  `longitude` double(15,8) DEFAULT NULL,
  `bearing` double(15,2) DEFAULT NULL,
  `is_socket_connected` tinyint(1) NOT NULL DEFAULT '0',
  `current_zone` char(36) CHARACTER SET utf8mb4 COLLATE utf8mb4_unicode_ci DEFAULT NULL,
  `rating` double(10,2) NOT NULL DEFAULT '0.00',
  `rated_by` int NOT NULL DEFAULT '0',
  `is_company_driver` tinyint(1) NOT NULL DEFAULT '0',
  `company` char(36) CHARACTER SET utf8mb4 COLLATE utf8mb4_unicode_ci DEFAULT NULL,
  `created_at` timestamp NULL DEFAULT NULL,
  `updated_at` timestamp NULL DEFAULT NULL,
  `deleted_at` timestamp NULL DEFAULT NULL
) ENGINE=InnoDB DEFAULT CHARSET=utf8mb4 COLLATE=utf8mb4_unicode_ci;

-- --------------------------------------------------------

--
-- Table structure for table `driver_documents`
--

CREATE TABLE `driver_documents` (
  `id` char(36) CHARACTER SET utf8mb4 COLLATE utf8mb4_unicode_ci NOT NULL,
  `driver_id` int UNSIGNED NOT NULL,
  `document_id` int UNSIGNED NOT NULL,
  `image` varchar(191) CHARACTER SET utf8mb4 COLLATE utf8mb4_unicode_ci NOT NULL,
  `back_image` varchar(191) CHARACTER SET utf8mb4 COLLATE utf8mb4_unicode_ci DEFAULT NULL,
  `identify_number` varchar(191) CHARACTER SET utf8mb4 COLLATE utf8mb4_unicode_ci DEFAULT NULL,
  `expiry_date` date DEFAULT NULL,
  `comment` text CHARACTER SET utf8mb4 COLLATE utf8mb4_unicode_ci,
  `document_status` int NOT NULL DEFAULT '2',
  `created_at` timestamp NULL DEFAULT NULL,
  `updated_at` timestamp NULL DEFAULT NULL,
  `deleted_at` timestamp NULL DEFAULT NULL
) ENGINE=InnoDB DEFAULT CHARSET=utf8mb4 COLLATE=utf8mb4_unicode_ci;

--
-- Dumping data for table `driver_documents`
--

INSERT INTO `driver_documents` (`id`, `driver_id`, `document_id`, `image`, `back_image`, `identify_number`, `expiry_date`, `comment`, `document_status`, `created_at`, `updated_at`, `deleted_at`) VALUES
('00f519f8-bd16-4acc-b903-232529680de4', 5, 1, 'BD5UYgX20oOWJI56CILsYdVn5ELY2UODnxOH383w.png', 'W9wu4tNqaNT7DuPnFCUJa1LKbEO7J2r8XwICsgus.png', '09asuc0asc0as', '2026-04-25', NULL, 1, '2026-01-27 05:16:28', '2026-01-27 05:16:31', NULL),
('0415d0b0-d54d-46ae-92ba-d007b54f2091', 1, 1, 'a4rLp3Pn6hVirwnMlAUpYe9C9qEifkypTN2WoyVU.png', 'QoZjBUGK5slNy5aRmg136TdsIeLdlQNpQXa7AJk2.png', 'xyz1234', '2030-01-01', NULL, 1, '2026-01-27 05:13:40', '2026-01-27 05:13:44', NULL),
('191dd1ea-c73e-45f3-8340-153228528094', 4, 3, 'jL9uluWovmdrxidV3b820Ozy09EOVJbXZNL7UrEF.jpg', NULL, 'Dghhhj744457899', '2026-02-10', NULL, 1, '2026-02-03 07:47:06', '2026-02-03 07:47:16', NULL),
('1c9366f6-bfb2-4458-8262-ea0ad8eb7add', 10, 1, 'KQeL01XgbJ4gVoREKeNf8prTbu2iJVOS3HmeW3m2.jpg', 'K9XtyrZVtjsOicG5UgZE378GQz8Bdjq7LjEQ0fQ8.jpg', 'ghjcg', '2026-02-28', NULL, 1, '2026-02-10 11:11:40', '2026-02-10 11:14:02', NULL),
('3c16dd88-5d10-4ec0-ab51-764e399ac9f9', 8, 2, 'FsUOID15hFgOQX0v1GfdqVrg4XbjvV2cTqkRd8Rf.jpg', NULL, 'fgggff2344', '2026-02-24', NULL, 3, '2026-02-03 14:26:55', '2026-02-03 14:26:55', NULL),
('4214f17e-2ada-41eb-b096-38789311c85a', 8, 3, '43YAO6GFdDZMY6Lr6RO81A3I82aH3zg4i5XtGVMg.jpg', NULL, 'errr3344', '2026-02-17', NULL, 3, '2026-02-03 14:27:25', '2026-02-03 14:27:25', NULL),
('7d8b1721-422c-4c10-aa65-2829147510a7', 8, 4, 'pG13N3KwuH55Xh4skV5418uKxumhFbfSZT2JquTu.jpg', NULL, 'ryyyh134543', '2026-02-26', NULL, 3, '2026-02-03 14:27:52', '2026-02-03 14:27:52', NULL),
('885256a5-3adf-40e9-872a-7763e60fbb52', 4, 1, 'PPvyrv09aNGozzqhKreyOyAJpbWrDM9dB6OpM0VI.jpg', 'uoxQLFkD4texYpe8g69kk9ZU8mD3Hajk57P7IBOk.jpg', 'Mahro123456', '2026-01-31', NULL, 1, '2026-01-26 18:17:53', '2026-01-26 18:17:58', NULL),
('a9f19df0-6621-4fba-8411-423624f2e746', 9, 1, 'yrFtRahtque3a3J17lZpkK8lCf9MfCbuVwiOdZy9.jpg', 'L1wV8NJyDy1kINzlZ3r8UiCt5rIMoec92YgBVQUD.jpg', 'fyctc', '2026-04-30', NULL, 1, '2026-02-10 10:34:25', '2026-02-10 10:35:08', NULL),
('b0e5ae71-0c2b-4684-9cd6-60306f8e26b4', 8, 5, '3XedgLIWn9iXiPOAtMwTKUvveSAx2vaD0UC4HfMD.jpg', 'IpYLupwRtVRUrjySb3Yu84NMPtd9t2Rpu13cAgLr.jpg', 'fight', '2026-02-14', NULL, 3, '2026-02-03 14:29:07', '2026-02-03 14:29:07', NULL),
('b8e759ed-fffb-4821-8ad3-9bfa535073f7', 8, 1, 'iTovRd2166BGRKU1BMqblksNdrfwAXsYPOAvJ2MN.jpg', '8NkN9kqSxr30FyZxUT6stYiKL6s43WJNkKnRjOX2.jpg', 'qerr3455', '2026-02-28', NULL, 3, '2026-02-03 14:26:24', '2026-02-03 14:26:24', NULL),
('de178ccb-87e8-4c68-a4f4-8869ecbec374', 4, 2, 'VZGYsKHoYxkxT3J3R82cKdbJ6xECUQvmPR48lYZl.jpg', NULL, '22455yghjkkk', '2026-02-17', NULL, 1, '2026-02-03 07:45:24', '2026-02-03 07:46:25', NULL),
('e120ad8a-728f-4f65-ba95-f06fd00ce00b', 4, 4, 'sYgfLVqbKh0VLdUzpMgTnbxbKydmrcq17ml0w4Vk.jpg', NULL, 'Dghhhj744jgfg457899', '2026-02-22', NULL, 1, '2026-02-03 08:22:56', '2026-02-03 08:23:00', NULL),
('f076a5c8-c77a-43c1-a842-5871ca05adbc', 6, 1, 'ZVaJfYPGGfSSM0LghxcGz3M72a41X8eMF7xMsfEd.jpg', '8vwkVc5B2ktoDEWwnDuN9CO75MUUABGnnwk5RFwc.jpg', 'mahro12345', '2026-02-10', NULL, 1, '2026-01-27 11:00:24', '2026-01-27 11:01:48', NULL),
('f6681a1d-2a3c-4af2-a4e1-d6dd868d1033', 4, 5, 'Mq9OFGT21Xq8uQAeGcrwwOw71LhqjvEkr4d0HjhT.jpg', 'Z0aaq9thjC9df9R80awDPT2GvP7Ywa1Dth9L2GAQ.jpg', '357765jhggh', '2026-02-20', NULL, 1, '2026-02-03 08:23:54', '2026-02-03 08:24:34', NULL);

-- --------------------------------------------------------

--
-- Table structure for table `driver_enabled_routes`
--

CREATE TABLE `driver_enabled_routes` (
  `id` int UNSIGNED NOT NULL,
  `driver_id` int UNSIGNED NOT NULL,
  `current_lat` double DEFAULT NULL,
  `current_lng` double DEFAULT NULL,
  `current_address` varchar(191) CHARACTER SET utf8mb4 COLLATE utf8mb4_unicode_ci DEFAULT NULL,
  `created_at` timestamp NULL DEFAULT NULL,
  `updated_at` timestamp NULL DEFAULT NULL
) ENGINE=InnoDB DEFAULT CHARSET=utf8mb4 COLLATE=utf8mb4_unicode_ci;

-- --------------------------------------------------------

--
-- Table structure for table `driver_incentive_histories`
--

CREATE TABLE `driver_incentive_histories` (
  `id` char(36) CHARACTER SET utf8mb4 COLLATE utf8mb4_unicode_ci NOT NULL,
  `driver_id` int UNSIGNED NOT NULL,
  `ride_count` int DEFAULT NULL,
  `amount` double(10,2) NOT NULL DEFAULT '0.00',
  `mode` enum('daily','weekly') CHARACTER SET utf8mb4 COLLATE utf8mb4_unicode_ci NOT NULL DEFAULT 'daily',
  `date` timestamp NOT NULL,
  `created_at` timestamp NULL DEFAULT NULL,
  `updated_at` timestamp NULL DEFAULT NULL
) ENGINE=InnoDB DEFAULT CHARSET=utf8mb4 COLLATE=utf8mb4_unicode_ci;

-- --------------------------------------------------------

--
-- Table structure for table `driver_level_details`
--

CREATE TABLE `driver_level_details` (
  `id` char(36) CHARACTER SET utf8mb4 COLLATE utf8mb4_unicode_ci NOT NULL,
  `driver_id` int UNSIGNED NOT NULL,
  `level_id` char(36) CHARACTER SET utf8mb4 COLLATE utf8mb4_unicode_ci NOT NULL,
  `level` int UNSIGNED NOT NULL,
  `amount_rewarded` tinyint(1) NOT NULL DEFAULT '0',
  `ride_rewarded` tinyint(1) NOT NULL DEFAULT '0',
  `created_at` timestamp NULL DEFAULT NULL,
  `updated_at` timestamp NULL DEFAULT NULL
) ENGINE=InnoDB DEFAULT CHARSET=utf8mb4 COLLATE=utf8mb4_unicode_ci;

-- --------------------------------------------------------

--
-- Table structure for table `driver_level_ups`
--

CREATE TABLE `driver_level_ups` (
  `id` char(36) CHARACTER SET utf8mb4 COLLATE utf8mb4_unicode_ci NOT NULL,
  `zone_type_id` char(36) CHARACTER SET utf8mb4 COLLATE utf8mb4_unicode_ci DEFAULT NULL,
  `level` int NOT NULL,
  `name` varchar(191) CHARACTER SET utf8mb4 COLLATE utf8mb4_unicode_ci NOT NULL,
  `reward_type` varchar(191) CHARACTER SET utf8mb4 COLLATE utf8mb4_unicode_ci DEFAULT NULL,
  `reward` double(10,2) NOT NULL DEFAULT '0.00',
  `is_min_ride_complete` tinyint(1) NOT NULL DEFAULT '0',
  `min_ride_count` int DEFAULT NULL,
  `ride_points` double(10,2) NOT NULL DEFAULT '0.00',
  `is_min_ride_amount_complete` tinyint(1) NOT NULL DEFAULT '0',
  `min_ride_amount` int DEFAULT NULL,
  `amount_points` double(10,2) NOT NULL DEFAULT '0.00',
  `image` varchar(191) CHARACTER SET utf8mb4 COLLATE utf8mb4_unicode_ci DEFAULT NULL,
  `created_at` timestamp NULL DEFAULT NULL,
  `updated_at` timestamp NULL DEFAULT NULL
) ENGINE=InnoDB DEFAULT CHARSET=utf8mb4 COLLATE=utf8mb4_unicode_ci;

-- --------------------------------------------------------

--
-- Table structure for table `driver_needed_documents`
--

CREATE TABLE `driver_needed_documents` (
  `id` int UNSIGNED NOT NULL,
  `name` varchar(191) CHARACTER SET utf8mb4 COLLATE utf8mb4_unicode_ci NOT NULL,
  `document_name_front` varchar(191) CHARACTER SET utf8mb4 COLLATE utf8mb4_unicode_ci DEFAULT NULL,
  `document_name_back` varchar(191) CHARACTER SET utf8mb4 COLLATE utf8mb4_unicode_ci DEFAULT NULL,
  `doc_type` varchar(191) CHARACTER SET utf8mb4 COLLATE utf8mb4_unicode_ci NOT NULL DEFAULT 'image',
  `has_identify_number` tinyint(1) NOT NULL DEFAULT '0',
  `identify_number_locale_key` varchar(191) CHARACTER SET utf8mb4 COLLATE utf8mb4_unicode_ci DEFAULT NULL,
  `account_type` enum('individual','fleet_driver','both') CHARACTER SET utf8mb4 COLLATE utf8mb4_unicode_ci DEFAULT NULL,
  `image_type` varchar(191) CHARACTER SET utf8mb4 COLLATE utf8mb4_unicode_ci DEFAULT NULL,
  `is_editable` tinyint(1) NOT NULL DEFAULT '1',
  `has_expiry_date` tinyint(1) NOT NULL DEFAULT '0',
  `is_required` tinyint(1) NOT NULL DEFAULT '1',
  `active` tinyint(1) NOT NULL DEFAULT '0',
  `created_at` timestamp NULL DEFAULT NULL,
  `updated_at` timestamp NULL DEFAULT NULL
) ENGINE=InnoDB DEFAULT CHARSET=utf8mb4 COLLATE=utf8mb4_unicode_ci;

--
-- Dumping data for table `driver_needed_documents`
--

INSERT INTO `driver_needed_documents` (`id`, `name`, `document_name_front`, `document_name_back`, `doc_type`, `has_identify_number`, `identify_number_locale_key`, `account_type`, `image_type`, `is_editable`, `has_expiry_date`, `is_required`, `active`, `created_at`, `updated_at`) VALUES
(1, 'Driving Licence', 'Front', 'Back', 'image', 1, 'Licence Number', 'both', 'front_and_back', 0, 1, 1, 1, '2026-01-26 18:16:20', '2026-01-26 18:16:20'),
(2, 'Insurance', NULL, NULL, 'image', 1, NULL, 'both', 'front', 0, 1, 1, 0, '2026-02-03 07:40:29', '2026-02-10 10:19:52'),
(3, 'MOT', NULL, NULL, 'image', 1, NULL, 'both', 'front', 0, 1, 1, 0, '2026-02-03 07:40:52', '2026-02-10 10:19:57'),
(4, 'Plate Licence', NULL, NULL, 'image', 1, NULL, 'both', 'front', 0, 1, 1, 0, '2026-02-03 07:41:22', '2026-02-10 10:19:59'),
(5, 'Badge', 'Card', 'Paper Licence', 'image', 1, NULL, 'both', 'front_and_back', 0, 1, 1, 0, '2026-02-03 07:42:09', '2026-02-10 10:20:02');

-- --------------------------------------------------------

--
-- Table structure for table `driver_preferences`
--

CREATE TABLE `driver_preferences` (
  `id` int UNSIGNED NOT NULL,
  `driver_id` int UNSIGNED NOT NULL,
  `preference_id` int UNSIGNED NOT NULL,
  `created_at` timestamp NULL DEFAULT NULL,
  `updated_at` timestamp NULL DEFAULT NULL
) ENGINE=InnoDB DEFAULT CHARSET=utf8mb4 COLLATE=utf8mb4_unicode_ci;

-- --------------------------------------------------------

--
-- Table structure for table `driver_privileged_vehicles`
--

CREATE TABLE `driver_privileged_vehicles` (
  `id` bigint UNSIGNED NOT NULL,
  `owner_id` char(36) CHARACTER SET utf8mb4 COLLATE utf8mb4_unicode_ci NOT NULL,
  `driver_id` int UNSIGNED NOT NULL,
  `fleet_id` char(36) CHARACTER SET utf8mb4 COLLATE utf8mb4_unicode_ci NOT NULL,
  `created_at` timestamp NULL DEFAULT NULL,
  `updated_at` timestamp NULL DEFAULT NULL
) ENGINE=InnoDB DEFAULT CHARSET=utf8mb4 COLLATE=utf8mb4_unicode_ci;

-- --------------------------------------------------------

--
-- Table structure for table `driver_rejected_requests`
--

CREATE TABLE `driver_rejected_requests` (
  `id` int UNSIGNED NOT NULL,
  `request_id` char(36) CHARACTER SET utf8mb4 COLLATE utf8mb4_unicode_ci NOT NULL,
  `driver_id` int UNSIGNED NOT NULL,
  `is_after_accept` tinyint(1) NOT NULL DEFAULT '0',
  `reason` char(36) CHARACTER SET utf8mb4 COLLATE utf8mb4_unicode_ci DEFAULT NULL,
  `custom_reason` varchar(191) CHARACTER SET utf8mb4 COLLATE utf8mb4_unicode_ci DEFAULT NULL,
  `created_at` timestamp NULL DEFAULT NULL,
  `updated_at` timestamp NULL DEFAULT NULL
) ENGINE=InnoDB DEFAULT CHARSET=utf8mb4 COLLATE=utf8mb4_unicode_ci;

--
-- Dumping data for table `driver_rejected_requests`
--

INSERT INTO `driver_rejected_requests` (`id`, `request_id`, `driver_id`, `is_after_accept`, `reason`, `custom_reason`, `created_at`, `updated_at`) VALUES
(7, '7bc25deb-6ffa-4860-9b4e-6225ba86469e', 10, 1, NULL, NULL, '2026-02-10 12:22:52', '2026-02-10 12:22:52');

-- --------------------------------------------------------

--
-- Table structure for table `driver_subscriptions`
--

CREATE TABLE `driver_subscriptions` (
  `id` char(36) CHARACTER SET utf8mb4 COLLATE utf8mb4_unicode_ci NOT NULL,
  `driver_id` int UNSIGNED NOT NULL,
  `transaction_id` varchar(191) CHARACTER SET utf8mb4 COLLATE utf8mb4_unicode_ci NOT NULL,
  `subscription_type` enum('monthly','yearly') CHARACTER SET utf8mb4 COLLATE utf8mb4_unicode_ci NOT NULL,
  `active` tinyint(1) NOT NULL DEFAULT '1',
  `paid_amount` double NOT NULL,
  `expired_at` timestamp NOT NULL,
  `created_at` timestamp NULL DEFAULT NULL,
  `updated_at` timestamp NULL DEFAULT NULL
) ENGINE=InnoDB DEFAULT CHARSET=utf8mb4 COLLATE=utf8mb4_unicode_ci;

-- --------------------------------------------------------

--
-- Table structure for table `driver_vehicle_types`
--

CREATE TABLE `driver_vehicle_types` (
  `id` int UNSIGNED NOT NULL,
  `driver_id` int UNSIGNED NOT NULL,
  `vehicle_type` char(36) CHARACTER SET utf8mb4 COLLATE utf8mb4_unicode_ci DEFAULT NULL,
  `signed_vehicle` tinyint(1) NOT NULL DEFAULT '1',
  `created_at` timestamp NULL DEFAULT NULL,
  `updated_at` timestamp NULL DEFAULT NULL
) ENGINE=InnoDB DEFAULT CHARSET=utf8mb4 COLLATE=utf8mb4_unicode_ci;

--
-- Dumping data for table `driver_vehicle_types`
--

INSERT INTO `driver_vehicle_types` (`id`, `driver_id`, `vehicle_type`, `signed_vehicle`, `created_at`, `updated_at`) VALUES
(1, 1, 'b75479ae-49dc-4255-a58b-803ffbfde473', 1, '2026-01-26 11:21:45', '2026-01-27 12:28:37'),
(2, 2, 'b75479ae-49dc-4255-a58b-803ffbfde473', 1, '2026-01-26 11:24:03', '2026-01-26 11:24:03'),
(3, 3, 'b75479ae-49dc-4255-a58b-803ffbfde473', 1, '2026-01-26 11:27:03', '2026-01-26 11:27:03'),
(4, 4, '8db7d6d1-c086-41e6-8fba-e2d762150b29', 1, '2026-01-26 18:14:24', '2026-01-26 20:47:55'),
(6, 5, 'd476ae04-b4b9-4884-9f13-7dddf8826a9a', 1, '2026-01-27 05:15:55', '2026-01-27 05:15:55'),
(7, 6, '8db7d6d1-c086-41e6-8fba-e2d762150b29', 1, '2026-01-27 10:59:46', '2026-01-27 10:59:46'),
(10, 4, 'b75479ae-49dc-4255-a58b-803ffbfde473', 0, '2026-01-27 12:36:30', '2026-01-27 12:36:30'),
(11, 7, 'b75479ae-49dc-4255-a58b-803ffbfde473', 1, '2026-01-29 15:42:01', '2026-01-29 15:42:01'),
(12, 8, 'b75479ae-49dc-4255-a58b-803ffbfde473', 1, '2026-02-03 14:25:31', '2026-02-03 14:25:31'),
(13, 9, '9ee0bdb8-4ec2-4a40-839f-488421c56b51', 1, '2026-02-10 10:33:59', '2026-02-10 10:33:59'),
(14, 10, '9ee0bdb8-4ec2-4a40-839f-488421c56b51', 1, '2026-02-10 11:11:15', '2026-02-10 11:11:15');

-- --------------------------------------------------------

--
-- Table structure for table `driver_wallet`
--

CREATE TABLE `driver_wallet` (
  `id` char(36) CHARACTER SET utf8mb4 COLLATE utf8mb4_unicode_ci NOT NULL,
  `user_id` int UNSIGNED NOT NULL,
  `amount_added` double(10,2) NOT NULL DEFAULT '0.00',
  `amount_balance` double(10,2) NOT NULL DEFAULT '0.00',
  `amount_spent` double(10,2) NOT NULL DEFAULT '0.00',
  `created_at` timestamp NULL DEFAULT NULL,
  `updated_at` timestamp NULL DEFAULT NULL
) ENGINE=InnoDB DEFAULT CHARSET=utf8mb4 COLLATE=utf8mb4_unicode_ci;

--
-- Dumping data for table `driver_wallet`
--

INSERT INTO `driver_wallet` (`id`, `user_id`, `amount_added`, `amount_balance`, `amount_spent`, `created_at`, `updated_at`) VALUES
('0bea5f75-c7f3-492d-adce-2c5f58d2b9fb', 9, 0.00, -4.86, 4.86, '2026-02-10 10:33:18', '2026-02-10 11:27:46'),
('12805638-c97f-4349-88f2-270888041f69', 10, 100.00, 74.38, 25.62, '2026-02-10 11:10:06', '2026-02-10 11:36:04'),
('2b56985a-de6f-42fa-968c-2fde2ff7dec2', 5, 0.00, -2.15, 2.15, '2026-01-27 05:15:55', '2026-01-27 07:08:37'),
('454ff3df-4c38-4f01-9bbb-911ed9ee9874', 4, 100.00, 70.97, 29.03, '2026-01-26 18:09:17', '2026-02-06 07:54:02'),
('85d787f5-e1ba-4c19-aff2-d971625fffa6', 1, 0.00, 0.00, 0.00, '2026-01-26 11:21:45', '2026-01-26 11:21:45'),
('bd24fd20-183f-4bdd-99cb-e2a4941f6228', 3, 0.00, 0.00, 0.00, '2026-01-26 11:27:03', '2026-01-26 11:27:03'),
('c1ea1f43-7eee-484e-abf9-21819971a0d0', 7, 0.00, 0.00, 0.00, '2026-01-29 15:41:19', '2026-01-29 15:41:19'),
('d53316b8-3a1b-4fc2-a825-93b5b051164c', 6, 0.00, 0.00, 0.00, '2026-01-27 10:58:12', '2026-01-27 10:58:12'),
('f6fe61ae-7489-45a4-9975-e6da6f2c644d', 8, 0.00, 0.00, 0.00, '2026-02-03 14:24:19', '2026-02-03 14:24:19'),
('fefd8b7f-fbe2-46ee-bd9a-9d3f217bd0e9', 2, 0.00, 0.00, 0.00, '2026-01-26 11:24:02', '2026-01-26 11:24:02');

-- --------------------------------------------------------

--
-- Table structure for table `driver_wallet_history`
--

CREATE TABLE `driver_wallet_history` (
  `id` char(36) CHARACTER SET utf8mb4 COLLATE utf8mb4_unicode_ci NOT NULL,
  `user_id` int UNSIGNED NOT NULL,
  `card_id` char(36) CHARACTER SET utf8mb4 COLLATE utf8mb4_unicode_ci DEFAULT NULL,
  `request_id` char(36) CHARACTER SET utf8mb4 COLLATE utf8mb4_unicode_ci DEFAULT NULL,
  `refferal_code` varchar(191) CHARACTER SET utf8mb4 COLLATE utf8mb4_unicode_ci DEFAULT NULL,
  `transaction_id` varchar(191) CHARACTER SET utf8mb4 COLLATE utf8mb4_unicode_ci DEFAULT NULL,
  `amount` double(10,2) NOT NULL DEFAULT '0.00',
  `conversion` varchar(191) CHARACTER SET utf8mb4 COLLATE utf8mb4_unicode_ci DEFAULT NULL,
  `merchant` varchar(191) CHARACTER SET utf8mb4 COLLATE utf8mb4_unicode_ci DEFAULT NULL,
  `remarks` varchar(191) CHARACTER SET utf8mb4 COLLATE utf8mb4_unicode_ci DEFAULT NULL,
  `is_credit` tinyint(1) NOT NULL DEFAULT '0',
  `admin_id` char(36) CHARACTER SET utf8mb4 COLLATE utf8mb4_unicode_ci DEFAULT NULL,
  `created_at` timestamp NULL DEFAULT NULL,
  `updated_at` timestamp NULL DEFAULT NULL
) ENGINE=InnoDB DEFAULT CHARSET=utf8mb4 COLLATE=utf8mb4_unicode_ci;

--
-- Dumping data for table `driver_wallet_history`
--

INSERT INTO `driver_wallet_history` (`id`, `user_id`, `card_id`, `request_id`, `refferal_code`, `transaction_id`, `amount`, `conversion`, `merchant`, `remarks`, `is_credit`, `admin_id`, `created_at`, `updated_at`) VALUES
('13eee4b6-e53e-44d4-84af-d417c412399a', 9, NULL, NULL, NULL, 'AYfRCL', 0.98, NULL, NULL, 'admin_commission_for_trip', 0, NULL, '2026-02-10 10:37:10', '2026-02-10 10:37:10'),
('19f832ac-f07a-4970-a7ac-28dfae10b4f3', 4, NULL, NULL, NULL, 'byB7D3', 5.14, NULL, NULL, 'admin_commission_for_trip', 0, NULL, '2026-01-27 12:48:09', '2026-01-27 12:48:09'),
('2a992a2b-5e1d-4921-a34e-1eb22904af78', 9, NULL, NULL, NULL, '6MjB82', 0.97, NULL, NULL, 'admin_commission_for_trip', 0, NULL, '2026-02-10 10:48:07', '2026-02-10 10:48:07'),
('36435baf-850d-424e-b714-6177b8aea491', 9, NULL, NULL, NULL, 'KUwsAA', 0.98, NULL, NULL, 'admin_commission_for_trip', 0, NULL, '2026-02-10 10:51:41', '2026-02-10 10:51:41'),
('51b68d89-ea16-4d53-8c56-3330f7f96239', 4, NULL, NULL, NULL, 'CKZxGS', 1.94, NULL, NULL, 'admin_commission_for_trip', 0, NULL, '2026-01-30 16:12:45', '2026-01-30 16:12:45'),
('59586609-85ee-4ca3-bc21-c982d7384c51', 9, NULL, NULL, NULL, 'ndqrug', 0.97, NULL, NULL, 'admin_commission_for_trip', 0, NULL, '2026-02-10 10:39:56', '2026-02-10 10:39:56'),
('7175ad5d-9499-4462-8400-f525b79d4367', 10, NULL, NULL, NULL, 'oOz4wq', 25.62, NULL, NULL, 'admin_commission_for_trip', 0, NULL, '2026-02-10 11:20:27', '2026-02-10 11:20:27'),
('747abaa5-65c9-4293-91b3-0f0693fc2c0c', 4, NULL, NULL, NULL, '7FcWjy', 2.47, NULL, NULL, 'admin_commission_for_trip', 0, NULL, '2026-02-06 07:54:02', '2026-02-06 07:54:02'),
('8026119c-7dca-4e82-ab4b-28ac06d60b78', 10, NULL, NULL, NULL, '787490', 100.00, NULL, NULL, 'money_deposited_by_admin', 1, NULL, '2026-02-10 11:36:04', '2026-02-10 11:36:04'),
('aaaa2003-b656-456c-b60d-2fea9b4add6c', 5, NULL, NULL, NULL, 'klCp8a', 2.15, NULL, NULL, 'admin_commission_for_trip', 0, NULL, '2026-01-27 07:08:37', '2026-01-27 07:08:37'),
('b6e9b1fd-b66c-4962-b9ec-c0c536cd9d3b', 4, NULL, NULL, NULL, 'bN7t5F', 2.48, NULL, NULL, 'admin_commission_for_trip', 0, NULL, '2026-02-05 11:52:07', '2026-02-05 11:52:07'),
('cb19be5e-4b48-44aa-af1d-1f872e7d2e51', 9, NULL, NULL, NULL, '0Pq3Kd', 0.96, NULL, NULL, 'admin_commission_for_trip', 0, NULL, '2026-02-10 11:27:46', '2026-02-10 11:27:46'),
('d6f6e38b-196a-49d5-ab72-060dda647cad', 4, NULL, NULL, NULL, 'OpM0CN', 2.44, NULL, NULL, 'admin_commission_for_trip', 0, NULL, '2026-01-27 07:05:15', '2026-01-27 07:05:15'),
('e27478b7-8215-4d53-9f8c-348cf6d12dff', 4, NULL, NULL, NULL, 'fJQS3r', 2.08, NULL, NULL, 'admin_commission_for_trip', 0, NULL, '2026-01-27 14:37:14', '2026-01-27 14:37:14'),
('e2a7238b-ae1d-47f7-9fac-fd9b86a7781c', 4, NULL, NULL, NULL, 'CzkJ6Y', 2.86, NULL, NULL, 'admin_commission_for_trip', 0, NULL, '2026-01-26 19:23:20', '2026-01-26 19:23:20'),
('e5acb281-310d-4782-aa0e-1e12909c3a19', 4, NULL, NULL, NULL, 'NbdfcG', 4.91, NULL, NULL, 'admin_commission_for_trip', 0, NULL, '2026-01-26 19:19:10', '2026-01-26 19:19:10'),
('f49e9db1-a16a-4a5b-898a-05ec90a9b185', 4, NULL, NULL, NULL, 'Z2IreV', 4.71, NULL, NULL, 'admin_commission_for_trip', 0, NULL, '2026-01-26 18:52:55', '2026-01-26 18:52:55'),
('f9af4bee-f405-4b9c-b1e9-2e648da49c38', 4, NULL, NULL, NULL, '649847', 100.00, NULL, NULL, 'money_deposited_by_admin', 1, NULL, '2026-01-27 04:35:47', '2026-01-27 04:35:47');

-- --------------------------------------------------------

--
-- Table structure for table `emails`
--

CREATE TABLE `emails` (
  `id` char(36) CHARACTER SET utf8mb4 COLLATE utf8mb4_unicode_ci NOT NULL,
  `email_subject` text CHARACTER SET utf8mb4 COLLATE utf8mb4_unicode_ci,
  `logo_img` longtext CHARACTER SET utf8mb4 COLLATE utf8mb4_unicode_ci,
  `mail_body` longtext CHARACTER SET utf8mb4 COLLATE utf8mb4_unicode_ci,
  `button_name` text CHARACTER SET utf8mb4 COLLATE utf8mb4_unicode_ci,
  `button_url` text CHARACTER SET utf8mb4 COLLATE utf8mb4_unicode_ci,
  `banner_img` longtext CHARACTER SET utf8mb4 COLLATE utf8mb4_unicode_ci,
  `footer` text CHARACTER SET utf8mb4 COLLATE utf8mb4_unicode_ci,
  `active` tinyint(1) NOT NULL DEFAULT '1',
  `created_at` timestamp NULL DEFAULT NULL,
  `updated_at` timestamp NULL DEFAULT NULL
) ENGINE=InnoDB DEFAULT CHARSET=utf8mb4 COLLATE=utf8mb4_unicode_ci;

-- --------------------------------------------------------

--
-- Table structure for table `failed_jobs`
--

CREATE TABLE `failed_jobs` (
  `id` bigint UNSIGNED NOT NULL,
  `uuid` char(36) CHARACTER SET utf8mb4 COLLATE utf8mb4_unicode_ci NOT NULL,
  `connection` text CHARACTER SET utf8mb4 COLLATE utf8mb4_unicode_ci NOT NULL,
  `queue` text CHARACTER SET utf8mb4 COLLATE utf8mb4_unicode_ci NOT NULL,
  `payload` longtext CHARACTER SET utf8mb4 COLLATE utf8mb4_unicode_ci NOT NULL,
  `exception` longtext CHARACTER SET utf8mb4 COLLATE utf8mb4_unicode_ci NOT NULL,
  `failed_at` timestamp NOT NULL DEFAULT CURRENT_TIMESTAMP
) ENGINE=InnoDB DEFAULT CHARSET=utf8mb4 COLLATE=utf8mb4_unicode_ci;

--
-- Dumping data for table `failed_jobs`
--

INSERT INTO `failed_jobs` (`id`, `uuid`, `connection`, `queue`, `payload`, `exception`, `failed_at`) VALUES
(1, '25d66aea-4076-4078-bff1-fdab54c25c24', 'database', 'default', '{\"uuid\":\"25d66aea-4076-4078-bff1-fdab54c25c24\",\"displayName\":\"App\\\\Jobs\\\\ValidateAndGeneratePeakZone\",\"job\":\"Illuminate\\\\Queue\\\\CallQueuedHandler@call\",\"maxTries\":null,\"maxExceptions\":null,\"failOnTimeout\":false,\"backoff\":null,\"timeout\":null,\"retryUntil\":null,\"data\":{\"commandName\":\"App\\\\Jobs\\\\ValidateAndGeneratePeakZone\",\"command\":\"O:36:\\\"App\\\\Jobs\\\\ValidateAndGeneratePeakZone\\\":4:{s:11:\\\"\\u0000*\\u0000pick_lat\\\";s:17:\\\"52.43787604008631\\\";s:11:\\\"\\u0000*\\u0000pick_lng\\\";s:19:\\\"-1.8058324232697485\\\";s:10:\\\"\\u0000*\\u0000zone_id\\\";s:36:\\\"f48f355f-ff68-49ab-bd27-a2b9e32231e7\\\";s:11:\\\"\\u0000*\\u0000timezone\\\";s:13:\\\"Europe\\/London\\\";}\"}}', 'ErrorException: include(/var/www/html/kurknuadmin/vendor/composer/../grimzy/laravel-mysql-spatial/src/Types/Point.php): Failed to open stream: No such file or directory in /var/www/html/kurknuadmin/vendor/composer/ClassLoader.php:576\nStack trace:\n#0 /var/www/html/kurknuadmin/vendor/laravel/framework/src/Illuminate/Foundation/Bootstrap/HandleExceptions.php(255): Illuminate\\Foundation\\Bootstrap\\HandleExceptions->handleError()\n#1 /var/www/html/kurknuadmin/vendor/composer/ClassLoader.php(576): Illuminate\\Foundation\\Bootstrap\\HandleExceptions->Illuminate\\Foundation\\Bootstrap\\{closure}()\n#2 /var/www/html/kurknuadmin/vendor/composer/ClassLoader.php(576): include(\'...\')\n#3 /var/www/html/kurknuadmin/vendor/composer/ClassLoader.php(427): Composer\\Autoload\\{closure}()\n#4 /var/www/html/kurknuadmin/app/Helpers/helpers.php(1246): Composer\\Autoload\\ClassLoader->loadClass()\n#5 /var/www/html/kurknuadmin/app/Jobs/ValidateAndGeneratePeakZone.php(74): find_zone()\n#6 /var/www/html/kurknuadmin/vendor/laravel/framework/src/Illuminate/Container/BoundMethod.php(36): App\\Jobs\\ValidateAndGeneratePeakZone->handle()\n#7 /var/www/html/kurknuadmin/vendor/laravel/framework/src/Illuminate/Container/Util.php(41): Illuminate\\Container\\BoundMethod::Illuminate\\Container\\{closure}()\n#8 /var/www/html/kurknuadmin/vendor/laravel/framework/src/Illuminate/Container/BoundMethod.php(93): Illuminate\\Container\\Util::unwrapIfClosure()\n#9 /var/www/html/kurknuadmin/vendor/laravel/framework/src/Illuminate/Container/BoundMethod.php(35): Illuminate\\Container\\BoundMethod::callBoundMethod()\n#10 /var/www/html/kurknuadmin/vendor/laravel/framework/src/Illuminate/Container/Container.php(662): Illuminate\\Container\\BoundMethod::call()\n#11 /var/www/html/kurknuadmin/vendor/laravel/framework/src/Illuminate/Bus/Dispatcher.php(128): Illuminate\\Container\\Container->call()\n#12 /var/www/html/kurknuadmin/vendor/laravel/framework/src/Illuminate/Pipeline/Pipeline.php(144): Illuminate\\Bus\\Dispatcher->Illuminate\\Bus\\{closure}()\n#13 /var/www/html/kurknuadmin/vendor/laravel/framework/src/Illuminate/Pipeline/Pipeline.php(119): Illuminate\\Pipeline\\Pipeline->Illuminate\\Pipeline\\{closure}()\n#14 /var/www/html/kurknuadmin/vendor/laravel/framework/src/Illuminate/Bus/Dispatcher.php(132): Illuminate\\Pipeline\\Pipeline->then()\n#15 /var/www/html/kurknuadmin/vendor/laravel/framework/src/Illuminate/Queue/CallQueuedHandler.php(123): Illuminate\\Bus\\Dispatcher->dispatchNow()\n#16 /var/www/html/kurknuadmin/vendor/laravel/framework/src/Illuminate/Pipeline/Pipeline.php(144): Illuminate\\Queue\\CallQueuedHandler->Illuminate\\Queue\\{closure}()\n#17 /var/www/html/kurknuadmin/vendor/laravel/framework/src/Illuminate/Pipeline/Pipeline.php(119): Illuminate\\Pipeline\\Pipeline->Illuminate\\Pipeline\\{closure}()\n#18 /var/www/html/kurknuadmin/vendor/laravel/framework/src/Illuminate/Queue/CallQueuedHandler.php(122): Illuminate\\Pipeline\\Pipeline->then()\n#19 /var/www/html/kurknuadmin/vendor/laravel/framework/src/Illuminate/Queue/CallQueuedHandler.php(70): Illuminate\\Queue\\CallQueuedHandler->dispatchThroughMiddleware()\n#20 /var/www/html/kurknuadmin/vendor/laravel/framework/src/Illuminate/Queue/Jobs/Job.php(102): Illuminate\\Queue\\CallQueuedHandler->call()\n#21 /var/www/html/kurknuadmin/vendor/laravel/framework/src/Illuminate/Queue/Worker.php(439): Illuminate\\Queue\\Jobs\\Job->fire()\n#22 /var/www/html/kurknuadmin/vendor/laravel/framework/src/Illuminate/Queue/Worker.php(389): Illuminate\\Queue\\Worker->process()\n#23 /var/www/html/kurknuadmin/vendor/laravel/framework/src/Illuminate/Queue/Worker.php(176): Illuminate\\Queue\\Worker->runJob()\n#24 /var/www/html/kurknuadmin/vendor/laravel/framework/src/Illuminate/Queue/Console/WorkCommand.php(137): Illuminate\\Queue\\Worker->daemon()\n#25 /var/www/html/kurknuadmin/vendor/laravel/framework/src/Illuminate/Queue/Console/WorkCommand.php(120): Illuminate\\Queue\\Console\\WorkCommand->runWorker()\n#26 /var/www/html/kurknuadmin/vendor/laravel/framework/src/Illuminate/Container/BoundMethod.php(36): Illuminate\\Queue\\Console\\WorkCommand->handle()\n#27 /var/www/html/kurknuadmin/vendor/laravel/framework/src/Illuminate/Container/Util.php(41): Illuminate\\Container\\BoundMethod::Illuminate\\Container\\{closure}()\n#28 /var/www/html/kurknuadmin/vendor/laravel/framework/src/Illuminate/Container/BoundMethod.php(93): Illuminate\\Container\\Util::unwrapIfClosure()\n#29 /var/www/html/kurknuadmin/vendor/laravel/framework/src/Illuminate/Container/BoundMethod.php(35): Illuminate\\Container\\BoundMethod::callBoundMethod()\n#30 /var/www/html/kurknuadmin/vendor/laravel/framework/src/Illuminate/Container/Container.php(662): Illuminate\\Container\\BoundMethod::call()\n#31 /var/www/html/kurknuadmin/vendor/laravel/framework/src/Illuminate/Console/Command.php(211): Illuminate\\Container\\Container->call()\n#32 /var/www/html/kurknuadmin/vendor/symfony/console/Command/Command.php(326): Illuminate\\Console\\Command->execute()\n#33 /var/www/html/kurknuadmin/vendor/laravel/framework/src/Illuminate/Console/Command.php(180): Symfony\\Component\\Console\\Command\\Command->run()\n#34 /var/www/html/kurknuadmin/vendor/symfony/console/Application.php(1096): Illuminate\\Console\\Command->run()\n#35 /var/www/html/kurknuadmin/vendor/symfony/console/Application.php(324): Symfony\\Component\\Console\\Application->doRunCommand()\n#36 /var/www/html/kurknuadmin/vendor/symfony/console/Application.php(175): Symfony\\Component\\Console\\Application->doRun()\n#37 /var/www/html/kurknuadmin/vendor/laravel/framework/src/Illuminate/Foundation/Console/Kernel.php(201): Symfony\\Component\\Console\\Application->run()\n#38 /var/www/html/kurknuadmin/artisan(35): Illuminate\\Foundation\\Console\\Kernel->handle()\n#39 {main}', '2026-01-30 16:00:30'),
(2, '64ed83fd-3149-4fff-a627-d7ebb1f4cdb7', 'database', 'default', '{\"uuid\":\"64ed83fd-3149-4fff-a627-d7ebb1f4cdb7\",\"displayName\":\"App\\\\Jobs\\\\ValidateAndGeneratePeakZone\",\"job\":\"Illuminate\\\\Queue\\\\CallQueuedHandler@call\",\"maxTries\":null,\"maxExceptions\":null,\"failOnTimeout\":false,\"backoff\":null,\"timeout\":null,\"retryUntil\":null,\"data\":{\"commandName\":\"App\\\\Jobs\\\\ValidateAndGeneratePeakZone\",\"command\":\"O:36:\\\"App\\\\Jobs\\\\ValidateAndGeneratePeakZone\\\":4:{s:11:\\\"\\u0000*\\u0000pick_lat\\\";s:17:\\\"52.44335523006632\\\";s:11:\\\"\\u0000*\\u0000pick_lng\\\";s:19:\\\"-1.8337002396583557\\\";s:10:\\\"\\u0000*\\u0000zone_id\\\";s:36:\\\"f48f355f-ff68-49ab-bd27-a2b9e32231e7\\\";s:11:\\\"\\u0000*\\u0000timezone\\\";s:13:\\\"Europe\\/London\\\";}\"}}', 'ErrorException: include(/var/www/html/kurknuadmin/vendor/composer/../grimzy/laravel-mysql-spatial/src/Types/Point.php): Failed to open stream: No such file or directory in /var/www/html/kurknuadmin/vendor/composer/ClassLoader.php:576\nStack trace:\n#0 /var/www/html/kurknuadmin/vendor/laravel/framework/src/Illuminate/Foundation/Bootstrap/HandleExceptions.php(255): Illuminate\\Foundation\\Bootstrap\\HandleExceptions->handleError()\n#1 /var/www/html/kurknuadmin/vendor/composer/ClassLoader.php(576): Illuminate\\Foundation\\Bootstrap\\HandleExceptions->Illuminate\\Foundation\\Bootstrap\\{closure}()\n#2 /var/www/html/kurknuadmin/vendor/composer/ClassLoader.php(576): include(\'...\')\n#3 /var/www/html/kurknuadmin/vendor/composer/ClassLoader.php(427): Composer\\Autoload\\{closure}()\n#4 /var/www/html/kurknuadmin/app/Helpers/helpers.php(1246): Composer\\Autoload\\ClassLoader->loadClass()\n#5 /var/www/html/kurknuadmin/app/Jobs/ValidateAndGeneratePeakZone.php(74): find_zone()\n#6 /var/www/html/kurknuadmin/vendor/laravel/framework/src/Illuminate/Container/BoundMethod.php(36): App\\Jobs\\ValidateAndGeneratePeakZone->handle()\n#7 /var/www/html/kurknuadmin/vendor/laravel/framework/src/Illuminate/Container/Util.php(41): Illuminate\\Container\\BoundMethod::Illuminate\\Container\\{closure}()\n#8 /var/www/html/kurknuadmin/vendor/laravel/framework/src/Illuminate/Container/BoundMethod.php(93): Illuminate\\Container\\Util::unwrapIfClosure()\n#9 /var/www/html/kurknuadmin/vendor/laravel/framework/src/Illuminate/Container/BoundMethod.php(35): Illuminate\\Container\\BoundMethod::callBoundMethod()\n#10 /var/www/html/kurknuadmin/vendor/laravel/framework/src/Illuminate/Container/Container.php(662): Illuminate\\Container\\BoundMethod::call()\n#11 /var/www/html/kurknuadmin/vendor/laravel/framework/src/Illuminate/Bus/Dispatcher.php(128): Illuminate\\Container\\Container->call()\n#12 /var/www/html/kurknuadmin/vendor/laravel/framework/src/Illuminate/Pipeline/Pipeline.php(144): Illuminate\\Bus\\Dispatcher->Illuminate\\Bus\\{closure}()\n#13 /var/www/html/kurknuadmin/vendor/laravel/framework/src/Illuminate/Pipeline/Pipeline.php(119): Illuminate\\Pipeline\\Pipeline->Illuminate\\Pipeline\\{closure}()\n#14 /var/www/html/kurknuadmin/vendor/laravel/framework/src/Illuminate/Bus/Dispatcher.php(132): Illuminate\\Pipeline\\Pipeline->then()\n#15 /var/www/html/kurknuadmin/vendor/laravel/framework/src/Illuminate/Queue/CallQueuedHandler.php(123): Illuminate\\Bus\\Dispatcher->dispatchNow()\n#16 /var/www/html/kurknuadmin/vendor/laravel/framework/src/Illuminate/Pipeline/Pipeline.php(144): Illuminate\\Queue\\CallQueuedHandler->Illuminate\\Queue\\{closure}()\n#17 /var/www/html/kurknuadmin/vendor/laravel/framework/src/Illuminate/Pipeline/Pipeline.php(119): Illuminate\\Pipeline\\Pipeline->Illuminate\\Pipeline\\{closure}()\n#18 /var/www/html/kurknuadmin/vendor/laravel/framework/src/Illuminate/Queue/CallQueuedHandler.php(122): Illuminate\\Pipeline\\Pipeline->then()\n#19 /var/www/html/kurknuadmin/vendor/laravel/framework/src/Illuminate/Queue/CallQueuedHandler.php(70): Illuminate\\Queue\\CallQueuedHandler->dispatchThroughMiddleware()\n#20 /var/www/html/kurknuadmin/vendor/laravel/framework/src/Illuminate/Queue/Jobs/Job.php(102): Illuminate\\Queue\\CallQueuedHandler->call()\n#21 /var/www/html/kurknuadmin/vendor/laravel/framework/src/Illuminate/Queue/Worker.php(439): Illuminate\\Queue\\Jobs\\Job->fire()\n#22 /var/www/html/kurknuadmin/vendor/laravel/framework/src/Illuminate/Queue/Worker.php(389): Illuminate\\Queue\\Worker->process()\n#23 /var/www/html/kurknuadmin/vendor/laravel/framework/src/Illuminate/Queue/Worker.php(176): Illuminate\\Queue\\Worker->runJob()\n#24 /var/www/html/kurknuadmin/vendor/laravel/framework/src/Illuminate/Queue/Console/WorkCommand.php(137): Illuminate\\Queue\\Worker->daemon()\n#25 /var/www/html/kurknuadmin/vendor/laravel/framework/src/Illuminate/Queue/Console/WorkCommand.php(120): Illuminate\\Queue\\Console\\WorkCommand->runWorker()\n#26 /var/www/html/kurknuadmin/vendor/laravel/framework/src/Illuminate/Container/BoundMethod.php(36): Illuminate\\Queue\\Console\\WorkCommand->handle()\n#27 /var/www/html/kurknuadmin/vendor/laravel/framework/src/Illuminate/Container/Util.php(41): Illuminate\\Container\\BoundMethod::Illuminate\\Container\\{closure}()\n#28 /var/www/html/kurknuadmin/vendor/laravel/framework/src/Illuminate/Container/BoundMethod.php(93): Illuminate\\Container\\Util::unwrapIfClosure()\n#29 /var/www/html/kurknuadmin/vendor/laravel/framework/src/Illuminate/Container/BoundMethod.php(35): Illuminate\\Container\\BoundMethod::callBoundMethod()\n#30 /var/www/html/kurknuadmin/vendor/laravel/framework/src/Illuminate/Container/Container.php(662): Illuminate\\Container\\BoundMethod::call()\n#31 /var/www/html/kurknuadmin/vendor/laravel/framework/src/Illuminate/Console/Command.php(211): Illuminate\\Container\\Container->call()\n#32 /var/www/html/kurknuadmin/vendor/symfony/console/Command/Command.php(326): Illuminate\\Console\\Command->execute()\n#33 /var/www/html/kurknuadmin/vendor/laravel/framework/src/Illuminate/Console/Command.php(180): Symfony\\Component\\Console\\Command\\Command->run()\n#34 /var/www/html/kurknuadmin/vendor/symfony/console/Application.php(1096): Illuminate\\Console\\Command->run()\n#35 /var/www/html/kurknuadmin/vendor/symfony/console/Application.php(324): Symfony\\Component\\Console\\Application->doRunCommand()\n#36 /var/www/html/kurknuadmin/vendor/symfony/console/Application.php(175): Symfony\\Component\\Console\\Application->doRun()\n#37 /var/www/html/kurknuadmin/vendor/laravel/framework/src/Illuminate/Foundation/Console/Kernel.php(201): Symfony\\Component\\Console\\Application->run()\n#38 /var/www/html/kurknuadmin/artisan(35): Illuminate\\Foundation\\Console\\Kernel->handle()\n#39 {main}', '2026-01-30 16:02:12'),
(3, 'c1ce7695-7521-4a06-9fd4-b520a9598396', 'database', 'default', '{\"uuid\":\"c1ce7695-7521-4a06-9fd4-b520a9598396\",\"displayName\":\"App\\\\Jobs\\\\ValidateAndGeneratePeakZone\",\"job\":\"Illuminate\\\\Queue\\\\CallQueuedHandler@call\",\"maxTries\":null,\"maxExceptions\":null,\"failOnTimeout\":false,\"backoff\":null,\"timeout\":null,\"retryUntil\":null,\"data\":{\"commandName\":\"App\\\\Jobs\\\\ValidateAndGeneratePeakZone\",\"command\":\"O:36:\\\"App\\\\Jobs\\\\ValidateAndGeneratePeakZone\\\":4:{s:11:\\\"\\u0000*\\u0000pick_lat\\\";s:17:\\\"52.44335523006632\\\";s:11:\\\"\\u0000*\\u0000pick_lng\\\";s:19:\\\"-1.8337002396583557\\\";s:10:\\\"\\u0000*\\u0000zone_id\\\";s:36:\\\"f48f355f-ff68-49ab-bd27-a2b9e32231e7\\\";s:11:\\\"\\u0000*\\u0000timezone\\\";s:13:\\\"Europe\\/London\\\";}\"}}', 'ErrorException: include(/var/www/html/kurknuadmin/vendor/composer/../grimzy/laravel-mysql-spatial/src/Types/Point.php): Failed to open stream: No such file or directory in /var/www/html/kurknuadmin/vendor/composer/ClassLoader.php:576\nStack trace:\n#0 /var/www/html/kurknuadmin/vendor/laravel/framework/src/Illuminate/Foundation/Bootstrap/HandleExceptions.php(255): Illuminate\\Foundation\\Bootstrap\\HandleExceptions->handleError()\n#1 /var/www/html/kurknuadmin/vendor/composer/ClassLoader.php(576): Illuminate\\Foundation\\Bootstrap\\HandleExceptions->Illuminate\\Foundation\\Bootstrap\\{closure}()\n#2 /var/www/html/kurknuadmin/vendor/composer/ClassLoader.php(576): include(\'...\')\n#3 /var/www/html/kurknuadmin/vendor/composer/ClassLoader.php(427): Composer\\Autoload\\{closure}()\n#4 /var/www/html/kurknuadmin/app/Helpers/helpers.php(1246): Composer\\Autoload\\ClassLoader->loadClass()\n#5 /var/www/html/kurknuadmin/app/Jobs/ValidateAndGeneratePeakZone.php(74): find_zone()\n#6 /var/www/html/kurknuadmin/vendor/laravel/framework/src/Illuminate/Container/BoundMethod.php(36): App\\Jobs\\ValidateAndGeneratePeakZone->handle()\n#7 /var/www/html/kurknuadmin/vendor/laravel/framework/src/Illuminate/Container/Util.php(41): Illuminate\\Container\\BoundMethod::Illuminate\\Container\\{closure}()\n#8 /var/www/html/kurknuadmin/vendor/laravel/framework/src/Illuminate/Container/BoundMethod.php(93): Illuminate\\Container\\Util::unwrapIfClosure()\n#9 /var/www/html/kurknuadmin/vendor/laravel/framework/src/Illuminate/Container/BoundMethod.php(35): Illuminate\\Container\\BoundMethod::callBoundMethod()\n#10 /var/www/html/kurknuadmin/vendor/laravel/framework/src/Illuminate/Container/Container.php(662): Illuminate\\Container\\BoundMethod::call()\n#11 /var/www/html/kurknuadmin/vendor/laravel/framework/src/Illuminate/Bus/Dispatcher.php(128): Illuminate\\Container\\Container->call()\n#12 /var/www/html/kurknuadmin/vendor/laravel/framework/src/Illuminate/Pipeline/Pipeline.php(144): Illuminate\\Bus\\Dispatcher->Illuminate\\Bus\\{closure}()\n#13 /var/www/html/kurknuadmin/vendor/laravel/framework/src/Illuminate/Pipeline/Pipeline.php(119): Illuminate\\Pipeline\\Pipeline->Illuminate\\Pipeline\\{closure}()\n#14 /var/www/html/kurknuadmin/vendor/laravel/framework/src/Illuminate/Bus/Dispatcher.php(132): Illuminate\\Pipeline\\Pipeline->then()\n#15 /var/www/html/kurknuadmin/vendor/laravel/framework/src/Illuminate/Queue/CallQueuedHandler.php(123): Illuminate\\Bus\\Dispatcher->dispatchNow()\n#16 /var/www/html/kurknuadmin/vendor/laravel/framework/src/Illuminate/Pipeline/Pipeline.php(144): Illuminate\\Queue\\CallQueuedHandler->Illuminate\\Queue\\{closure}()\n#17 /var/www/html/kurknuadmin/vendor/laravel/framework/src/Illuminate/Pipeline/Pipeline.php(119): Illuminate\\Pipeline\\Pipeline->Illuminate\\Pipeline\\{closure}()\n#18 /var/www/html/kurknuadmin/vendor/laravel/framework/src/Illuminate/Queue/CallQueuedHandler.php(122): Illuminate\\Pipeline\\Pipeline->then()\n#19 /var/www/html/kurknuadmin/vendor/laravel/framework/src/Illuminate/Queue/CallQueuedHandler.php(70): Illuminate\\Queue\\CallQueuedHandler->dispatchThroughMiddleware()\n#20 /var/www/html/kurknuadmin/vendor/laravel/framework/src/Illuminate/Queue/Jobs/Job.php(102): Illuminate\\Queue\\CallQueuedHandler->call()\n#21 /var/www/html/kurknuadmin/vendor/laravel/framework/src/Illuminate/Queue/Worker.php(439): Illuminate\\Queue\\Jobs\\Job->fire()\n#22 /var/www/html/kurknuadmin/vendor/laravel/framework/src/Illuminate/Queue/Worker.php(389): Illuminate\\Queue\\Worker->process()\n#23 /var/www/html/kurknuadmin/vendor/laravel/framework/src/Illuminate/Queue/Worker.php(176): Illuminate\\Queue\\Worker->runJob()\n#24 /var/www/html/kurknuadmin/vendor/laravel/framework/src/Illuminate/Queue/Console/WorkCommand.php(137): Illuminate\\Queue\\Worker->daemon()\n#25 /var/www/html/kurknuadmin/vendor/laravel/framework/src/Illuminate/Queue/Console/WorkCommand.php(120): Illuminate\\Queue\\Console\\WorkCommand->runWorker()\n#26 /var/www/html/kurknuadmin/vendor/laravel/framework/src/Illuminate/Container/BoundMethod.php(36): Illuminate\\Queue\\Console\\WorkCommand->handle()\n#27 /var/www/html/kurknuadmin/vendor/laravel/framework/src/Illuminate/Container/Util.php(41): Illuminate\\Container\\BoundMethod::Illuminate\\Container\\{closure}()\n#28 /var/www/html/kurknuadmin/vendor/laravel/framework/src/Illuminate/Container/BoundMethod.php(93): Illuminate\\Container\\Util::unwrapIfClosure()\n#29 /var/www/html/kurknuadmin/vendor/laravel/framework/src/Illuminate/Container/BoundMethod.php(35): Illuminate\\Container\\BoundMethod::callBoundMethod()\n#30 /var/www/html/kurknuadmin/vendor/laravel/framework/src/Illuminate/Container/Container.php(662): Illuminate\\Container\\BoundMethod::call()\n#31 /var/www/html/kurknuadmin/vendor/laravel/framework/src/Illuminate/Console/Command.php(211): Illuminate\\Container\\Container->call()\n#32 /var/www/html/kurknuadmin/vendor/symfony/console/Command/Command.php(326): Illuminate\\Console\\Command->execute()\n#33 /var/www/html/kurknuadmin/vendor/laravel/framework/src/Illuminate/Console/Command.php(180): Symfony\\Component\\Console\\Command\\Command->run()\n#34 /var/www/html/kurknuadmin/vendor/symfony/console/Application.php(1096): Illuminate\\Console\\Command->run()\n#35 /var/www/html/kurknuadmin/vendor/symfony/console/Application.php(324): Symfony\\Component\\Console\\Application->doRunCommand()\n#36 /var/www/html/kurknuadmin/vendor/symfony/console/Application.php(175): Symfony\\Component\\Console\\Application->doRun()\n#37 /var/www/html/kurknuadmin/vendor/laravel/framework/src/Illuminate/Foundation/Console/Kernel.php(201): Symfony\\Component\\Console\\Application->run()\n#38 /var/www/html/kurknuadmin/artisan(35): Illuminate\\Foundation\\Console\\Kernel->handle()\n#39 {main}', '2026-01-30 16:02:46'),
(4, '012b2ce4-28e2-4d27-91b5-5de75226873a', 'database', 'default', '{\"uuid\":\"012b2ce4-28e2-4d27-91b5-5de75226873a\",\"displayName\":\"App\\\\Jobs\\\\Mails\\\\SendDriverInvoiceMailNotification\",\"job\":\"Illuminate\\\\Queue\\\\CallQueuedHandler@call\",\"maxTries\":null,\"maxExceptions\":null,\"failOnTimeout\":false,\"backoff\":null,\"timeout\":null,\"retryUntil\":null,\"data\":{\"commandName\":\"App\\\\Jobs\\\\Mails\\\\SendDriverInvoiceMailNotification\",\"command\":\"O:48:\\\"App\\\\Jobs\\\\Mails\\\\SendDriverInvoiceMailNotification\\\":4:{s:9:\\\"\\u0000*\\u0000driver\\\";O:45:\\\"Illuminate\\\\Contracts\\\\Database\\\\ModelIdentifier\\\":5:{s:5:\\\"class\\\";s:23:\\\"App\\\\Models\\\\Admin\\\\Driver\\\";s:2:\\\"id\\\";i:4;s:9:\\\"relations\\\";a:4:{i:0;s:4:\\\"user\\\";i:1;s:18:\\\"user.countryDetail\\\";i:2;s:11:\\\"vehicleType\\\";i:3;s:23:\\\"driverVehicleTypeDetail\\\";}s:10:\\\"connection\\\";s:5:\\\"mysql\\\";s:15:\\\"collectionClass\\\";N;}s:7:\\\"\\u0000*\\u0000data\\\";a:2:{s:4:\\\"data\\\";a:123:{s:2:\\\"id\\\";s:36:\\\"5fa250a6-5591-463c-b6cb-8c58079da52a\\\";s:14:\\\"request_number\\\";s:16:\\\"REQ_176979256321\\\";s:8:\\\"ride_otp\\\";i:3832;s:8:\\\"is_later\\\";b:0;s:7:\\\"user_id\\\";i:7;s:19:\\\"service_location_id\\\";s:36:\\\"4c0beb64-d574-4fc3-9458-be37c87af335\\\";s:15:\\\"trip_start_time\\\";s:17:\\\"30th Jan 05:03 PM\\\";s:10:\\\"arrived_at\\\";s:17:\\\"30th Jan 05:03 PM\\\";s:11:\\\"accepted_at\\\";s:17:\\\"30th Jan 05:02 PM\\\";s:12:\\\"completed_at\\\";s:17:\\\"30th Jan 05:12 PM\\\";s:17:\\\"is_driver_started\\\";i:1;s:17:\\\"is_driver_arrived\\\";i:1;s:10:\\\"updated_at\\\";s:17:\\\"30th Jan 05:12 PM\\\";s:13:\\\"is_trip_start\\\";i:1;s:14:\\\"total_distance\\\";s:4:\\\"1.35\\\";s:10:\\\"total_time\\\";d:7;s:12:\\\"is_completed\\\";i:1;s:12:\\\"is_cancelled\\\";i:0;s:13:\\\"cancel_method\\\";s:1:\\\"0\\\";s:11:\\\"payment_opt\\\";s:1:\\\"1\\\";s:7:\\\"is_paid\\\";i:0;s:10:\\\"user_rated\\\";i:0;s:12:\\\"driver_rated\\\";i:0;s:4:\\\"unit\\\";s:5:\\\"MILES\\\";s:12:\\\"zone_type_id\\\";s:36:\\\"8b08fab6-5514-4cfa-a093-b57f4bdfde26\\\";s:15:\\\"vehicle_type_id\\\";s:36:\\\"b75479ae-49dc-4255-a58b-803ffbfde473\\\";s:17:\\\"vehicle_type_name\\\";s:3:\\\"Car\\\";s:18:\\\"vehicle_type_image\\\";s:92:\\\"https:\\/\\/kurknu.com\\/storage\\/uploads\\/types\\/images\\/q0rxs8O8nHMZrd8cjjxdFHhFgY8NYw5o1Wnb6PXT.png\\\";s:13:\\\"car_make_name\\\";s:8:\\\"Mercedes\\\";s:14:\\\"car_model_name\\\";s:4:\\\"Vito\\\";s:9:\\\"car_color\\\";s:5:\\\"Black\\\";s:10:\\\"car_number\\\";s:7:\\\"B112MTX\\\";s:8:\\\"pick_lat\\\";d:52.44335523;s:8:\\\"pick_lng\\\";d:-1.83370024;s:8:\\\"drop_lat\\\";d:52.4398155;s:8:\\\"drop_lng\\\";d:-1.8559529;s:12:\\\"pick_address\\\";s:56:\\\"287 Fox Hollies Rd, Acocks Green, Birmingham B27 7PS, UK\\\";s:12:\\\"drop_address\\\";s:34:\\\"Tenby Road, Birmingham B13 9LT, UK\\\";s:15:\\\"pickup_poc_name\\\";N;s:17:\\\"pickup_poc_mobile\\\";N;s:13:\\\"drop_poc_name\\\";N;s:15:\\\"drop_poc_mobile\\\";N;s:22:\\\"pickup_poc_instruction\\\";N;s:20:\\\"drop_poc_instruction\\\";N;s:23:\\\"requested_currency_code\\\";s:3:\\\"GBP\\\";s:25:\\\"requested_currency_symbol\\\";s:2:\\\"£\\\";s:7:\\\"paid_at\\\";N;s:21:\\\"user_cancellation_fee\\\";i:0;s:9:\\\"is_rental\\\";b:0;s:11:\\\"shared_ride\\\";b:0;s:11:\\\"seats_taken\\\";i:0;s:17:\\\"rental_package_id\\\";N;s:14:\\\"is_out_station\\\";i:0;s:11:\\\"return_time\\\";N;s:13:\\\"is_round_trip\\\";N;s:19:\\\"rental_package_name\\\";s:1:\\\"-\\\";s:18:\\\"show_drop_location\\\";b:0;s:18:\\\"request_eta_amount\\\";d:6.1;s:23:\\\"show_request_eta_amount\\\";b:1;s:18:\\\"offerred_ride_fare\\\";d:0;s:18:\\\"accepted_ride_fare\\\";d:0;s:17:\\\"payment_intent_id\\\";N;s:11:\\\"is_bid_ride\\\";i:0;s:13:\\\"is_trip_meter\\\";i:0;s:16:\\\"ride_user_rating\\\";i:0;s:18:\\\"ride_driver_rating\\\";i:0;s:11:\\\"if_dispatch\\\";b:0;s:10:\\\"goods_type\\\";s:1:\\\"-\\\";s:19:\\\"goods_type_quantity\\\";N;s:25:\\\"converted_trip_start_time\\\";s:17:\\\"30th Jan 05:03 PM\\\";s:20:\\\"converted_arrived_at\\\";s:17:\\\"30th Jan 05:03 PM\\\";s:21:\\\"converted_accepted_at\\\";s:17:\\\"30th Jan 05:02 PM\\\";s:22:\\\"converted_completed_at\\\";s:17:\\\"30th Jan 05:12 PM\\\";s:22:\\\"converted_cancelled_at\\\";N;s:20:\\\"converted_created_at\\\";s:17:\\\"30th Jan 05:02 PM\\\";s:12:\\\"payment_type\\\";s:18:\\\"cash,online,wallet\\\";s:16:\\\"discounted_total\\\";N;s:9:\\\"poly_line\\\";s:157:\\\"gza_IdceJiChFrB|Fl@lB|AzDLl@Dn@BvBN|@f@xAh@xAj@rBXpBL`BBzA?pBI~BFRCRMFELUnAo@fDa@rCSrAIlAUlD}@`Hm@hGYpBi@pCMfAGxA@rBh@~ELNb@TGpHK~AUjBVxCdAYxAaAdAeAl@G|FOdD[\\\";s:16:\\\"is_pet_available\\\";i:0;s:20:\\\"is_luggage_available\\\";i:0;s:12:\\\"instant_ride\\\";i:0;s:9:\\\"is_parcel\\\";i:0;s:25:\\\"additional_charges_reason\\\";N;s:25:\\\"additional_charges_amount\\\";d:0;s:30:\\\"show_additional_charge_feature\\\";s:1:\\\"1\\\";s:26:\\\"enable_driver_tips_feature\\\";s:1:\\\"1\\\";s:18:\\\"minimum_tip_amount\\\";d:10;s:16:\\\"show_otp_feature\\\";b:1;s:11:\\\"parcel_type\\\";N;s:14:\\\"completed_ride\\\";b:0;s:10:\\\"later_ride\\\";b:0;s:14:\\\"cancelled_ride\\\";b:0;s:12:\\\"ongoing_ride\\\";b:1;s:25:\\\"trip_start_time_with_date\\\";s:10:\\\"30\\/01\\/2026\\\";s:21:\\\"arrived_at__with_date\\\";s:10:\\\"30\\/01\\/2026\\\";s:22:\\\"accepted_at__with_date\\\";s:10:\\\"30\\/01\\/2026\\\";s:22:\\\"completed_at_with_date\\\";s:10:\\\"30\\/01\\/2026\\\";s:22:\\\"cancelled_at_with_date\\\";N;s:22:\\\"createded_at_with_date\\\";s:10:\\\"30\\/01\\/2026\\\";s:22:\\\"bidding_low_percentage\\\";s:2:\\\"50\\\";s:23:\\\"bidding_high_percentage\\\";s:2:\\\"10\\\";s:21:\\\"retrun_time_with_date\\\";N;s:21:\\\"support_ticket_exists\\\";b:0;s:28:\\\"driver_support_ticket_exists\\\";b:0;s:46:\\\"maximum_time_for_find_drivers_for_regular_ride\\\";i:300;s:9:\\\"zone_name\\\";s:2:\\\"Uk\\\";s:43:\\\"free_waiting_time_in_mins_before_trip_start\\\";i:2;s:42:\\\"free_waiting_time_in_mins_after_trip_start\\\";i:0;s:14:\\\"waiting_charge\\\";d:0.3;s:19:\\\"payment_type_string\\\";s:4:\\\"cash\\\";s:18:\\\"cv_trip_start_time\\\";s:8:\\\"05:03 PM\\\";s:14:\\\"cv_return_time\\\";N;s:15:\\\"cv_completed_at\\\";s:8:\\\"05:12 PM\\\";s:13:\\\"cv_created_at\\\";s:8:\\\"05:02 PM\\\";s:14:\\\"transport_type\\\";s:4:\\\"taxi\\\";s:16:\\\"payment_gateways\\\";a:14:{i:0;a:4:{s:7:\\\"gateway\\\";s:11:\\\"flutterwave\\\";s:7:\\\"enabled\\\";b:0;s:5:\\\"image\\\";s:45:\\\"https:\\/\\/kurknu.com\\/assets\\/img\\/flutterwave.png\\\";s:3:\\\"url\\\";s:30:\\\"https:\\/\\/kurknu.com\\/flutterwave\\\";}i:1;a:4:{s:7:\\\"gateway\\\";s:11:\\\"mercadopago\\\";s:7:\\\"enabled\\\";b:0;s:5:\\\"image\\\";s:45:\\\"https:\\/\\/kurknu.com\\/assets\\/img\\/mercadepago.png\\\";s:3:\\\"url\\\";s:30:\\\"https:\\/\\/kurknu.com\\/mercadopago\\\";}i:2;a:4:{s:7:\\\"gateway\\\";s:8:\\\"cashfree\\\";s:7:\\\"enabled\\\";b:0;s:5:\\\"image\\\";s:42:\\\"https:\\/\\/kurknu.com\\/assets\\/img\\/cashfree.png\\\";s:3:\\\"url\\\";s:27:\\\"https:\\/\\/kurknu.com\\/cashfree\\\";}i:3;a:4:{s:7:\\\"gateway\\\";s:8:\\\"paystack\\\";s:7:\\\"enabled\\\";b:0;s:5:\\\"image\\\";s:42:\\\"https:\\/\\/kurknu.com\\/assets\\/img\\/paystack.png\\\";s:3:\\\"url\\\";s:27:\\\"https:\\/\\/kurknu.com\\/paystack\\\";}i:4;a:4:{s:7:\\\"gateway\\\";s:8:\\\"razorpay\\\";s:7:\\\"enabled\\\";b:0;s:5:\\\"image\\\";s:39:\\\"https:\\/\\/kurknu.com\\/assets\\/img\\/razor.png\\\";s:3:\\\"url\\\";s:27:\\\"https:\\/\\/kurknu.com\\/razorpay\\\";}i:5;a:4:{s:7:\\\"gateway\\\";s:6:\\\"stripe\\\";s:7:\\\"enabled\\\";b:1;s:5:\\\"image\\\";s:40:\\\"https:\\/\\/kurknu.com\\/assets\\/img\\/stripe.png\\\";s:3:\\\"url\\\";s:25:\\\"https:\\/\\/kurknu.com\\/stripe\\\";}i:6;a:4:{s:7:\\\"gateway\\\";s:6:\\\"khalti\\\";s:7:\\\"enabled\\\";b:0;s:5:\\\"image\\\";s:40:\\\"https:\\/\\/kurknu.com\\/assets\\/img\\/khalti.png\\\";s:3:\\\"url\\\";s:25:\\\"https:\\/\\/kurknu.com\\/khalti\\\";}i:7;a:4:{s:7:\\\"gateway\\\";s:6:\\\"xendit\\\";s:7:\\\"enabled\\\";b:0;s:5:\\\"image\\\";s:45:\\\"https:\\/\\/kurknu.com\\/assets\\/img\\/xendit-logo.jpg\\\";s:3:\\\"url\\\";s:25:\\\"https:\\/\\/kurknu.com\\/xendit\\\";}i:8;a:4:{s:7:\\\"gateway\\\";s:8:\\\"flexpaie\\\";s:7:\\\"enabled\\\";b:0;s:5:\\\"image\\\";s:42:\\\"https:\\/\\/kurknu.com\\/assets\\/img\\/flexpaie.png\\\";s:3:\\\"url\\\";s:27:\\\"https:\\/\\/kurknu.com\\/flexpaie\\\";}i:9;a:4:{s:7:\\\"gateway\\\";s:7:\\\"openpix\\\";s:7:\\\"enabled\\\";b:0;s:5:\\\"image\\\";s:41:\\\"https:\\/\\/kurknu.com\\/assets\\/img\\/openpix.png\\\";s:3:\\\"url\\\";s:27:\\\"https:\\/\\/kurknu.com\\/open-pix\\\";}i:10;a:4:{s:7:\\\"gateway\\\";s:9:\\\"myfatoora\\\";s:7:\\\"enabled\\\";b:0;s:5:\\\"image\\\";s:43:\\\"https:\\/\\/kurknu.com\\/assets\\/img\\/myfatoora.png\\\";s:3:\\\"url\\\";s:28:\\\"https:\\/\\/kurknu.com\\/myfatoora\\\";}i:11;a:4:{s:7:\\\"gateway\\\";s:8:\\\"paymongo\\\";s:7:\\\"enabled\\\";b:0;s:5:\\\"image\\\";s:42:\\\"https:\\/\\/kurknu.com\\/assets\\/img\\/paymongo.png\\\";s:3:\\\"url\\\";s:27:\\\"https:\\/\\/kurknu.com\\/paymongo\\\";}i:12;a:4:{s:7:\\\"gateway\\\";s:6:\\\"paypal\\\";s:7:\\\"enabled\\\";b:0;s:5:\\\"image\\\";s:40:\\\"https:\\/\\/kurknu.com\\/assets\\/img\\/paypal.png\\\";s:3:\\\"url\\\";s:25:\\\"https:\\/\\/kurknu.com\\/paypal\\\";}i:13;a:4:{s:7:\\\"gateway\\\";s:7:\\\"fedapay\\\";s:7:\\\"enabled\\\";b:0;s:5:\\\"image\\\";s:41:\\\"https:\\/\\/kurknu.com\\/assets\\/img\\/fedapay.svg\\\";s:3:\\\"url\\\";s:26:\\\"https:\\/\\/kurknu.com\\/fedapay\\\";}}s:12:\\\"requestStops\\\";a:1:{s:4:\\\"data\\\";a:0:{}}s:13:\\\"requestProofs\\\";a:1:{s:4:\\\"data\\\";a:0:{}}s:18:\\\"requestPreferences\\\";a:1:{s:4:\\\"data\\\";a:0:{}}s:12:\\\"driverDetail\\\";a:1:{s:4:\\\"data\\\";a:37:{s:2:\\\"id\\\";i:4;s:4:\\\"name\\\";s:14:\\\"Arshid Mahroof\\\";s:5:\\\"email\\\";s:25:\\\"arshidmahroof@yahoo.co.uk\\\";s:8:\\\"owner_id\\\";N;s:6:\\\"mobile\\\";s:13:\\\"+447788643713\\\";s:15:\\\"profile_picture\\\";s:100:\\\"https:\\/\\/kurknu.com\\/storage\\/uploads\\/user\\/profile-picture\\/rroXL2yWs6jDMXLKThR6R8nSg3xfLq5kzxTwNcYs.jpg\\\";s:6:\\\"active\\\";b:1;s:8:\\\"fleet_id\\\";N;s:7:\\\"approve\\\";b:1;s:9:\\\"available\\\";b:1;s:17:\\\"uploaded_document\\\";b:1;s:15:\\\"declined_reason\\\";N;s:19:\\\"service_location_id\\\";s:36:\\\"4c0beb64-d574-4fc3-9458-be37c87af335\\\";s:15:\\\"vehicle_type_id\\\";N;s:17:\\\"vehicle_type_name\\\";s:5:\\\"MPV 6\\\";s:17:\\\"vehicle_type_icon\\\";s:3:\\\"suv\\\";s:18:\\\"vehicle_type_image\\\";s:92:\\\"https:\\/\\/kurknu.com\\/storage\\/uploads\\/types\\/images\\/8pHXgVEwewzvICAEcb0Fx8X95bCSrERTuptqQCRH.png\\\";s:8:\\\"car_make\\\";N;s:9:\\\"car_model\\\";N;s:13:\\\"car_make_name\\\";s:8:\\\"Mercedes\\\";s:14:\\\"car_model_name\\\";s:4:\\\"Vito\\\";s:9:\\\"car_color\\\";s:5:\\\"Black\\\";s:10:\\\"driver_lat\\\";N;s:10:\\\"driver_lng\\\";N;s:10:\\\"car_number\\\";s:7:\\\"B112MTX\\\";s:6:\\\"rating\\\";d:5;s:13:\\\"no_of_ratings\\\";i:6;s:8:\\\"timezone\\\";s:13:\\\"Europe\\/London\\\";s:13:\\\"refferal_code\\\";s:6:\\\"xIsRu1\\\";s:11:\\\"company_key\\\";N;s:17:\\\"show_instant_ride\\\";b:1;s:15:\\\"currency_symbol\\\";s:2:\\\"£\\\";s:13:\\\"currency_code\\\";s:3:\\\"GBP\\\";s:9:\\\"languages\\\";N;s:14:\\\"total_earnings\\\";d:4.17;s:12:\\\"current_date\\\";s:10:\\\"2026-01-30\\\";s:20:\\\"completed_ride_count\\\";i:7;}}s:10:\\\"userDetail\\\";a:1:{s:4:\\\"data\\\";a:62:{s:2:\\\"id\\\";i:7;s:4:\\\"name\\\";s:14:\\\"Arshid Mahroof\\\";s:6:\\\"gender\\\";s:4:\\\"male\\\";s:9:\\\"last_name\\\";N;s:8:\\\"username\\\";N;s:5:\\\"email\\\";s:25:\\\"arshidmahroof@yahoo.co.uk\\\";s:6:\\\"mobile\\\";s:13:\\\"+447788643713\\\";s:15:\\\"profile_picture\\\";s:100:\\\"https:\\/\\/kurknu.com\\/storage\\/uploads\\/user\\/profile-picture\\/D7nI68ZdgjUepxCKCt13Hf0lxkKYb7eiIKbI906k.jpg\\\";s:6:\\\"active\\\";i:1;s:15:\\\"email_confirmed\\\";i:0;s:16:\\\"mobile_confirmed\\\";i:1;s:13:\\\"last_known_ip\\\";N;s:13:\\\"last_login_at\\\";N;s:6:\\\"rating\\\";d:5;s:13:\\\"no_of_ratings\\\";i:6;s:13:\\\"refferal_code\\\";s:6:\\\"BMPVyY\\\";s:13:\\\"currency_code\\\";s:3:\\\"GBP\\\";s:15:\\\"currency_symbol\\\";s:2:\\\"£\\\";s:16:\\\"currency_pointer\\\";s:3:\\\"ltr\\\";s:12:\\\"country_code\\\";s:2:\\\"GB\\\";s:16:\\\"show_rental_ride\\\";b:1;s:15:\\\"is_delivery_app\\\";b:0;s:9:\\\"fcm_token\\\";s:142:\\\"cWzvV68JSKiKTdTnTf-6Iu:APA91bGZkmgdK72NtlKISqKcS8poSns86nSMhVX7n-DspVhnfyIR5oiuxkgbgklHrUu0ULN2S_Qsdnevfkt9LU6kVXFMp_ue61kvysjLY0LaexGfxQVVcgU\\\";s:23:\\\"show_ride_later_feature\\\";b:1;s:7:\\\"zone_id\\\";s:36:\\\"f48f355f-ff68-49ab-bd27-a2b9e32231e7\\\";s:18:\\\"authorization_code\\\";N;s:29:\\\"enable_support_ticket_feature\\\";s:1:\\\"1\\\";s:11:\\\"android_app\\\";s:36:\\\"ANDROID - Your Android User App Link\\\";s:7:\\\"ios_app\\\";s:28:\\\"IOS - Your IOS User App Link\\\";s:31:\\\"enable_modules_for_applications\\\";s:4:\\\"both\\\";s:18:\\\"contact_us_mobile1\\\";s:13:\\\"+441214440444\\\";s:18:\\\"contact_us_mobile2\\\";s:13:\\\"+441214440444\\\";s:15:\\\"contact_us_link\\\";s:39:\\\"https:\\/\\/tagxi-landing.ondemandappz.com\\/\\\";s:48:\\\"show_wallet_money_transfer_feature_on_mobile_app\\\";s:1:\\\"1\\\";s:36:\\\"show_bank_info_feature_on_mobile_app\\\";s:1:\\\"1\\\";s:33:\\\"show_wallet_feature_on_mobile_app\\\";s:1:\\\"1\\\";s:13:\\\"distance_unit\\\";s:2:\\\"mi\\\";s:28:\\\"show_outstation_ride_feature\\\";s:1:\\\"1\\\";s:33:\\\"show_taxi_outstation_ride_feature\\\";s:1:\\\"0\\\";s:37:\\\"show_delivery_outstation_ride_feature\\\";s:1:\\\"0\\\";s:36:\\\"enable_outstation_round_trip_feature\\\";s:1:\\\"1\\\";s:19:\\\"notifications_count\\\";i:0;s:21:\\\"show_taxi_rental_ride\\\";b:1;s:25:\\\"show_delivery_rental_ride\\\";b:1;s:25:\\\"show_card_payment_feature\\\";b:1;s:25:\\\"referral_comission_string\\\";s:27:\\\"Refer a friend and earn£30\\\";s:37:\\\"user_can_make_a_ride_after_x_miniutes\\\";s:2:\\\"60\\\";s:46:\\\"maximum_time_for_find_drivers_for_regular_ride\\\";i:300;s:46:\\\"maximum_time_for_find_drivers_for_bitting_ride\\\";s:2:\\\"30\\\";s:30:\\\"enable_pet_preference_for_user\\\";s:1:\\\"0\\\";s:34:\\\"enable_luggage_preference_for_user\\\";s:1:\\\"1\\\";s:35:\\\"bidding_amount_increase_or_decrease\\\";s:1:\\\"1\\\";s:29:\\\"show_ride_without_destination\\\";s:1:\\\"1\\\";s:30:\\\"enable_country_restrict_on_map\\\";s:1:\\\"1\\\";s:42:\\\"enable_map_appearance_change_on_mobile_app\\\";s:1:\\\"0\\\";s:15:\\\"conversation_id\\\";s:0:\\\"\\\";s:8:\\\"map_type\\\";s:10:\\\"google_map\\\";s:16:\\\"has_ongoing_ride\\\";b:1;s:20:\\\"completed_ride_count\\\";i:7;s:3:\\\"sos\\\";a:1:{s:4:\\\"data\\\";a:0:{}}s:11:\\\"bannerImage\\\";a:1:{s:4:\\\"data\\\";a:2:{i:0;a:3:{s:5:\\\"image\\\";s:99:\\\"https:\\/\\/kurknu.com\\/storage\\/uploads\\/banner\\/banner-image\\/GXXGp4404swVkDYCO6enM9uvWl9LR9wYSWRpxrOI.jpg\\\";s:9:\\\"image_url\\\";N;s:6:\\\"active\\\";i:1;}i:1;a:3:{s:5:\\\"image\\\";s:99:\\\"https:\\/\\/kurknu.com\\/storage\\/uploads\\/banner\\/banner-image\\/VWNvjMcSA0WGM3ptRNjIV4MtjjPEurufi00XNJGF.jpg\\\";s:9:\\\"image_url\\\";N;s:6:\\\"active\\\";i:1;}}}s:6:\\\"wallet\\\";a:1:{s:4:\\\"data\\\";a:9:{s:2:\\\"id\\\";s:36:\\\"c3d6c95b-b379-4eaf-8f4c-70c6ee20bad9\\\";s:7:\\\"user_id\\\";i:7;s:12:\\\"amount_added\\\";d:0;s:14:\\\"amount_balance\\\";d:0;s:12:\\\"amount_spent\\\";d:0;s:15:\\\"currency_symbol\\\";s:2:\\\"£\\\";s:13:\\\"currency_code\\\";s:3:\\\"GBP\\\";s:10:\\\"created_at\\\";s:17:\\\"26th Jan 04:57 PM\\\";s:10:\\\"updated_at\\\";s:17:\\\"26th Jan 04:57 PM\\\";}}}}s:11:\\\"requestBill\\\";a:1:{s:4:\\\"data\\\";a:32:{s:2:\\\"id\\\";i:8;s:10:\\\"base_price\\\";d:3.7;s:13:\\\"base_distance\\\";i:1;s:18:\\\"price_per_distance\\\";d:1.7;s:14:\\\"distance_price\\\";d:0.6;s:14:\\\"price_per_time\\\";d:0;s:10:\\\"time_price\\\";d:0;s:14:\\\"waiting_charge\\\";d:0.6;s:16:\\\"cancellation_fee\\\";d:0;s:17:\\\"airport_surge_fee\\\";d:0;s:11:\\\"service_tax\\\";d:0;s:22:\\\"service_tax_percentage\\\";d:0;s:14:\\\"promo_discount\\\";d:0;s:15:\\\"admin_commision\\\";d:1.2;s:16:\\\"driver_commision\\\";d:4.17;s:12:\\\"total_amount\\\";d:6.1;s:14:\\\"total_distance\\\";d:1.35;s:10:\\\"total_time\\\";d:7;s:19:\\\"calculated_distance\\\";d:0.35;s:4:\\\"unit\\\";s:5:\\\"MILES\\\";s:11:\\\"driver_tips\\\";d:0;s:23:\\\"requested_currency_code\\\";s:3:\\\"GBP\\\";s:25:\\\"requested_currency_symbol\\\";s:2:\\\"£\\\";s:24:\\\"admin_commision_with_tax\\\";d:1.94;s:23:\\\"calculated_waiting_time\\\";d:2;s:22:\\\"waiting_charge_per_min\\\";d:0;s:27:\\\"admin_commision_from_driver\\\";d:0.74;s:25:\\\"additional_charges_reason\\\";N;s:25:\\\"additional_charges_amount\\\";d:0;s:22:\\\"preference_price_total\\\";d:0;s:26:\\\"enable_driver_tips_feature\\\";s:1:\\\"1\\\";s:15:\\\"agent_commision\\\";d:0;}}s:15:\\\"rejectedDrivers\\\";a:1:{s:4:\\\"data\\\";a:0:{}}}s:22:\\\"formatted_completed_at\\\";s:23:\\\"Jan 30, 2026 - 05:12 PM\\\";}s:7:\\\"\\u0000*\\u0000logo\\\";O:45:\\\"Illuminate\\\\Contracts\\\\Database\\\\ModelIdentifier\\\":5:{s:5:\\\"class\\\";s:24:\\\"App\\\\Models\\\\Admin\\\\Setting\\\";s:2:\\\"id\\\";i:26;s:9:\\\"relations\\\";a:0:{}s:10:\\\"connection\\\";s:5:\\\"mysql\\\";s:15:\\\"collectionClass\\\";N;}s:10:\\\"\\u0000*\\u0000invoice\\\";a:8:{s:13:\\\"mail_username\\\";s:15:\\\"team@kurknu.com\\\";s:13:\\\"mail_password\\\";s:10:\\\"Ahmed@1260\\\";s:14:\\\"mail_from_name\\\";s:6:\\\"Kurknu\\\";s:17:\\\"mail_from_address\\\";s:15:\\\"team@kurknu.com\\\";s:9:\\\"mail_port\\\";s:3:\\\"587\\\";s:9:\\\"mail_host\\\";s:16:\\\"smtp.ionos.co.uk\\\";s:15:\\\"mail_encryption\\\";s:3:\\\"tls\\\";s:11:\\\"mail_mailer\\\";s:4:\\\"smtp\\\";}}\"}}', 'Illuminate\\Queue\\MaxAttemptsExceededException: App\\Jobs\\Mails\\SendDriverInvoiceMailNotification has been attempted too many times. in /var/www/html/kurknuadmin/vendor/laravel/framework/src/Illuminate/Queue/MaxAttemptsExceededException.php:24\nStack trace:\n#0 /var/www/html/kurknuadmin/vendor/laravel/framework/src/Illuminate/Queue/Worker.php(785): Illuminate\\Queue\\MaxAttemptsExceededException::forJob()\n#1 /var/www/html/kurknuadmin/vendor/laravel/framework/src/Illuminate/Queue/Worker.php(519): Illuminate\\Queue\\Worker->maxAttemptsExceededException()\n#2 /var/www/html/kurknuadmin/vendor/laravel/framework/src/Illuminate/Queue/Worker.php(428): Illuminate\\Queue\\Worker->markJobAsFailedIfAlreadyExceedsMaxAttempts()\n#3 /var/www/html/kurknuadmin/vendor/laravel/framework/src/Illuminate/Queue/Worker.php(389): Illuminate\\Queue\\Worker->process()\n#4 /var/www/html/kurknuadmin/vendor/laravel/framework/src/Illuminate/Queue/Worker.php(176): Illuminate\\Queue\\Worker->runJob()\n#5 /var/www/html/kurknuadmin/vendor/laravel/framework/src/Illuminate/Queue/Console/WorkCommand.php(137): Illuminate\\Queue\\Worker->daemon()\n#6 /var/www/html/kurknuadmin/vendor/laravel/framework/src/Illuminate/Queue/Console/WorkCommand.php(120): Illuminate\\Queue\\Console\\WorkCommand->runWorker()\n#7 /var/www/html/kurknuadmin/vendor/laravel/framework/src/Illuminate/Container/BoundMethod.php(36): Illuminate\\Queue\\Console\\WorkCommand->handle()\n#8 /var/www/html/kurknuadmin/vendor/laravel/framework/src/Illuminate/Container/Util.php(41): Illuminate\\Container\\BoundMethod::Illuminate\\Container\\{closure}()\n#9 /var/www/html/kurknuadmin/vendor/laravel/framework/src/Illuminate/Container/BoundMethod.php(93): Illuminate\\Container\\Util::unwrapIfClosure()\n#10 /var/www/html/kurknuadmin/vendor/laravel/framework/src/Illuminate/Container/BoundMethod.php(35): Illuminate\\Container\\BoundMethod::callBoundMethod()\n#11 /var/www/html/kurknuadmin/vendor/laravel/framework/src/Illuminate/Container/Container.php(662): Illuminate\\Container\\BoundMethod::call()\n#12 /var/www/html/kurknuadmin/vendor/laravel/framework/src/Illuminate/Console/Command.php(211): Illuminate\\Container\\Container->call()\n#13 /var/www/html/kurknuadmin/vendor/symfony/console/Command/Command.php(326): Illuminate\\Console\\Command->execute()\n#14 /var/www/html/kurknuadmin/vendor/laravel/framework/src/Illuminate/Console/Command.php(180): Symfony\\Component\\Console\\Command\\Command->run()\n#15 /var/www/html/kurknuadmin/vendor/symfony/console/Application.php(1106): Illuminate\\Console\\Command->run()\n#16 /var/www/html/kurknuadmin/vendor/symfony/console/Application.php(324): Symfony\\Component\\Console\\Application->doRunCommand()\n#17 /var/www/html/kurknuadmin/vendor/symfony/console/Application.php(175): Symfony\\Component\\Console\\Application->doRun()\n#18 /var/www/html/kurknuadmin/vendor/laravel/framework/src/Illuminate/Foundation/Console/Kernel.php(201): Symfony\\Component\\Console\\Application->run()\n#19 /var/www/html/kurknuadmin/artisan(35): Illuminate\\Foundation\\Console\\Kernel->handle()\n#20 {main}', '2026-01-30 16:17:12'),
(5, '6b7b1ff0-79b7-46bd-ac94-e258f5a2551f', 'database', 'default', '{\"uuid\":\"6b7b1ff0-79b7-46bd-ac94-e258f5a2551f\",\"displayName\":\"App\\\\Jobs\\\\ValidateAndUpdateDriverLoyaltyJob\",\"job\":\"Illuminate\\\\Queue\\\\CallQueuedHandler@call\",\"maxTries\":null,\"maxExceptions\":null,\"failOnTimeout\":false,\"backoff\":null,\"timeout\":null,\"retryUntil\":null,\"data\":{\"commandName\":\"App\\\\Jobs\\\\ValidateAndUpdateDriverLoyaltyJob\",\"command\":\"O:42:\\\"App\\\\Jobs\\\\ValidateAndUpdateDriverLoyaltyJob\\\":1:{s:17:\\\"\\u0000*\\u0000request_detail\\\";O:45:\\\"Illuminate\\\\Contracts\\\\Database\\\\ModelIdentifier\\\":5:{s:5:\\\"class\\\";s:26:\\\"App\\\\Models\\\\Request\\\\Request\\\";s:2:\\\"id\\\";s:36:\\\"5fa250a6-5591-463c-b6cb-8c58079da52a\\\";s:9:\\\"relations\\\";a:8:{i:0;s:12:\\\"requestPlace\\\";i:1;s:12:\\\"driverDetail\\\";i:2;s:8:\\\"zoneType\\\";i:3;s:13:\\\"zoneType.zone\\\";i:4;s:29:\\\"zoneType.zone.serviceLocation\\\";i:5;s:16:\\\"requestEtaDetail\\\";i:6;s:10:\\\"userDetail\\\";i:7;s:21:\\\"serviceLocationDetail\\\";}s:10:\\\"connection\\\";s:5:\\\"mysql\\\";s:15:\\\"collectionClass\\\";N;}}\"}}', 'Illuminate\\Queue\\MaxAttemptsExceededException: App\\Jobs\\ValidateAndUpdateDriverLoyaltyJob has been attempted too many times. in /var/www/html/kurknuadmin/vendor/laravel/framework/src/Illuminate/Queue/MaxAttemptsExceededException.php:24\nStack trace:\n#0 /var/www/html/kurknuadmin/vendor/laravel/framework/src/Illuminate/Queue/Worker.php(785): Illuminate\\Queue\\MaxAttemptsExceededException::forJob()\n#1 /var/www/html/kurknuadmin/vendor/laravel/framework/src/Illuminate/Queue/Worker.php(519): Illuminate\\Queue\\Worker->maxAttemptsExceededException()\n#2 /var/www/html/kurknuadmin/vendor/laravel/framework/src/Illuminate/Queue/Worker.php(428): Illuminate\\Queue\\Worker->markJobAsFailedIfAlreadyExceedsMaxAttempts()\n#3 /var/www/html/kurknuadmin/vendor/laravel/framework/src/Illuminate/Queue/Worker.php(389): Illuminate\\Queue\\Worker->process()\n#4 /var/www/html/kurknuadmin/vendor/laravel/framework/src/Illuminate/Queue/Worker.php(176): Illuminate\\Queue\\Worker->runJob()\n#5 /var/www/html/kurknuadmin/vendor/laravel/framework/src/Illuminate/Queue/Console/WorkCommand.php(137): Illuminate\\Queue\\Worker->daemon()\n#6 /var/www/html/kurknuadmin/vendor/laravel/framework/src/Illuminate/Queue/Console/WorkCommand.php(120): Illuminate\\Queue\\Console\\WorkCommand->runWorker()\n#7 /var/www/html/kurknuadmin/vendor/laravel/framework/src/Illuminate/Container/BoundMethod.php(36): Illuminate\\Queue\\Console\\WorkCommand->handle()\n#8 /var/www/html/kurknuadmin/vendor/laravel/framework/src/Illuminate/Container/Util.php(41): Illuminate\\Container\\BoundMethod::Illuminate\\Container\\{closure}()\n#9 /var/www/html/kurknuadmin/vendor/laravel/framework/src/Illuminate/Container/BoundMethod.php(93): Illuminate\\Container\\Util::unwrapIfClosure()\n#10 /var/www/html/kurknuadmin/vendor/laravel/framework/src/Illuminate/Container/BoundMethod.php(35): Illuminate\\Container\\BoundMethod::callBoundMethod()\n#11 /var/www/html/kurknuadmin/vendor/laravel/framework/src/Illuminate/Container/Container.php(662): Illuminate\\Container\\BoundMethod::call()\n#12 /var/www/html/kurknuadmin/vendor/laravel/framework/src/Illuminate/Console/Command.php(211): Illuminate\\Container\\Container->call()\n#13 /var/www/html/kurknuadmin/vendor/symfony/console/Command/Command.php(326): Illuminate\\Console\\Command->execute()\n#14 /var/www/html/kurknuadmin/vendor/laravel/framework/src/Illuminate/Console/Command.php(180): Symfony\\Component\\Console\\Command\\Command->run()\n#15 /var/www/html/kurknuadmin/vendor/symfony/console/Application.php(1106): Illuminate\\Console\\Command->run()\n#16 /var/www/html/kurknuadmin/vendor/symfony/console/Application.php(324): Symfony\\Component\\Console\\Application->doRunCommand()\n#17 /var/www/html/kurknuadmin/vendor/symfony/console/Application.php(175): Symfony\\Component\\Console\\Application->doRun()\n#18 /var/www/html/kurknuadmin/vendor/laravel/framework/src/Illuminate/Foundation/Console/Kernel.php(201): Symfony\\Component\\Console\\Application->run()\n#19 /var/www/html/kurknuadmin/artisan(35): Illuminate\\Foundation\\Console\\Kernel->handle()\n#20 {main}', '2026-01-30 16:17:12');

-- --------------------------------------------------------

--
-- Table structure for table `faqs`
--

CREATE TABLE `faqs` (
  `id` char(36) CHARACTER SET utf8mb4 COLLATE utf8mb4_unicode_ci NOT NULL,
  `company_key` varchar(191) CHARACTER SET utf8mb4 COLLATE utf8mb4_unicode_ci DEFAULT NULL,
  `service_location_id` char(36) CHARACTER SET utf8mb4 COLLATE utf8mb4_unicode_ci DEFAULT NULL,
  `question` longtext CHARACTER SET utf8mb4 COLLATE utf8mb4_unicode_ci NOT NULL,
  `answer` longtext CHARACTER SET utf8mb4 COLLATE utf8mb4_unicode_ci NOT NULL,
  `user_type` enum('user','driver','owner','all') CHARACTER SET utf8mb4 COLLATE utf8mb4_unicode_ci NOT NULL,
  `active` tinyint(1) NOT NULL,
  `created_at` timestamp NULL DEFAULT NULL,
  `updated_at` timestamp NULL DEFAULT NULL,
  `deleted_at` timestamp NULL DEFAULT NULL
) ENGINE=InnoDB DEFAULT CHARSET=utf8mb4 COLLATE=utf8mb4_unicode_ci;

-- --------------------------------------------------------

--
-- Table structure for table `favorite_places`
--

CREATE TABLE `favorite_places` (
  `id` int UNSIGNED NOT NULL,
  `user_id` int UNSIGNED NOT NULL,
  `title` varchar(191) CHARACTER SET utf8mb4 COLLATE utf8mb4_unicode_ci DEFAULT NULL,
  `place_id` varchar(191) CHARACTER SET utf8mb4 COLLATE utf8mb4_unicode_ci DEFAULT NULL,
  `address` varchar(191) CHARACTER SET utf8mb4 COLLATE utf8mb4_unicode_ci DEFAULT NULL,
  `latitude` double(15,8) DEFAULT NULL,
  `longitude` double(15,8) DEFAULT NULL,
  `created_at` timestamp NULL DEFAULT NULL,
  `updated_at` timestamp NULL DEFAULT NULL
) ENGINE=InnoDB DEFAULT CHARSET=utf8mb4 COLLATE=utf8mb4_unicode_ci;

-- --------------------------------------------------------

--
-- Table structure for table `favourite_locations`
--

CREATE TABLE `favourite_locations` (
  `id` int UNSIGNED NOT NULL,
  `user_id` int UNSIGNED DEFAULT NULL,
  `pick_lat` double(15,8) DEFAULT NULL,
  `pick_lng` double(15,8) DEFAULT NULL,
  `drop_lat` double(15,8) DEFAULT NULL,
  `drop_lng` double(15,8) DEFAULT NULL,
  `pick_address` text CHARACTER SET utf8mb4 COLLATE utf8mb4_unicode_ci,
  `drop_address` text CHARACTER SET utf8mb4 COLLATE utf8mb4_unicode_ci,
  `address_name` varchar(191) CHARACTER SET utf8mb4 COLLATE utf8mb4_unicode_ci DEFAULT NULL,
  `landmark` varchar(191) CHARACTER SET utf8mb4 COLLATE utf8mb4_unicode_ci DEFAULT NULL,
  `created_at` timestamp NULL DEFAULT NULL,
  `updated_at` timestamp NULL DEFAULT NULL
) ENGINE=InnoDB DEFAULT CHARSET=utf8mb4 COLLATE=utf8mb4_unicode_ci;

-- --------------------------------------------------------

--
-- Table structure for table `fields`
--

CREATE TABLE `fields` (
  `id` int UNSIGNED NOT NULL,
  `method_id` int UNSIGNED NOT NULL,
  `input_field_name` varchar(191) CHARACTER SET utf8mb4 COLLATE utf8mb4_unicode_ci NOT NULL,
  `placeholder` varchar(191) CHARACTER SET utf8mb4 COLLATE utf8mb4_unicode_ci DEFAULT NULL,
  `is_required` tinyint(1) NOT NULL DEFAULT '0',
  `input_field_type` varchar(191) CHARACTER SET utf8mb4 COLLATE utf8mb4_unicode_ci NOT NULL,
  `created_at` timestamp NULL DEFAULT NULL,
  `updated_at` timestamp NULL DEFAULT NULL
) ENGINE=InnoDB DEFAULT CHARSET=utf8mb4 COLLATE=utf8mb4_unicode_ci;

-- --------------------------------------------------------

--
-- Table structure for table `fleets`
--

CREATE TABLE `fleets` (
  `id` char(36) CHARACTER SET utf8mb4 COLLATE utf8mb4_unicode_ci NOT NULL,
  `driver_id` int UNSIGNED DEFAULT NULL,
  `fleet_id` varchar(191) CHARACTER SET utf8mb4 COLLATE utf8mb4_unicode_ci DEFAULT NULL,
  `qr_image` text CHARACTER SET utf8mb4 COLLATE utf8mb4_unicode_ci,
  `owner_id` int UNSIGNED NOT NULL,
  `brand` int UNSIGNED DEFAULT NULL,
  `custom_make` varchar(191) CHARACTER SET utf8mb4 COLLATE utf8mb4_unicode_ci DEFAULT NULL,
  `model` int UNSIGNED DEFAULT NULL,
  `custom_model` varchar(191) CHARACTER SET utf8mb4 COLLATE utf8mb4_unicode_ci DEFAULT NULL,
  `license_number` varchar(191) CHARACTER SET utf8mb4 COLLATE utf8mb4_unicode_ci DEFAULT NULL,
  `permission_number` varchar(191) CHARACTER SET utf8mb4 COLLATE utf8mb4_unicode_ci DEFAULT NULL,
  `vehicle_type` char(36) CHARACTER SET utf8mb4 COLLATE utf8mb4_unicode_ci NOT NULL,
  `car_color` varchar(191) CHARACTER SET utf8mb4 COLLATE utf8mb4_unicode_ci DEFAULT NULL,
  `class_one` tinyint(1) NOT NULL DEFAULT '0',
  `class_two` tinyint(1) NOT NULL DEFAULT '0',
  `active` tinyint(1) NOT NULL DEFAULT '1',
  `approve` tinyint(1) NOT NULL DEFAULT '0',
  `status` varchar(191) CHARACTER SET utf8mb4 COLLATE utf8mb4_unicode_ci NOT NULL DEFAULT '2',
  `reason` text CHARACTER SET utf8mb4 COLLATE utf8mb4_unicode_ci,
  `created_at` timestamp NULL DEFAULT NULL,
  `updated_at` timestamp NULL DEFAULT NULL,
  `deleted_at` timestamp NULL DEFAULT NULL
) ENGINE=InnoDB DEFAULT CHARSET=utf8mb4 COLLATE=utf8mb4_unicode_ci;

-- --------------------------------------------------------

--
-- Table structure for table `fleet_documents`
--

CREATE TABLE `fleet_documents` (
  `id` char(36) CHARACTER SET utf8mb4 COLLATE utf8mb4_unicode_ci NOT NULL,
  `fleet_id` char(36) CHARACTER SET utf8mb4 COLLATE utf8mb4_unicode_ci NOT NULL,
  `name` varchar(191) CHARACTER SET utf8mb4 COLLATE utf8mb4_unicode_ci NOT NULL,
  `image` varchar(191) CHARACTER SET utf8mb4 COLLATE utf8mb4_unicode_ci NOT NULL,
  `back_image` varchar(191) CHARACTER SET utf8mb4 COLLATE utf8mb4_unicode_ci DEFAULT NULL,
  `expiry_date` timestamp NULL DEFAULT NULL,
  `identify_number` varchar(191) CHARACTER SET utf8mb4 COLLATE utf8mb4_unicode_ci DEFAULT NULL,
  `created_at` timestamp NULL DEFAULT NULL,
  `updated_at` timestamp NULL DEFAULT NULL,
  `deleted_at` timestamp NULL DEFAULT NULL,
  `document_id` int UNSIGNED NOT NULL,
  `document_status` int NOT NULL DEFAULT '2',
  `comment` text CHARACTER SET utf8mb4 COLLATE utf8mb4_unicode_ci
) ENGINE=InnoDB DEFAULT CHARSET=utf8mb4 COLLATE=utf8mb4_unicode_ci;

-- --------------------------------------------------------

--
-- Table structure for table `fleet_needed_documents`
--

CREATE TABLE `fleet_needed_documents` (
  `id` int UNSIGNED NOT NULL,
  `name` varchar(191) CHARACTER SET utf8mb4 COLLATE utf8mb4_unicode_ci NOT NULL,
  `document_name_front` varchar(191) CHARACTER SET utf8mb4 COLLATE utf8mb4_unicode_ci DEFAULT NULL,
  `document_name_back` varchar(191) CHARACTER SET utf8mb4 COLLATE utf8mb4_unicode_ci DEFAULT NULL,
  `image_type` varchar(191) CHARACTER SET utf8mb4 COLLATE utf8mb4_unicode_ci DEFAULT NULL,
  `is_editable` tinyint(1) NOT NULL DEFAULT '1',
  `doc_type` varchar(191) CHARACTER SET utf8mb4 COLLATE utf8mb4_unicode_ci NOT NULL DEFAULT 'image',
  `has_identify_number` tinyint(1) NOT NULL DEFAULT '0',
  `identify_number_locale_key` varchar(191) CHARACTER SET utf8mb4 COLLATE utf8mb4_unicode_ci DEFAULT NULL,
  `has_expiry_date` tinyint(1) NOT NULL DEFAULT '0',
  `is_required` tinyint(1) NOT NULL DEFAULT '1',
  `active` tinyint(1) NOT NULL DEFAULT '0',
  `created_at` timestamp NULL DEFAULT NULL,
  `updated_at` timestamp NULL DEFAULT NULL
) ENGINE=InnoDB DEFAULT CHARSET=utf8mb4 COLLATE=utf8mb4_unicode_ci;

--
-- Dumping data for table `fleet_needed_documents`
--

INSERT INTO `fleet_needed_documents` (`id`, `name`, `document_name_front`, `document_name_back`, `image_type`, `is_editable`, `doc_type`, `has_identify_number`, `identify_number_locale_key`, `has_expiry_date`, `is_required`, `active`, `created_at`, `updated_at`) VALUES
(1, 'Operator Licence', NULL, NULL, 'front', 0, 'image', 1, 'Ref Number', 1, 1, 1, '2026-01-27 12:41:53', '2026-01-27 12:41:53');

-- --------------------------------------------------------

--
-- Table structure for table `goods_types`
--

CREATE TABLE `goods_types` (
  `id` int UNSIGNED NOT NULL,
  `goods_type_name` varchar(191) CHARACTER SET utf8mb4 COLLATE utf8mb4_unicode_ci NOT NULL,
  `translation_dataset` text CHARACTER SET utf8mb4 COLLATE utf8mb4_unicode_ci,
  `goods_types_for` enum('truck','motor_bike','both') CHARACTER SET utf8mb4 COLLATE utf8mb4_unicode_ci DEFAULT NULL,
  `company_key` varchar(191) CHARACTER SET utf8mb4 COLLATE utf8mb4_unicode_ci DEFAULT NULL,
  `active` tinyint(1) NOT NULL DEFAULT '1',
  `created_at` timestamp NULL DEFAULT NULL,
  `updated_at` timestamp NULL DEFAULT NULL
) ENGINE=InnoDB DEFAULT CHARSET=utf8mb4 COLLATE=utf8mb4_unicode_ci;

--
-- Dumping data for table `goods_types`
--

INSERT INTO `goods_types` (`id`, `goods_type_name`, `translation_dataset`, `goods_types_for`, `company_key`, `active`, `created_at`, `updated_at`) VALUES
(1, 'Timber/Plywood/Laminate', '{\"en\":{\"locale\":\"en\",\"name\":\"Timber\\/Plywood\\/Laminate\"}}', 'both', NULL, 1, '2026-01-26 08:21:04', '2026-01-26 08:21:04'),
(2, 'Electrical/Electronics/Home Appliances', '{\"en\":{\"locale\":\"en\",\"name\":\"Electrical\\/Electronics\\/Home Appliances\"}}', 'both', NULL, 1, '2026-01-26 08:21:04', '2026-01-26 08:21:04'),
(3, 'Building/Construction', '{\"en\":{\"locale\":\"en\",\"name\":\"Building\\/Construction\"}}', 'both', NULL, 1, '2026-01-26 08:21:04', '2026-01-26 08:21:04'),
(4, 'Catering/Restaurant/Event Management', '{\"en\":{\"locale\":\"en\",\"name\":\"Catering\\/Restaurant\\/Event Management\"}}', 'both', NULL, 1, '2026-01-26 08:21:04', '2026-01-26 08:21:04'),
(5, 'Machines/Equipments/Spare Parts/Metals', '{\"en\":{\"locale\":\"en\",\"name\":\"Machines\\/Equipments\\/Spare Parts\\/Metals\"}}', 'both', NULL, 1, '2026-01-26 08:21:04', '2026-01-26 08:21:04'),
(6, 'Textile/Garments/Fashion Accessories', '{\"en\":{\"locale\":\"en\",\"name\":\"Textile\\/Garments\\/Fashion Accessories\"}}', 'both', NULL, 1, '2026-01-26 08:21:04', '2026-01-26 08:21:04'),
(7, 'Furniture/Home Furnishing', '{\"en\":{\"locale\":\"en\",\"name\":\"Furniture\\/Home Furnishing\"}}', 'both', NULL, 1, '2026-01-26 08:21:04', '2026-01-26 08:21:04'),
(8, 'House Shifting', '{\"en\":{\"locale\":\"en\",\"name\":\"House Shifting\"}}', 'both', NULL, 1, '2026-01-26 08:21:05', '2026-01-26 08:21:05'),
(9, 'Ceramics/Sanitaryware/HardWare', '{\"en\":{\"locale\":\"en\",\"name\":\"Ceramics\\/Sanitaryware\\/HardWare\"}}', 'both', NULL, 1, '2026-01-26 08:21:05', '2026-01-26 08:21:05'),
(10, 'Paper/Packaging/Printed Material', '{\"en\":{\"locale\":\"en\",\"name\":\"Paper\\/Packaging\\/Printed Material\"}}', 'both', NULL, 1, '2026-01-26 08:21:05', '2026-01-26 08:21:05'),
(11, 'Chemicals/Paints', '{\"en\":{\"locale\":\"en\",\"name\":\"Chemicals\\/Paints\"}}', 'both', NULL, 1, '2026-01-26 08:21:05', '2026-01-26 08:21:05'),
(12, 'Logistics service provider/Packers and Movers', '{\"en\":{\"locale\":\"en\",\"name\":\"Logistics service provider\\/Packers and Movers\"}}', 'both', NULL, 1, '2026-01-26 08:21:05', '2026-01-26 08:21:05'),
(13, 'Perishable Food Items', '{\"en\":{\"locale\":\"en\",\"name\":\"Perishable Food Items\"}}', 'both', NULL, 1, '2026-01-26 08:21:05', '2026-01-26 08:21:05'),
(14, 'Pharmacy/Medical?Healthcare/Fitness Equipment', '{\"en\":{\"locale\":\"en\",\"name\":\"Pharmacy\\/Medical?Healthcare\\/Fitness Equipment\"}}', 'both', NULL, 1, '2026-01-26 08:21:05', '2026-01-26 08:21:05'),
(15, 'FMCG/Food Products', '{\"en\":{\"locale\":\"en\",\"name\":\"FMCG\\/Food Products\"}}', 'both', NULL, 1, '2026-01-26 08:21:05', '2026-01-26 08:21:05'),
(16, 'Jewelry/Watches', '{\"en\":{\"locale\":\"en\",\"name\":\"Jewelry\\/Watches\"}}', 'both', NULL, 1, '2026-01-26 08:21:05', '2026-01-26 08:21:05'),
(17, 'Plastic/Rubber', '{\"en\":{\"locale\":\"en\",\"name\":\"Plastic\\/Rubber\"}}', 'both', NULL, 1, '2026-01-26 08:21:05', '2026-01-26 08:21:05'),
(18, 'Books/Stationery/Toys/Gifts', '{\"en\":{\"locale\":\"en\",\"name\":\"Books\\/Stationery\\/Toys\\/Gifts\"}}', 'both', NULL, 1, '2026-01-26 08:21:05', '2026-01-26 08:21:06');

-- --------------------------------------------------------

--
-- Table structure for table `goods_type_translations`
--

CREATE TABLE `goods_type_translations` (
  `id` int UNSIGNED NOT NULL,
  `goods_type_id` int UNSIGNED NOT NULL,
  `name` varchar(191) CHARACTER SET utf8mb4 COLLATE utf8mb4_unicode_ci NOT NULL,
  `locale` varchar(191) CHARACTER SET utf8mb4 COLLATE utf8mb4_unicode_ci NOT NULL,
  `created_at` timestamp NULL DEFAULT NULL,
  `updated_at` timestamp NULL DEFAULT NULL
) ENGINE=InnoDB DEFAULT CHARSET=utf8mb4 COLLATE=utf8mb4_unicode_ci;

--
-- Dumping data for table `goods_type_translations`
--

INSERT INTO `goods_type_translations` (`id`, `goods_type_id`, `name`, `locale`, `created_at`, `updated_at`) VALUES
(1, 1, 'Timber/Plywood/Laminate', 'en', NULL, NULL),
(2, 2, 'Electrical/Electronics/Home Appliances', 'en', NULL, NULL),
(3, 3, 'Building/Construction', 'en', NULL, NULL),
(4, 4, 'Catering/Restaurant/Event Management', 'en', NULL, NULL),
(5, 5, 'Machines/Equipments/Spare Parts/Metals', 'en', NULL, NULL),
(6, 6, 'Textile/Garments/Fashion Accessories', 'en', NULL, NULL),
(7, 7, 'Furniture/Home Furnishing', 'en', NULL, NULL),
(8, 8, 'House Shifting', 'en', NULL, NULL),
(9, 9, 'Ceramics/Sanitaryware/HardWare', 'en', NULL, NULL),
(10, 10, 'Paper/Packaging/Printed Material', 'en', NULL, NULL),
(11, 11, 'Chemicals/Paints', 'en', NULL, NULL),
(12, 12, 'Logistics service provider/Packers and Movers', 'en', NULL, NULL),
(13, 13, 'Perishable Food Items', 'en', NULL, NULL),
(14, 14, 'Pharmacy/Medical?Healthcare/Fitness Equipment', 'en', NULL, NULL),
(15, 15, 'FMCG/Food Products', 'en', NULL, NULL),
(16, 16, 'Jewelry/Watches', 'en', NULL, NULL),
(17, 17, 'Plastic/Rubber', 'en', NULL, NULL),
(18, 18, 'Books/Stationery/Toys/Gifts', 'en', NULL, NULL);

-- --------------------------------------------------------

--
-- Table structure for table `incentives`
--

CREATE TABLE `incentives` (
  `id` char(36) CHARACTER SET utf8mb4 COLLATE utf8mb4_unicode_ci NOT NULL,
  `zone_type_id` char(36) CHARACTER SET utf8mb4 COLLATE utf8mb4_unicode_ci DEFAULT NULL,
  `ride_count` int NOT NULL,
  `amount` double NOT NULL,
  `mode` enum('daily','weekly') CHARACTER SET utf8mb4 COLLATE utf8mb4_unicode_ci NOT NULL DEFAULT 'daily',
  `created_at` timestamp NULL DEFAULT NULL,
  `updated_at` timestamp NULL DEFAULT NULL
) ENGINE=InnoDB DEFAULT CHARSET=utf8mb4 COLLATE=utf8mb4_unicode_ci;

-- --------------------------------------------------------

--
-- Table structure for table `invoice_configurations`
--

CREATE TABLE `invoice_configurations` (
  `id` char(36) CHARACTER SET utf8mb4 COLLATE utf8mb4_unicode_ci NOT NULL,
  `name` varchar(191) CHARACTER SET utf8mb4 COLLATE utf8mb4_unicode_ci NOT NULL,
  `value` varchar(191) CHARACTER SET utf8mb4 COLLATE utf8mb4_unicode_ci DEFAULT NULL,
  `module` varchar(191) CHARACTER SET utf8mb4 COLLATE utf8mb4_unicode_ci DEFAULT NULL,
  `created_at` timestamp NULL DEFAULT NULL,
  `updated_at` timestamp NULL DEFAULT NULL
) ENGINE=InnoDB DEFAULT CHARSET=utf8mb4 COLLATE=utf8mb4_unicode_ci;

--
-- Dumping data for table `invoice_configurations`
--

INSERT INTO `invoice_configurations` (`id`, `name`, `value`, `module`, `created_at`, `updated_at`) VALUES
('5be63385-67f3-4715-946e-c47641b24c93', 'invoice_email', 'dilip@misoftwares.com', 'invoice_configuration', '2026-01-26 08:21:09', '2026-02-05 09:27:23'),
('818b0046-1c24-4062-80bf-3d1ea169dca6', 'terms_and_conditions_link', 'https://test-server.ondemandappz.com/terms', 'invoice_configuration', '2026-01-26 08:21:09', '2026-01-26 08:21:09'),
('92b6514b-57d5-47a0-8375-bed8e8d39761', 'privacy_policy_link', 'Test', 'invoice_configuration', '2026-01-26 08:21:09', '2026-01-26 08:21:09'),
('d17ed8fa-6b49-409e-adfa-18e566e8ee51', 'invoice_email', 'dilip@misoftwares.com', 'invoice_configuration', '2026-01-26 08:21:09', '2026-01-26 08:21:09');

-- --------------------------------------------------------

--
-- Table structure for table `jobs`
--

CREATE TABLE `jobs` (
  `id` bigint UNSIGNED NOT NULL,
  `queue` varchar(191) CHARACTER SET utf8mb4 COLLATE utf8mb4_unicode_ci NOT NULL,
  `payload` longtext CHARACTER SET utf8mb4 COLLATE utf8mb4_unicode_ci NOT NULL,
  `attempts` tinyint UNSIGNED NOT NULL,
  `reserved_at` int UNSIGNED DEFAULT NULL,
  `available_at` int UNSIGNED NOT NULL,
  `created_at` int UNSIGNED NOT NULL
) ENGINE=InnoDB DEFAULT CHARSET=utf8mb4 COLLATE=utf8mb4_unicode_ci;

-- --------------------------------------------------------

--
-- Table structure for table `landingpagecms`
--

CREATE TABLE `landingpagecms` (
  `id` int NOT NULL,
  `userid` int NOT NULL,
  `tabfaviconfile` text CHARACTER SET utf8mb4 COLLATE utf8mb4_unicode_ci NOT NULL,
  `faviconfile` text CHARACTER SET utf8mb4 COLLATE utf8mb4_unicode_ci NOT NULL,
  `bannerimage` text CHARACTER SET utf8mb4 COLLATE utf8mb4_unicode_ci NOT NULL,
  `description` text CHARACTER SET utf8mb4 COLLATE utf8mb4_unicode_ci NOT NULL,
  `playstoreicon1` text CHARACTER SET utf8mb4 COLLATE utf8mb4_unicode_ci NOT NULL,
  `playstoreicon2` text CHARACTER SET utf8mb4 COLLATE utf8mb4_unicode_ci NOT NULL,
  `firstrowimage1` text CHARACTER SET utf8mb4 COLLATE utf8mb4_unicode_ci NOT NULL,
  `firstrowheadtext1` text CHARACTER SET utf8mb4 COLLATE utf8mb4_unicode_ci NOT NULL,
  `firstrowsubtext1` text CHARACTER SET utf8mb4 COLLATE utf8mb4_unicode_ci NOT NULL,
  `firstrowimage2` text CHARACTER SET utf8mb4 COLLATE utf8mb4_unicode_ci NOT NULL,
  `firstrowheadtext2` text CHARACTER SET utf8mb4 COLLATE utf8mb4_unicode_ci NOT NULL,
  `firstrowsubtext2` text CHARACTER SET utf8mb4 COLLATE utf8mb4_unicode_ci NOT NULL,
  `firstrowimage3` text CHARACTER SET utf8mb4 COLLATE utf8mb4_unicode_ci NOT NULL,
  `firstrowheadtext3` text CHARACTER SET utf8mb4 COLLATE utf8mb4_unicode_ci NOT NULL,
  `firstrowsubtext3` text CHARACTER SET utf8mb4 COLLATE utf8mb4_unicode_ci NOT NULL,
  `secondrowimage1` text CHARACTER SET utf8mb4 COLLATE utf8mb4_unicode_ci NOT NULL,
  `secondrowheadtext1` text CHARACTER SET utf8mb4 COLLATE utf8mb4_unicode_ci NOT NULL,
  `secondrowimage2` text CHARACTER SET utf8mb4 COLLATE utf8mb4_unicode_ci NOT NULL,
  `secondrowheadtext2` text CHARACTER SET utf8mb4 COLLATE utf8mb4_unicode_ci NOT NULL,
  `secondrowimage3` text CHARACTER SET utf8mb4 COLLATE utf8mb4_unicode_ci NOT NULL,
  `secondrowheadtext3` text CHARACTER SET utf8mb4 COLLATE utf8mb4_unicode_ci NOT NULL,
  `footertextsub` text CHARACTER SET utf8mb4 COLLATE utf8mb4_unicode_ci NOT NULL,
  `footercopytextsub` text CHARACTER SET utf8mb4 COLLATE utf8mb4_unicode_ci NOT NULL,
  `footerlogo` text CHARACTER SET utf8mb4 COLLATE utf8mb4_unicode_ci NOT NULL,
  `footerinstagramlink` text CHARACTER SET utf8mb4 COLLATE utf8mb4_unicode_ci NOT NULL,
  `footerfacebooklink` text CHARACTER SET utf8mb4 COLLATE utf8mb4_unicode_ci NOT NULL,
  `safety` text CHARACTER SET utf8mb4 COLLATE utf8mb4_unicode_ci NOT NULL,
  `safetytext` longtext CHARACTER SET utf8mb4 COLLATE utf8mb4_unicode_ci NOT NULL,
  `serviceheadtext` text CHARACTER SET utf8mb4 COLLATE utf8mb4_unicode_ci NOT NULL,
  `servicesubtext` text CHARACTER SET utf8mb4 COLLATE utf8mb4_unicode_ci NOT NULL,
  `serviceimage` longtext CHARACTER SET utf8mb4 COLLATE utf8mb4_unicode_ci NOT NULL,
  `privacy` longtext CHARACTER SET utf8mb4 COLLATE utf8mb4_unicode_ci NOT NULL,
  `dmv` longtext CHARACTER SET utf8mb4 COLLATE utf8mb4_unicode_ci NOT NULL,
  `complaince` longtext CHARACTER SET utf8mb4 COLLATE utf8mb4_unicode_ci NOT NULL,
  `terms` longtext CHARACTER SET utf8mb4 COLLATE utf8mb4_unicode_ci NOT NULL,
  `frimage` text CHARACTER SET utf8mb4 COLLATE utf8mb4_unicode_ci NOT NULL,
  `frtext` longtext CHARACTER SET utf8mb4 COLLATE utf8mb4_unicode_ci NOT NULL,
  `srimage` text CHARACTER SET utf8mb4 COLLATE utf8mb4_unicode_ci NOT NULL,
  `srtext` longtext CHARACTER SET utf8mb4 COLLATE utf8mb4_unicode_ci NOT NULL,
  `trimage` text CHARACTER SET utf8mb4 COLLATE utf8mb4_unicode_ci NOT NULL,
  `trtext` longtext CHARACTER SET utf8mb4 COLLATE utf8mb4_unicode_ci NOT NULL,
  `afrimage` text CHARACTER SET utf8mb4 COLLATE utf8mb4_unicode_ci NOT NULL,
  `afrhtext` text CHARACTER SET utf8mb4 COLLATE utf8mb4_unicode_ci NOT NULL,
  `afrstext` text CHARACTER SET utf8mb4 COLLATE utf8mb4_unicode_ci NOT NULL,
  `asrtext` text CHARACTER SET utf8mb4 COLLATE utf8mb4_unicode_ci NOT NULL,
  `asrimage1` text CHARACTER SET utf8mb4 COLLATE utf8mb4_unicode_ci NOT NULL,
  `asrhtext1` text CHARACTER SET utf8mb4 COLLATE utf8mb4_unicode_ci NOT NULL,
  `asrstext1` text CHARACTER SET utf8mb4 COLLATE utf8mb4_unicode_ci NOT NULL,
  `asrimage2` text CHARACTER SET utf8mb4 COLLATE utf8mb4_unicode_ci NOT NULL,
  `asrhtext2` text CHARACTER SET utf8mb4 COLLATE utf8mb4_unicode_ci NOT NULL,
  `asrstext2` text CHARACTER SET utf8mb4 COLLATE utf8mb4_unicode_ci NOT NULL,
  `asrimage3` text CHARACTER SET utf8mb4 COLLATE utf8mb4_unicode_ci NOT NULL,
  `asrhtext3` text CHARACTER SET utf8mb4 COLLATE utf8mb4_unicode_ci NOT NULL,
  `asrstext3` text CHARACTER SET utf8mb4 COLLATE utf8mb4_unicode_ci NOT NULL,
  `atrhtext` text CHARACTER SET utf8mb4 COLLATE utf8mb4_unicode_ci NOT NULL,
  `atrthtext1` text CHARACTER SET utf8mb4 COLLATE utf8mb4_unicode_ci NOT NULL,
  `atrtimage1` text CHARACTER SET utf8mb4 COLLATE utf8mb4_unicode_ci NOT NULL,
  `atrtstext1` text CHARACTER SET utf8mb4 COLLATE utf8mb4_unicode_ci NOT NULL,
  `atrthtext2` text CHARACTER SET utf8mb4 COLLATE utf8mb4_unicode_ci NOT NULL,
  `atrtimage2` text CHARACTER SET utf8mb4 COLLATE utf8mb4_unicode_ci NOT NULL,
  `atrtstext2` text CHARACTER SET utf8mb4 COLLATE utf8mb4_unicode_ci NOT NULL,
  `atrthtext3` text CHARACTER SET utf8mb4 COLLATE utf8mb4_unicode_ci NOT NULL,
  `atrtimage3` text CHARACTER SET utf8mb4 COLLATE utf8mb4_unicode_ci NOT NULL,
  `atrtstext3` text CHARACTER SET utf8mb4 COLLATE utf8mb4_unicode_ci NOT NULL,
  `afrbimage` text CHARACTER SET utf8mb4 COLLATE utf8mb4_unicode_ci NOT NULL,
  `afrlimage` text CHARACTER SET utf8mb4 COLLATE utf8mb4_unicode_ci NOT NULL,
  `afrheadtext` text CHARACTER SET utf8mb4 COLLATE utf8mb4_unicode_ci NOT NULL,
  `afrstext1` text CHARACTER SET utf8mb4 COLLATE utf8mb4_unicode_ci NOT NULL,
  `afrstext2` text CHARACTER SET utf8mb4 COLLATE utf8mb4_unicode_ci NOT NULL,
  `afrstext3` text CHARACTER SET utf8mb4 COLLATE utf8mb4_unicode_ci NOT NULL,
  `afrstext4` text CHARACTER SET utf8mb4 COLLATE utf8mb4_unicode_ci NOT NULL,
  `howbannerimage` text CHARACTER SET utf8mb4 COLLATE utf8mb4_unicode_ci NOT NULL,
  `hfrht1` text CHARACTER SET utf8mb4 COLLATE utf8mb4_unicode_ci NOT NULL,
  `hfrcimage1` text CHARACTER SET utf8mb4 COLLATE utf8mb4_unicode_ci NOT NULL,
  `hfrht2` text CHARACTER SET utf8mb4 COLLATE utf8mb4_unicode_ci NOT NULL,
  `hsrht1` text CHARACTER SET utf8mb4 COLLATE utf8mb4_unicode_ci NOT NULL,
  `hsrcimage1` text CHARACTER SET utf8mb4 COLLATE utf8mb4_unicode_ci NOT NULL,
  `hsrht2` text CHARACTER SET utf8mb4 COLLATE utf8mb4_unicode_ci NOT NULL,
  `htrht1` text CHARACTER SET utf8mb4 COLLATE utf8mb4_unicode_ci NOT NULL,
  `htrcimage1` text CHARACTER SET utf8mb4 COLLATE utf8mb4_unicode_ci NOT NULL,
  `htrht2` text CHARACTER SET utf8mb4 COLLATE utf8mb4_unicode_ci NOT NULL,
  `hforht1` text CHARACTER SET utf8mb4 COLLATE utf8mb4_unicode_ci NOT NULL,
  `hforcimage1` text CHARACTER SET utf8mb4 COLLATE utf8mb4_unicode_ci NOT NULL,
  `hforht2` text CHARACTER SET utf8mb4 COLLATE utf8mb4_unicode_ci NOT NULL,
  `hfirht1` text CHARACTER SET utf8mb4 COLLATE utf8mb4_unicode_ci NOT NULL,
  `hfircimage1` text CHARACTER SET utf8mb4 COLLATE utf8mb4_unicode_ci NOT NULL,
  `hfirht2` text CHARACTER SET utf8mb4 COLLATE utf8mb4_unicode_ci NOT NULL,
  `hsirht1` text CHARACTER SET utf8mb4 COLLATE utf8mb4_unicode_ci NOT NULL,
  `hsircimage1` text CHARACTER SET utf8mb4 COLLATE utf8mb4_unicode_ci NOT NULL,
  `hsirht2` text CHARACTER SET utf8mb4 COLLATE utf8mb4_unicode_ci NOT NULL,
  `hserht1` text CHARACTER SET utf8mb4 COLLATE utf8mb4_unicode_ci NOT NULL,
  `hsercimage1` text CHARACTER SET utf8mb4 COLLATE utf8mb4_unicode_ci NOT NULL,
  `hserht2` text CHARACTER SET utf8mb4 COLLATE utf8mb4_unicode_ci NOT NULL,
  `created_at` date NOT NULL,
  `updated_at` date NOT NULL,
  `contactbanner` text CHARACTER SET utf8mb4 COLLATE utf8mb4_unicode_ci NOT NULL,
  `contacttext` longtext CHARACTER SET utf8mb4 COLLATE utf8mb4_unicode_ci NOT NULL,
  `contactmap` longtext CHARACTER SET utf8mb4 COLLATE utf8mb4_unicode_ci NOT NULL,
  `driverioslink` text CHARACTER SET utf8mb4 COLLATE utf8mb4_unicode_ci NOT NULL,
  `driverandroidlink` text CHARACTER SET utf8mb4 COLLATE utf8mb4_unicode_ci NOT NULL,
  `userioslink` text CHARACTER SET utf8mb4 COLLATE utf8mb4_unicode_ci NOT NULL,
  `userandroidlink` text CHARACTER SET utf8mb4 COLLATE utf8mb4_unicode_ci NOT NULL,
  `menucolor` text CHARACTER SET utf8mb4 COLLATE utf8mb4_unicode_ci NOT NULL,
  `menutextcolor` text CHARACTER SET utf8mb4 COLLATE utf8mb4_unicode_ci NOT NULL,
  `menutexthover` text CHARACTER SET utf8mb4 COLLATE utf8mb4_unicode_ci NOT NULL,
  `firstrowbgcolor` text CHARACTER SET utf8mb4 COLLATE utf8mb4_unicode_ci NOT NULL,
  `hdriverdownloadcolor` text CHARACTER SET utf8mb4 COLLATE utf8mb4_unicode_ci NOT NULL,
  `hownumberbgcolor` text CHARACTER SET utf8mb4 COLLATE utf8mb4_unicode_ci NOT NULL,
  `footerbgcolor` text CHARACTER SET utf8mb4 COLLATE utf8mb4_unicode_ci NOT NULL,
  `web_booking_logo` text CHARACTER SET utf8mb4 COLLATE utf8mb4_unicode_ci,
  `web_booking_taxi` text CHARACTER SET utf8mb4 COLLATE utf8mb4_unicode_ci,
  `web_booking_rental` text CHARACTER SET utf8mb4 COLLATE utf8mb4_unicode_ci,
  `web_booking_delivery` text CHARACTER SET utf8mb4 COLLATE utf8mb4_unicode_ci,
  `web_booking_history` text CHARACTER SET utf8mb4 COLLATE utf8mb4_unicode_ci,
  `web_booking_track` text CHARACTER SET utf8mb4 COLLATE utf8mb4_unicode_ci,
  `invoice_logo` text CHARACTER SET utf8mb4 COLLATE utf8mb4_unicode_ci,
  `privacy_policy_link` text CHARACTER SET utf8mb4 COLLATE utf8mb4_unicode_ci,
  `terms_and_conditions_link` text CHARACTER SET utf8mb4 COLLATE utf8mb4_unicode_ci,
  `invoice_email` text CHARACTER SET utf8mb4 COLLATE utf8mb4_unicode_ci
) ENGINE=InnoDB DEFAULT CHARSET=utf8mb4 COLLATE=utf8mb4_unicode_ci;

-- --------------------------------------------------------

--
-- Table structure for table `landing_abouts`
--

CREATE TABLE `landing_abouts` (
  `id` char(36) CHARACTER SET utf8mb4 COLLATE utf8mb4_unicode_ci NOT NULL,
  `hero_title` text CHARACTER SET utf8mb4 COLLATE utf8mb4_unicode_ci,
  `about_heading` text CHARACTER SET utf8mb4 COLLATE utf8mb4_unicode_ci,
  `about_title` longtext CHARACTER SET utf8mb4 COLLATE utf8mb4_unicode_ci,
  `about_para` longtext CHARACTER SET utf8mb4 COLLATE utf8mb4_unicode_ci,
  `about_lists` text CHARACTER SET utf8mb4 COLLATE utf8mb4_unicode_ci,
  `about_img` longtext CHARACTER SET utf8mb4 COLLATE utf8mb4_unicode_ci,
  `ceo_name` text CHARACTER SET utf8mb4 COLLATE utf8mb4_unicode_ci,
  `ceo_title` text CHARACTER SET utf8mb4 COLLATE utf8mb4_unicode_ci,
  `signature` text CHARACTER SET utf8mb4 COLLATE utf8mb4_unicode_ci,
  `ceo_para` longtext CHARACTER SET utf8mb4 COLLATE utf8mb4_unicode_ci,
  `ceo_img` text CHARACTER SET utf8mb4 COLLATE utf8mb4_unicode_ci,
  `vision_mision_heading` text CHARACTER SET utf8mb4 COLLATE utf8mb4_unicode_ci,
  `vision_title` longtext CHARACTER SET utf8mb4 COLLATE utf8mb4_unicode_ci,
  `vision_para` longtext CHARACTER SET utf8mb4 COLLATE utf8mb4_unicode_ci,
  `mission_title` text CHARACTER SET utf8mb4 COLLATE utf8mb4_unicode_ci,
  `mission_para` longtext CHARACTER SET utf8mb4 COLLATE utf8mb4_unicode_ci,
  `team_title` text CHARACTER SET utf8mb4 COLLATE utf8mb4_unicode_ci,
  `team_para` longtext CHARACTER SET utf8mb4 COLLATE utf8mb4_unicode_ci,
  `team_members` text CHARACTER SET utf8mb4 COLLATE utf8mb4_unicode_ci,
  `testimonial_heading` text CHARACTER SET utf8mb4 COLLATE utf8mb4_unicode_ci,
  `testimonial_content` text CHARACTER SET utf8mb4 COLLATE utf8mb4_unicode_ci,
  `locale` text CHARACTER SET utf8mb4 COLLATE utf8mb4_unicode_ci,
  `language` text CHARACTER SET utf8mb4 COLLATE utf8mb4_unicode_ci,
  `direction` text CHARACTER SET utf8mb4 COLLATE utf8mb4_unicode_ci,
  `created_at` timestamp NULL DEFAULT NULL,
  `updated_at` timestamp NULL DEFAULT NULL
) ENGINE=InnoDB DEFAULT CHARSET=utf8mb4 COLLATE=utf8mb4_unicode_ci;

--
-- Dumping data for table `landing_abouts`
--

INSERT INTO `landing_abouts` (`id`, `hero_title`, `about_heading`, `about_title`, `about_para`, `about_lists`, `about_img`, `ceo_name`, `ceo_title`, `signature`, `ceo_para`, `ceo_img`, `vision_mision_heading`, `vision_title`, `vision_para`, `mission_title`, `mission_para`, `team_title`, `team_para`, `team_members`, `testimonial_heading`, `testimonial_content`, `locale`, `language`, `direction`, `created_at`, `updated_at`) VALUES
('8188ebc6-62b3-4edf-9f89-bf563c0de704', 'About Us', 'About', 'The Company', 'Contrary to popular belief, Lorem Ipsum is not simply random text. It has roots in a piece of classical Latin literature from 45 BC, making it over 2000 years old. Richard McClintock, a Latin professor at Hampden-Sydney College in Virginia, looked up one of the more obscure Latin words, consectetur, from a Lorem Ipsum passage,', 'Dedicated Team Members,Awesome Services,Customer Support,Quality Assurance', 'company.png', 'The CEO', 'CEO', 'signatures.png', 'It is a long established fact that a reader will be distracted by the readable content of a page when looking at its layout. The point of using Lorem Ipsum is that it has a more-or-less normal distribution of letters, as opposed to using Content here content here, making it look like readable English', 'avatar-4.jpg', 'Our Company’s Vision and Mission', 'Vision', 'It is a long established fact that a reader will be distracted by the readable content of a page when looking at its layout. The point of using Lorem Ipsum is that it has a more-or-less normal distribution of letters, as opposed to using Content here, content here making it look like readable English', 'Mission', 'It is a long established fact that a reader will be distracted by the readable content of a page when looking at its layout. The point of using Lorem Ipsum is that it has a more-or-less normal distribution of letters, as opposed to using Content here, content here making it look like readable English', 'Our Team', 'To achieve this, it would be necessary to have uniform grammar, pronunciation and more common words. If several languages coalesce the grammar.', '[{\"team_member_name\":\"Nancy Mart\",\"team_member_posision\":\"Driver\",\"team_member_image\":\"avatar-2.jpg\"},{\"team_member_name\":\"John Doe\",\"team_member_posision\":\"Driver\",\"team_member_image\":\"avatar-1.jpg\"},{\"team_member_name\":\"Jane Smith\",\"team_member_posision\":\"Driver\",\"team_member_image\":\"avatar-3.jpg\"},{\"team_member_name\":\"Nancy Mart\",\"team_member_posision\":\"Driver\",\"team_member_image\":\"avatar-4.jpg\"}]', 'Testimonial Section', '[{\"testimonial_para\":\"<p>Lorem ipsum dolor sit amet consectetur adipisicing elit. Sed perspiciatis commodi voluptas possimus rerum alias eum necessitatibus reiciendis dolorum praesentium aliquid deserunt, consequatur autem delectus eligendi doloribus, eius quos doloremque.<\\/p>\",\"testimonial_title_1\":\"gregoriusus\",\"testimonial_title_2\":\"sample\"},{\"testimonial_para\":\"<p>Lorem ipsum dolor sit amet consectetur adipisicing elit. Sed perspiciatis commodi voluptas possimus rerum alias eum necessitatibus reiciendis dolorum praesentium aliquid deserunt, consequatur autem delectus eligendi doloribus, eius quos doloremque.<\\/p>\",\"testimonial_title_1\":\"gregoriusus\",\"testimonial_title_2\":\"sample\"},{\"testimonial_para\":\"<p>Lorem ipsum dolor sit amet consectetur adipisicing elit. Sed perspiciatis commodi voluptas possimus rerum alias eum necessitatibus reiciendis dolorum praesentium aliquid deserunt, consequatur autem delectus eligendi doloribus, eius quos doloremque.<\\/p>\",\"testimonial_title_1\":\"gregoriusus\",\"testimonial_title_2\":\"sample\"}]', 'En', 'English', 'ltr', NULL, NULL),
('c1fac947-4b39-43c5-82dc-03ae92da4fc6', 'من نحن', 'عن الشركة', 'الشركة', 'Contrary to popular belief, Lorem Ipsum is not simply random text. It has roots in a piece of classical Latin literature from 45 BC, making it over 2000 years old. Richard McClintock, a Latin professor at Hampden-Sydney College in Virginia, looked up one of the more obscure Latin words, consectetur, from a Lorem Ipsum passage,', 'أعضاء فريق مخلصين، خدمات رائعة، دعم العملاء، ضمان الجودة', 'company.png', 'المدير التنفيذي', 'الرئيس التنفيذي', 'signatures.png', 'It is a long established fact that a reader will be distracted by the readable content of a page when looking at its layout. The point of using Lorem Ipsum is that it has a more-or-less normal distribution of letters, as opposed to using Content here, content here making it look like readable English', 'avatar-4.jpg', 'رؤية ومهمة شركتنا', 'الرؤية', 'It is a long established fact that a reader will be distracted by the readable content of a page when looking at its layout. The point of using Lorem Ipsum is that it has a more-or-less normal distribution of letters, as opposed to using Content here, content here making it look like readable English', 'المهمة', 'It is a long established fact that a reader will be distracted by the readable content of a page when looking at its layout. The point of using Lorem Ipsum is that it has a more-or-less normal distribution of letters, as opposed to using Content here, content here making it look like readable English', 'فريقنا', 'It is a long established fact that a reader will be distracted by the readable content of a page when looking at its layout. The point of using Lorem Ipsum is that it has a more-or-less normal distribution of letters, as opposed to using Content here, content here making it look like readable English', '[{\"team_member_name\":\"\\u0646\\u0627\\u0646\\u0633\\u064a \\u0645\\u0627\\u0631\\u062a\",\"team_member_posision\":\"\\u0633\\u0627\\u0626\\u0642\",\"team_member_image\":\"avatar-2.jpg\"},{\"team_member_name\":\"\\u062c\\u0648\\u0646 \\u062f\\u0648\",\"team_member_posision\":\"\\u0633\\u0627\\u0626\\u0642\",\"team_member_image\":\"avatar-1.jpg\"},{\"team_member_name\":\"\\u062c\\u064a\\u0646 \\u0633\\u0645\\u064a\\u062b\",\"team_member_posision\":\"\\u0633\\u0627\\u0626\\u0642\",\"team_member_image\":\"avatar-3.jpg\"},{\"team_member_name\":\"\\u0646\\u0627\\u0646\\u0633\\u064a \\u0645\\u0627\\u0631\\u062a\",\"team_member_posision\":\"\\u0633\\u0627\\u0626\\u0642\",\"team_member_image\":\"avatar-4.jpg\"}]', 'قسم التوصيات', '[{\"testimonial_para\":\"<p>Lorem ipsum dolor sit amet consectetur adipisicing elit. Sed perspiciatis commodi voluptas possimus rerum alias eum necessitatibus reiciendis dolorum praesentium aliquid deserunt, consequatur autem delectus eligendi doloribus, eius quos doloremque.<\\/p>\",\"testimonial_title_1\":\"\\u063a\\u0631\\u064a\\u063a\\u0648\\u0631\\u064a\\u0648\\u0633\",\"testimonial_title_2\":\"\\u0646\\u0645\\u0648\\u0630\\u062c\"},{\"testimonial_para\":\"<p>Lorem ipsum dolor sit amet consectetur adipisicing elit. Sed perspiciatis commodi voluptas possimus rerum alias eum necessitatibus reiciendis dolorum praesentium aliquid deserunt, consequatur autem delectus eligendi doloribus, eius quos doloremque.<\\/p>\",\"testimonial_title_1\":\"\\u063a\\u0631\\u064a\\u063a\\u0648\\u0631\\u064a\\u0648\\u0633\",\"testimonial_title_2\":\"\\u0646\\u0645\\u0648\\u0630\\u062c\"},{\"testimonial_para\":\"<p>Lorem ipsum dolor sit amet consectetur adipisicing elit. Sed perspiciatis commodi voluptas possimus rerum alias eum necessitatibus reiciendis dolorum praesentium aliquid deserunt, consequatur autem delectus eligendi doloribus, eius quos doloremque.<\\/p>\",\"testimonial_title_1\":\"\\u063a\\u0631\\u064a\\u063a\\u0648\\u0631\\u064a\\u0648\\u0633\",\"testimonial_title_2\":\"\\u0646\\u0645\\u0648\\u0630\\u062c\"}]', 'ar', 'Arabic', 'rtl', NULL, NULL),
('f2d6506f-78ec-4c30-82be-71210988ea32', 'Sobre Nosotros', 'Sobre la Compañía', 'Compañía', 'Contrary to popular belief, Lorem Ipsum is not simply random text. It has roots in a piece of classical Latin literature from 45 BC, making it over 2000 years old. Richard McClintock, a Latin professor at Hampden-Sydney College in Virginia, looked up one of the more obscure Latin words, consectetur, from a Lorem Ipsum passage,', 'Miembros del equipo dedicados, Servicios excepcionales, Soporte al cliente, Garantía de calidad', 'company.png', 'El CEO', 'CEO', 'signatures.png', 'It is a long established fact that a reader will be distracted by the readable content of a page when looking at its layout. The point of using Lorem Ipsum is that it has a more-or-less normal distribution of letters, as opposed to using Content here, content here making it look like readable English', 'avatar-4.jpg', 'Visión y Misión de nuestra empresa', 'Visión', 'It is a long established fact that a reader will be distracted by the readable content of a page when looking at its layout. The point of using Lorem Ipsum is that it has a more-or-less normal distribution of letters, as opposed to using Content here, content here making it look like readable English', 'Misión', 'It is a long established fact that a reader will be distracted by the readable content of a page when looking at its layout. The point of using Lorem Ipsum is that it has a more-or-less normal distribution of letters, as opposed to using Content here, content here making it look like readable English', 'Nuestro Equipo', 'It is a long established fact that a reader will be distracted by the readable content of a page when looking at its layout. The point of using Lorem Ipsum is that it has a more-or-less.', '[{\"team_member_name\":\"Nancy Mart\",\"team_member_posision\":\"Conductor\",\"team_member_image\":\"avatar-2.jpg\"},{\"team_member_name\":\"John Doe\",\"team_member_posision\":\"Conductor\",\"team_member_image\":\"avatar-1.jpg\"},{\"team_member_name\":\"Jane Smith\",\"team_member_posision\":\"Conductor\",\"team_member_image\":\"avatar-3.jpg\"},{\"team_member_name\":\"Nancy Mart\",\"team_member_posision\":\"Conductor\",\"team_member_image\":\"avatar-4.jpg\"}]', 'Sección de Testimonios', '[{\"testimonial_para\":\"<p>Lorem ipsum dolor sit amet consectetur adipisicing elit. Sed perspiciatis commodi voluptas possimus rerum alias eum necessitatibus reiciendis dolorum praesentium aliquid deserunt, consequatur autem delectus eligendi doloribus, eius quos doloremque.<\\/p>\",\"testimonial_title_1\":\"Gregorius\",\"testimonial_title_2\":\"ejemplo\"},{\"testimonial_para\":\"<p>Lorem ipsum dolor sit amet consectetur adipisicing elit. Sed perspiciatis commodi voluptas possimus rerum alias eum necessitatibus reiciendis dolorum praesentium aliquid deserunt, consequatur autem delectus eligendi doloribus, eius quos doloremque.<\\/p>\",\"testimonial_title_1\":\"Gregorius\",\"testimonial_title_2\":\"ejemplo\"},{\"testimonial_para\":\"<p>Lorem ipsum dolor sit amet consectetur adipisicing elit. Sed perspiciatis commodi voluptas possimus rerum alias eum necessitatibus reiciendis dolorum praesentium aliquid deserunt, consequatur autem delectus eligendi doloribus, eius quos doloremque.<\\/p>\",\"testimonial_title_1\":\"Gregorius\",\"testimonial_title_2\":\"ejemplo\"}]', 'es', 'Spanish', 'ltr', NULL, NULL),
('fb394cb9-daad-4101-8194-f0c42885a799', 'À propos de nous', 'À propos', 'L\'entreprise', 'Contrary to popular belief, Lorem Ipsum is not simply random text. It has roots in a piece of classical Latin literature from 45 BC, making it over 2000 years old. Richard McClintock, a Latin professor at Hampden-Sydney College in Virginia, looked up one of the more obscure Latin words, consectetur, from a Lorem Ipsum passage,', 'Membres d\'équipe dédiés, Services exceptionnels, Support client, Assurance qualité', 'company.png', 'Le CEO', 'CEO', 'signatures.png', 'It is a long established fact that a reader will be distracted by the readable content of a page when looking at its layout. The point of using Lorem Ipsum is that it has a more-or-less normal distribution of letters, as opposed to using Content here, content here making it look like readable English', 'avatar-4.jpg', 'Vision et Mission de notre entreprise', 'Vision', 'It is a long established fact that a reader will be distracted by the readable content of a page when looking at its layout. The point of using Lorem Ipsum is that it has a more-or-less normal distribution of letters, as opposed to using Content here, content here making it look like readable English', 'Mission', 'It is a long established fact that a reader will be distracted by the readable content of a page when looking at its layout. The point of using Lorem Ipsum is that it has a more-or-less normal distribution of letters, as opposed to using Content here, content here making it look like readable English', 'Notre équipe', 'It is a long established fact that a reader will be distracted by the readable content of a page when looking at its layout. The point of using Lorem Ipsum is that it has a more-or-less normal distribution of letters, as opposed to using Content here, content here making it look like readable English', '[{\"team_member_name\":\"Nancy Mart\",\"team_member_posision\":\"Conducteur\",\"team_member_image\":\"avatar-2.jpg\"},{\"team_member_name\":\"John Doe\",\"team_member_posision\":\"Conducteur\",\"team_member_image\":\"avatar-1.jpg\"},{\"team_member_name\":\"Jane Smith\",\"team_member_posision\":\"Conducteur\",\"team_member_image\":\"avatar-3.jpg\"},{\"team_member_name\":\"Nancy Mart\",\"team_member_posision\":\"Conducteur\",\"team_member_image\":\"avatar-4.jpg\"}]', 'Section Témoignages', '[{\"testimonial_para\":\"<p>Lorem ipsum dolor sit amet consectetur adipisicing elit. Sed perspiciatis commodi voluptas possimus rerum alias eum necessitatibus reiciendis dolorum praesentium aliquid deserunt, consequatur autem delectus eligendi doloribus, eius quos doloremque.<\\/p>\",\"testimonial_title_1\":\"gregoriusus\",\"testimonial_title_2\":\"exemple\"},{\"testimonial_para\":\"<p>Lorem ipsum dolor sit amet consectetur adipisicing elit. Sed perspiciatis commodi voluptas possimus rerum alias eum necessitatibus reiciendis dolorum praesentium aliquid deserunt, consequatur autem delectus eligendi doloribus, eius quos doloremque.<\\/p>\",\"testimonial_title_1\":\"gregoriusus\",\"testimonial_title_2\":\"exemple\"},{\"testimonial_para\":\"<p>Lorem ipsum dolor sit amet consectetur adipisicing elit. Sed perspiciatis commodi voluptas possimus rerum alias eum necessitatibus reiciendis dolorum praesentium aliquid deserunt, consequatur autem delectus eligendi doloribus, eius quos doloremque.<\\/p>\",\"testimonial_title_1\":\"gregoriusus\",\"testimonial_title_2\":\"exemple\"}]', 'fr', 'French', 'ltr', NULL, NULL);

-- --------------------------------------------------------

--
-- Table structure for table `landing_contacts`
--

CREATE TABLE `landing_contacts` (
  `id` char(36) CHARACTER SET utf8mb4 COLLATE utf8mb4_unicode_ci NOT NULL,
  `hero_title` text CHARACTER SET utf8mb4 COLLATE utf8mb4_unicode_ci,
  `contact_heading` text CHARACTER SET utf8mb4 COLLATE utf8mb4_unicode_ci,
  `contact_para` longtext CHARACTER SET utf8mb4 COLLATE utf8mb4_unicode_ci,
  `contact_address_title` text CHARACTER SET utf8mb4 COLLATE utf8mb4_unicode_ci,
  `contact_address` longtext CHARACTER SET utf8mb4 COLLATE utf8mb4_unicode_ci,
  `contact_phone_title` text CHARACTER SET utf8mb4 COLLATE utf8mb4_unicode_ci,
  `contact_phone` text CHARACTER SET utf8mb4 COLLATE utf8mb4_unicode_ci,
  `contact_mail_title` text CHARACTER SET utf8mb4 COLLATE utf8mb4_unicode_ci,
  `contact_mail` text CHARACTER SET utf8mb4 COLLATE utf8mb4_unicode_ci,
  `contact_web_title` text CHARACTER SET utf8mb4 COLLATE utf8mb4_unicode_ci,
  `contact_web` text CHARACTER SET utf8mb4 COLLATE utf8mb4_unicode_ci,
  `form_name` text CHARACTER SET utf8mb4 COLLATE utf8mb4_unicode_ci,
  `form_mail` text CHARACTER SET utf8mb4 COLLATE utf8mb4_unicode_ci,
  `form_subject` text CHARACTER SET utf8mb4 COLLATE utf8mb4_unicode_ci,
  `form_message` text CHARACTER SET utf8mb4 COLLATE utf8mb4_unicode_ci,
  `form_btn` text CHARACTER SET utf8mb4 COLLATE utf8mb4_unicode_ci,
  `locale` text CHARACTER SET utf8mb4 COLLATE utf8mb4_unicode_ci,
  `language` text CHARACTER SET utf8mb4 COLLATE utf8mb4_unicode_ci,
  `direction` text CHARACTER SET utf8mb4 COLLATE utf8mb4_unicode_ci,
  `created_at` timestamp NULL DEFAULT NULL,
  `updated_at` timestamp NULL DEFAULT NULL
) ENGINE=InnoDB DEFAULT CHARSET=utf8mb4 COLLATE=utf8mb4_unicode_ci;

--
-- Dumping data for table `landing_contacts`
--

INSERT INTO `landing_contacts` (`id`, `hero_title`, `contact_heading`, `contact_para`, `contact_address_title`, `contact_address`, `contact_phone_title`, `contact_phone`, `contact_mail_title`, `contact_mail`, `contact_web_title`, `contact_web`, `form_name`, `form_mail`, `form_subject`, `form_message`, `form_btn`, `locale`, `language`, `direction`, `created_at`, `updated_at`) VALUES
('886d4dfa-3693-4ced-8536-92d828305d0f', 'اتصل', 'تواصل معنا', 'هل لديك سؤال أو استفسار أو تعليق؟ لا It is a long established fact that a reader will be distracted by the readable', 'عنوان المكتب', 'البرمجيات الذكية للتنقل، الطابق الثاني، 37A11، طريIt is a long established fact that a reader will be distracted by the readable41035', 'الجوال', '+91-9876543210', 'البريد الإلكتروني', 'dilip@misoftwares.com', 'الموقع الإلكتروني', 'https://misoftwares.in/', 'الاسم', 'البريد الإلكتروني', 'الموضوع', 'الرسالة', 'إرسال الرسالة', 'ar', 'Arabic', 'rtl', NULL, NULL),
('c14c9f91-5fb3-4669-8a4a-ad09675b6c27', 'Contact', 'Contactez-nous', 'Vous avezIt is a long established fact that a reader will be distracted by the readable envoyer un message. Nous ferons tout notre possible pour répondre rapidement.', 'ADRESSE DU BUREAU', 'Mobility It is a long established fact that a reader will be distracted by the readable Nadu 641035', 'TÉLÉPHONE', '+91-9876543210', 'MAIL', 'dilip@misoftwares.com', 'SITE WEB', 'https://misoftwares.in/', 'Nom', 'Email', 'Sujet', 'Message', 'Envoyer le message', 'fr', 'French', 'ltr', NULL, NULL),
('dd019c09-d5b5-40a2-9381-99055e90c923', 'Contacto', 'Póngase en contacto', '¿Tienes una It is a long established fact that a reader will be distracted by the readableido y envíenos un mensaje. Haremos todo lo posible para responder rápidamente.', 'DIRECCIÓN DE LA OFICINA', 'Mobility IntelligenceIt is a long established fact that a reader will be distracted by the readableTamil Nadu 641035', 'MÓVIL', '+91-9876543210', 'CORREO ELECTRÓNICO', 'dilip@misoftwares.com', 'SITIO WEB', 'https://misoftwares.in/', 'Nombre', 'Correo electrónico', 'Asunto', 'Mensaje', 'Enviar mensaje', 'es', 'Spanish', 'ltr', NULL, NULL),
('e9041b1e-8731-4da4-b5b8-53c3ad65a628', 'Contact', 'Get In Touch', 'Have a question,It is a long established fact that a reader will be distracted by the readable.', 'OFFICE ADDRESS', '<p>Birmingham</p>', 'MOBILE', '+441214440444', 'MAIL', 'Team@kurknu.com', 'WEBSITE', 'https://kurknu.com/', 'Name', 'Email', 'Subject', 'Message', 'Send Message', 'En', 'English', 'ltr', NULL, '2026-01-26 21:28:11');

-- --------------------------------------------------------

--
-- Table structure for table `landing_drivers`
--

CREATE TABLE `landing_drivers` (
  `id` char(36) CHARACTER SET utf8mb4 COLLATE utf8mb4_unicode_ci NOT NULL,
  `hero_title` text CHARACTER SET utf8mb4 COLLATE utf8mb4_unicode_ci,
  `driver_heading_1` text CHARACTER SET utf8mb4 COLLATE utf8mb4_unicode_ci,
  `driver_para` longtext CHARACTER SET utf8mb4 COLLATE utf8mb4_unicode_ci,
  `driver_img_1` text CHARACTER SET utf8mb4 COLLATE utf8mb4_unicode_ci,
  `driver_title_1` text CHARACTER SET utf8mb4 COLLATE utf8mb4_unicode_ci,
  `driver_para_1` longtext CHARACTER SET utf8mb4 COLLATE utf8mb4_unicode_ci,
  `driver_img_2` text CHARACTER SET utf8mb4 COLLATE utf8mb4_unicode_ci,
  `driver_title_2` text CHARACTER SET utf8mb4 COLLATE utf8mb4_unicode_ci,
  `driver_para_2` longtext CHARACTER SET utf8mb4 COLLATE utf8mb4_unicode_ci,
  `driver_img_3` text CHARACTER SET utf8mb4 COLLATE utf8mb4_unicode_ci,
  `driver_title_3` text CHARACTER SET utf8mb4 COLLATE utf8mb4_unicode_ci,
  `driver_para_3` longtext CHARACTER SET utf8mb4 COLLATE utf8mb4_unicode_ci,
  `how_it_work_heading` text CHARACTER SET utf8mb4 COLLATE utf8mb4_unicode_ci,
  `how_it_work_title_1` text CHARACTER SET utf8mb4 COLLATE utf8mb4_unicode_ci,
  `how_it_work_para_1` longtext CHARACTER SET utf8mb4 COLLATE utf8mb4_unicode_ci,
  `how_it_work_img_1` text CHARACTER SET utf8mb4 COLLATE utf8mb4_unicode_ci,
  `how_it_work_title_2` text CHARACTER SET utf8mb4 COLLATE utf8mb4_unicode_ci,
  `how_it_work_para_2` longtext CHARACTER SET utf8mb4 COLLATE utf8mb4_unicode_ci,
  `how_it_work_img_2` text CHARACTER SET utf8mb4 COLLATE utf8mb4_unicode_ci,
  `how_it_work_title_3` text CHARACTER SET utf8mb4 COLLATE utf8mb4_unicode_ci,
  `how_it_work_para_3` longtext CHARACTER SET utf8mb4 COLLATE utf8mb4_unicode_ci,
  `how_it_work_img_3` text CHARACTER SET utf8mb4 COLLATE utf8mb4_unicode_ci,
  `how_it_work_title_4` text CHARACTER SET utf8mb4 COLLATE utf8mb4_unicode_ci,
  `how_it_work_para_4` longtext CHARACTER SET utf8mb4 COLLATE utf8mb4_unicode_ci,
  `how_it_work_img_4` text CHARACTER SET utf8mb4 COLLATE utf8mb4_unicode_ci,
  `how_it_work_title_5` text CHARACTER SET utf8mb4 COLLATE utf8mb4_unicode_ci,
  `how_it_work_para_5` longtext CHARACTER SET utf8mb4 COLLATE utf8mb4_unicode_ci,
  `how_it_work_img_5` text CHARACTER SET utf8mb4 COLLATE utf8mb4_unicode_ci,
  `how_it_work_title_6` text CHARACTER SET utf8mb4 COLLATE utf8mb4_unicode_ci,
  `how_it_work_para_6` longtext CHARACTER SET utf8mb4 COLLATE utf8mb4_unicode_ci,
  `how_it_work_img_6` text CHARACTER SET utf8mb4 COLLATE utf8mb4_unicode_ci,
  `how_it_work_title_7` text CHARACTER SET utf8mb4 COLLATE utf8mb4_unicode_ci,
  `how_it_work_para_7` longtext CHARACTER SET utf8mb4 COLLATE utf8mb4_unicode_ci,
  `how_it_work_img_7` text CHARACTER SET utf8mb4 COLLATE utf8mb4_unicode_ci,
  `req_heading` text CHARACTER SET utf8mb4 COLLATE utf8mb4_unicode_ci,
  `req_title` text CHARACTER SET utf8mb4 COLLATE utf8mb4_unicode_ci,
  `req_lists` longtext CHARACTER SET utf8mb4 COLLATE utf8mb4_unicode_ci,
  `req_img` text CHARACTER SET utf8mb4 COLLATE utf8mb4_unicode_ci,
  `vechile_req_title` text CHARACTER SET utf8mb4 COLLATE utf8mb4_unicode_ci,
  `vechile_req_lists` longtext CHARACTER SET utf8mb4 COLLATE utf8mb4_unicode_ci,
  `vechile_req_img` text CHARACTER SET utf8mb4 COLLATE utf8mb4_unicode_ci,
  `doc_req_title` text CHARACTER SET utf8mb4 COLLATE utf8mb4_unicode_ci,
  `doc_req_lists` longtext CHARACTER SET utf8mb4 COLLATE utf8mb4_unicode_ci,
  `doc_req_img` text CHARACTER SET utf8mb4 COLLATE utf8mb4_unicode_ci,
  `locale` text CHARACTER SET utf8mb4 COLLATE utf8mb4_unicode_ci,
  `language` text CHARACTER SET utf8mb4 COLLATE utf8mb4_unicode_ci,
  `direction` text CHARACTER SET utf8mb4 COLLATE utf8mb4_unicode_ci,
  `created_at` timestamp NULL DEFAULT NULL,
  `updated_at` timestamp NULL DEFAULT NULL
) ENGINE=InnoDB DEFAULT CHARSET=utf8mb4 COLLATE=utf8mb4_unicode_ci;

--
-- Dumping data for table `landing_drivers`
--

INSERT INTO `landing_drivers` (`id`, `hero_title`, `driver_heading_1`, `driver_para`, `driver_img_1`, `driver_title_1`, `driver_para_1`, `driver_img_2`, `driver_title_2`, `driver_para_2`, `driver_img_3`, `driver_title_3`, `driver_para_3`, `how_it_work_heading`, `how_it_work_title_1`, `how_it_work_para_1`, `how_it_work_img_1`, `how_it_work_title_2`, `how_it_work_para_2`, `how_it_work_img_2`, `how_it_work_title_3`, `how_it_work_para_3`, `how_it_work_img_3`, `how_it_work_title_4`, `how_it_work_para_4`, `how_it_work_img_4`, `how_it_work_title_5`, `how_it_work_para_5`, `how_it_work_img_5`, `how_it_work_title_6`, `how_it_work_para_6`, `how_it_work_img_6`, `how_it_work_title_7`, `how_it_work_para_7`, `how_it_work_img_7`, `req_heading`, `req_title`, `req_lists`, `req_img`, `vechile_req_title`, `vechile_req_lists`, `vechile_req_img`, `doc_req_title`, `doc_req_lists`, `doc_req_img`, `locale`, `language`, `direction`, `created_at`, `updated_at`) VALUES
('189cc735-cd42-436c-896e-18c9f4ba1938', 'Conducteur', 'Soyez votre propre patron', 'LES HEURES SONT Contrary to popular belief, Lorem Ipsum is not simply random text. It has roots  EN SEMAINE OU LE WEEK-END.', 'app-download.png', 'Télécharger', 'TéléchargezContrary to popular belief, Lorem Ipsum is not simply random text. It has roots otre smartphone.', 'upload.png', 'Télécharger', 'Téléchargez vos Contrary to popular belief, Lorem Ipsum is not simply random text. It has roots  une approbation.', 'drive.png', 'Conduire', 'Conduisez et Contrary to popular belief, Lorem Ipsum is not simply random text. It has roots pour le temps et la distance d\'un trajet plus les pourboires.', 'Comment ça fonctionne', 'Obtenez l\'application', 'Obtenez Contrary to popular belief, Lorem Ipsum is not simply random text. It has roots  Play', 'd1.png', 'Postulez pour conduire', 'Vous pouvez remplir Contrary to popular belief, Lorem Ipsum is not simply random text. It has roots conducteur', 'd2.png', 'Obtenez une approbation', 'Après Contrary to popular belief, Lorem Ipsum is not simply random text. It has roots vous êtes prêt à prendre la route et à commencer à gagner.', 'd3.png', 'Ouvrez l\'application', 'Ouvrez l\'application et activez le mode conducteur', 'd4.png', 'Acceptez', 'Acceptez Contrary to popular belief, Lorem Ipsum is not simply random text. It has roots passager.', 'd5.png', 'Récupérez', 'Contrary to popular belief, Lorem Ipsum is not simply random text. It has roots ', 'd6.png', 'Déposez', 'Contrary to popular belief, Lorem Ipsum is not simply random text. It has roots ', 'd7.png', 'Exigences pour conduire', 'Ce dont vous aurez besoin pour postuler chez nous', 'Vous devez avoir Contrary to popular belief, Lorem Ipsum is not simply random text. It has roots oraires ou d\'autres États sont également acceptables.,\n                                Vous Contrary to popular belief, Lorem Ipsum is not simply random text. It has roots s pour conduire.,\n                                Vous devez avoir un dossier de conduite propre avec une assurance automobile.,\n                                CContrary to popular belief, Lorem Ipsum is not simply random text. It has roots  It has roots ,\n                                Vous devez posséder un smartphone iPhone ou Android pouvant télécharger et exécuter l\'application.', 'drive-apply.png', 'Exigences du véhicule', '2008 ou plus Contrary to popular belief, Lorem Ipsum is not simply random text. It has roots  y compris le siège du conducteur,Véhicule enregistré,*L\'année du véhicule peut varier selon la région', 'taxi-req.png', 'Exigences en matière de documents', 'Photo deContrary to popular belief, Lorem Ipsum is not simply random text. It has roots du véhicule', 'document.png', 'fr', 'French', 'ltr', NULL, NULL),
('2fb774ed-8b8b-4df3-ac85-909b808edeb2', 'Conductor', 'Sé tu propio jefe', 'LAS HORAS SON Contrary to popular belief, Lorem Ipsum is not simply random text. It has roots  SEMANA O LOS FINES DE SEMANA.', 'app-download.png', 'Descargar', 'Descarga la Contrary to popular belief, Lorem Ipsum is not simply random text. It has roots  inteligente.', 'upload.png', 'Subir', 'Sube tusContrary to popular belief, Lorem Ipsum is not simply random text. It has roots  la aprobación.', 'drive.png', 'Conducir', 'Conduce y Contrary to popular belief, Lorem Ipsum is not simply random text. It has roots del viaje, más propinas.', 'Cómo funciona', 'Obtén la app', 'Obtén la Contrary to popular belief, Lorem Ipsum is not simply random text. It has roots  Play', 'd1.png', 'Solicitar para conducir', 'Puedes Contrary to popular belief, Lorem Ipsum is not simply random text. It has roots  conductores.', 'd2.png', 'Obtener la aprobación', 'Después de Contrary to popular belief, Lorem Ipsum is not simply random text. It has roots estarás listo para salir y empezar a ganar.', 'd3.png', 'Abrir la app', 'Abre laContrary to popular belief, Lorem Ipsum is not simply random text. It has roots  conductor.', 'd4.png', 'Aceptar', 'Acepta Contrary to popular belief, Lorem Ipsum is not simply random text. It has roots  pasajero.', 'd5.png', 'Recoger', 'RecogeContrary to popular belief, Lorem Ipsum is not simply random text. It has roots  ubicación.', 'd6.png', 'Dejar', 'Deja ato popular belief, Lorem Ipsum is not simply random text. It has rootsino.', 'd7.png', 'Requisitos para conducir', 'Lo que necesitarás para aplicar con nosotros', 'Debes tener una to popular belief, Lorem Ipsum is not simply random text. It has rootso de otro estado., \n                                Debes tto popular belief, Lorem Ipsum is not simply random text. It has roots., \n                                Debes tener un to popular belief, Lorem Ipsum is not simply random text. It has roots automóvil., \n                                Aceptas nuestra revisión de antecedentes., \n                                Debes to popular belief, Lorem Ipsum is not simply random text. It has rootsejecutar la aplicación.', 'drive-apply.png', 'Requisitos del vehículo', '2008 o más to popular belief, Lorem Ipsum is not simply random text. It has roots, vehículo registrado, *El año del vehículo puede variar según la región.', 'taxi-req.png', 'Requisitos de documentos', 'Foto de perfil delto popular belief, Lorem Ipsum is not simply random text. It has roots vehículo', 'document.png', 'es', 'Spanish', 'ltr', NULL, NULL),
('37ccf5ba-82c4-479c-b51e-d3c999f90082', 'سائق', 'كن رئيس نفسك', 'الساعات مرنة Contrary to popular belief, Lorem Ipsum is not simply random text. It has roots  نهاية الأسبوع.', 'app-download.png', 'تحميل', 'قم بتحميل تطبيContrary to popular belief, Lorem Ipsum is not simply random text. It has roots  الذكي.', 'upload.png', 'تحميل المستندات', 'قم بتحميل Contrary to popular belief, Lorem Ipsum is not simply random text. It has roots  على الموافقة.', 'drive.png', 'القيادة', 'قُد واربح بقدContrary to popular belief, Lorem Ipsum is not simply random text. It has roots الإكراميات.', 'كيف تعمل', 'احصل على التطبيق', 'احصل علىContrary to popular belief, Lorem Ipsum is not simply random text. It has roots Google Play', 'd1.png', 'التقديم للقيادة', 'يمكنك Contrary to popular belief, Lorem Ipsum is not simply random text. It has roots  السائق.', 'd2.png', 'الحصول على الموافقة', 'بعد تحميل المستنداتContrary to popular belief, Lorem Ipsum is not simply random text. It has roots  في الكسب.', 'd3.png', 'افتح التطبيق', 'افتح Contrary to popular belief, Lorem Ipsum is not simply random text. It has roots  السائق.', 'd4.png', 'قبول', 'قبولContrary to popular belief, Lorem Ipsum is not simply random text. It has roots راكب.', 'd5.png', 'استلام', 'قم Contrary to popular belief, Lorem Ipsum is not simply random text. It has roots  موقعه.', 'd6.png', 'التوصيل', 'قم Contrary to popular belief, Lorem Ipsum is not simply random text. It has roots  وجهته.', 'd7.png', 'متطلبات القيادة', 'ما ستحتاجه للتقديم معنا', 'يجب أن Contrary to popular belief, Lorem Ipsum is not simply random text. It has roots  ولايات أخرى.,\n                                يجContrary to popular belief, Lorem Ipsum is not simply random text. It has roots  أكثر.,\n                                يجب أن يكوContrary to popular belief, Lorem Ipsum is not simply random text. It has roots  السيارة.,\n                                موافقتك على فحص الخلفية.,\n                                يجب أن تمتلك هاتفًا ذكيًا (iPhone أو Android) يمكنه تحميل وتشغيل التطبيق.', 'drive-apply.png', 'متطلبات المركبة', '2008 Contrary to popular belief, Lorem Ipsum is not simply random text. It has roots نيع حسب المنطقة', 'taxi-req.png', 'متطلبات المستندات', 'صورة الملف الشContrary to popular belief, Lorem Ipsum is not simply random text. It has roots السيارة', 'document.png', 'ar', 'Arabic', 'rtl', NULL, NULL),
('c8a886b4-39d0-401b-93a3-d2d1b8ceb03e', 'Driver', 'Be your own boss', 'HOURS ARE Foto de perfil del conductor, Registro del vehículo, Inspección del vehículo, Seguro del vehículo OR WEEKENDS.', 'app-download.png', 'Download', 'Download Foto de perfil del conductor, Registro del vehículo, Inspección del vehículo, Seguro del vehículo the Google Play or App Store on your smartphone.', 'upload.png', 'Upload', 'Contrary to popular belief, Lorem Ipsum is not simply random text. It has roots .', 'drive.png', 'Drive', 'Drive and earn as much Contrary to popular belief, Lorem Ipsum is not simply random text. It has roots a trip plus tips.', 'How It Works', 'Get the App', 'Get theContrary to popular belief, Lorem Ipsum is not simply random text. It has roots e Play', 'd1.png', 'Apply to drive', 'You can Contrary to popular belief, Lorem Ipsum is not simply random text. It has roots  App', 'd2.png', 'Get Approved', 'After Contrary to popular belief, Lorem Ipsum is not simply random text. It has roots you’re ready to hit the road and start earning.', 'd3.png', 'Open App', 'Open Contrary to popular belief, Lorem Ipsum is not simply random text. It has roots r mode', 'd4.png', 'Accept', 'Accept Contrary to popular belief, Lorem Ipsum is not simply random text. It has roots request.', 'd5.png', 'Pickup', 'Pick up Contrary to popular belief, Lorem Ipsum is not simply random text. It has roots location', 'd6.png', 'Drop off', 'Drop off Contrary to popular belief, Lorem Ipsum is not simply random text. It has roots destination.', 'd7.png', 'Requirements for Drive', 'What you will need to apply with us', 'You must have a Contrary to popular belief, Lorem Ipsum is not simply random text. It has roots .,\n                                You mustContrary to popular belief, Lorem Ipsum is not simply random text. It has roots .,You consent to our driver screening and background check.,\n                                You must own an iPhone Contrary to popular belief, Lorem Ipsum is not simply random text. It has roots  and run the app.', 'drive-apply.png', 'Vehicle Requirements', '2008 or neweContrary to popular belief, Lorem Ipsum is not simply random text. It has roots *Car year may vary by region', 'taxi-req.png', 'Document requirements', 'Driver profile Contrary to popular belief, Lorem Ipsum is not simply random text. It has roots  inspection', 'document.png', 'en', 'English', 'ltr', NULL, NULL);

-- --------------------------------------------------------

--
-- Table structure for table `landing_email`
--

CREATE TABLE `landing_email` (
  `id` bigint UNSIGNED NOT NULL,
  `name` text CHARACTER SET utf8mb4 COLLATE utf8mb4_unicode_ci,
  `mail` text CHARACTER SET utf8mb4 COLLATE utf8mb4_unicode_ci,
  `subject` text CHARACTER SET utf8mb4 COLLATE utf8mb4_unicode_ci,
  `comments` text CHARACTER SET utf8mb4 COLLATE utf8mb4_unicode_ci,
  `created_at` timestamp NULL DEFAULT NULL,
  `updated_at` timestamp NULL DEFAULT NULL
) ENGINE=InnoDB DEFAULT CHARSET=utf8mb4 COLLATE=utf8mb4_unicode_ci;

-- --------------------------------------------------------

--
-- Table structure for table `landing_headers`
--

CREATE TABLE `landing_headers` (
  `id` char(36) CHARACTER SET utf8mb4 COLLATE utf8mb4_unicode_ci NOT NULL,
  `header_logo` text CHARACTER SET utf8mb4 COLLATE utf8mb4_unicode_ci,
  `home` text CHARACTER SET utf8mb4 COLLATE utf8mb4_unicode_ci,
  `aboutus` text CHARACTER SET utf8mb4 COLLATE utf8mb4_unicode_ci,
  `driver` text CHARACTER SET utf8mb4 COLLATE utf8mb4_unicode_ci,
  `user` text CHARACTER SET utf8mb4 COLLATE utf8mb4_unicode_ci,
  `contact` text CHARACTER SET utf8mb4 COLLATE utf8mb4_unicode_ci,
  `book_now_btn` text CHARACTER SET utf8mb4 COLLATE utf8mb4_unicode_ci,
  `footer_logo` text CHARACTER SET utf8mb4 COLLATE utf8mb4_unicode_ci,
  `footer_para` longtext CHARACTER SET utf8mb4 COLLATE utf8mb4_unicode_ci,
  `quick_links` text CHARACTER SET utf8mb4 COLLATE utf8mb4_unicode_ci,
  `compliance` text CHARACTER SET utf8mb4 COLLATE utf8mb4_unicode_ci,
  `privacy` text CHARACTER SET utf8mb4 COLLATE utf8mb4_unicode_ci,
  `terms` text CHARACTER SET utf8mb4 COLLATE utf8mb4_unicode_ci,
  `dmv` text CHARACTER SET utf8mb4 COLLATE utf8mb4_unicode_ci,
  `user_app` text CHARACTER SET utf8mb4 COLLATE utf8mb4_unicode_ci,
  `user_play` text CHARACTER SET utf8mb4 COLLATE utf8mb4_unicode_ci,
  `user_play_link` text CHARACTER SET utf8mb4 COLLATE utf8mb4_unicode_ci,
  `user_apple` text CHARACTER SET utf8mb4 COLLATE utf8mb4_unicode_ci,
  `user_apple_link` text CHARACTER SET utf8mb4 COLLATE utf8mb4_unicode_ci,
  `driver_app` text CHARACTER SET utf8mb4 COLLATE utf8mb4_unicode_ci,
  `driver_play` text CHARACTER SET utf8mb4 COLLATE utf8mb4_unicode_ci,
  `driver_play_link` text CHARACTER SET utf8mb4 COLLATE utf8mb4_unicode_ci,
  `driver_apple` text CHARACTER SET utf8mb4 COLLATE utf8mb4_unicode_ci,
  `driver_apple_link` text CHARACTER SET utf8mb4 COLLATE utf8mb4_unicode_ci,
  `copy_rights` text CHARACTER SET utf8mb4 COLLATE utf8mb4_unicode_ci,
  `fb_link` text CHARACTER SET utf8mb4 COLLATE utf8mb4_unicode_ci,
  `linkdin_link` text CHARACTER SET utf8mb4 COLLATE utf8mb4_unicode_ci,
  `x_link` text CHARACTER SET utf8mb4 COLLATE utf8mb4_unicode_ci,
  `insta_link` text CHARACTER SET utf8mb4 COLLATE utf8mb4_unicode_ci,
  `locale` text CHARACTER SET utf8mb4 COLLATE utf8mb4_unicode_ci,
  `language` text CHARACTER SET utf8mb4 COLLATE utf8mb4_unicode_ci,
  `direction` text CHARACTER SET utf8mb4 COLLATE utf8mb4_unicode_ci,
  `created_at` timestamp NULL DEFAULT NULL,
  `updated_at` timestamp NULL DEFAULT NULL
) ENGINE=InnoDB DEFAULT CHARSET=utf8mb4 COLLATE=utf8mb4_unicode_ci;

--
-- Dumping data for table `landing_headers`
--

INSERT INTO `landing_headers` (`id`, `header_logo`, `home`, `aboutus`, `driver`, `user`, `contact`, `book_now_btn`, `footer_logo`, `footer_para`, `quick_links`, `compliance`, `privacy`, `terms`, `dmv`, `user_app`, `user_play`, `user_play_link`, `user_apple`, `user_apple_link`, `driver_app`, `driver_play`, `driver_play_link`, `driver_apple`, `driver_apple_link`, `copy_rights`, `fb_link`, `linkdin_link`, `x_link`, `insta_link`, `locale`, `language`, `direction`, `created_at`, `updated_at`) VALUES
('2140a230-2063-4de6-a675-6de76bda5168', 'rest.png', 'Inicio', 'Sobre Nosotros', 'Conductor', 'Usuario', 'Contacto', 'Reservar Ahora', 'rest.png', 'Lorem Ipsum is simply dummy text of the printing and typesetting industry. Lorem Ipsum has been the industrys standard dummy text ever since the 1500s,', 'Enlaces Rápidos', 'Cumplimiento', 'Política de Privacidad', 'Términos y Condiciones', 'Verificación DMV', 'Aplicaciones de Usuario', 'Google Play', 'https://play.google.com/store/apps/details?id=com.restart.user', 'App Store', 'https://apps.apple.com/in/app/restart-user-alt/id6738924393', 'Aplicaciones de Conductor', 'Google Play', 'https://play.google.com/store/apps/details?id=com.restart.driver', 'App Store', 'https://apps.apple.com/in/app/restart-driver-alt/id6738922638', '2021 @ misoftwares - Alternativo', 'https://www.facebook.com/', 'https://in.linkedin.com/', 'https://x.com/', 'https://www.instagram.com/', 'Es', 'Spanish', 'ltr', NULL, NULL),
('3fc23270-6736-4ec1-9afb-904894630d81', 'rest.png', 'Accueil', 'À Propos', 'Chauffeur', 'Utilisateur', 'Contact', 'Réservez Maintenant', 'rest.png', 'Lorem Ipsum is simply dummy text of the printing and typesetting industry. Lorem Ipsum has been the industrys standard dummy text ever since the 1500s,', 'Liens Rapides', 'Conformité', 'Politique de Confidentialité', 'Conditions Générales', 'Vérification DMV', 'Applications Utilisateurs', 'Play Store', 'https://play.google.com/store/apps/details?id=com.restart.user', 'App Store', 'https://apps.apple.com/in/app/restart-user-fr/id6738924393', 'Applications Chauffeur', 'Play Store', 'https://play.google.com/store/apps/details?id=com.restart.driver', 'App Store', 'https://apps.apple.com/in/app/restart-driver-fr/id6738922638', '2021 @ misoftwares', 'https://www.facebook.com/', 'https://in.linkedin.com/', 'https://x.com/', 'https://www.instagram.com/', 'Fr', 'French', 'ltr', NULL, NULL),
('5aedf834-85d9-4b0f-89b5-426f7d8006ed', 'Z15UrIhJbpezODgng3dshM43DHhQtbPyyZd7Wdnt.png', 'Home', 'About Us', 'Driver', 'User', 'Contact', 'Book Now', 'ymkp8P6lJ69FCocgDq4dZKm1cZ0GcQ8cNfFNPXEF.png', 'Lorem Ipsum is simply dummy text of the printing and typesetting industry. Lorem Ipsum has been the industrys standard dummy text ever since the 1500s,', 'Quick Links', 'Compliance', 'Privacy Policy', 'Terms & Conditions', 'DMV Check', 'User Apps', 'Play Store', 'https://play.google.com/store/apps/de', 'Apple Store', 'https://apps.apple.com/gb/app/k', 'Driver Apps', 'Play Store', 'https://play.google.com/store/app', 'Apple Store', 'https://apps.apple.com/gb/ap', '2026@kurknu', 'https://www.facebook.com/', 'https://in.linkedin.com/', 'https://x.com/', 'https://www.instagram.com/', 'En', 'English', 'ltr', NULL, '2026-02-10 10:06:26'),
('5af14e13-a791-453d-992c-dbefdf33780b', 'rest.png', 'الصفحة الرئيسية', 'معلومات عنا', 'السائق', 'المستخدم', 'اتصل بنا', 'احجز الآن', 'rest.png', 'Lorem Ipsum is simply dummy text of the printing and typesetting industry. Lorem Ipsum has been the industrys standard dummy text ever since the 1500s, ', 'روابط سريعة', 'الامتثال', 'سياسة الخصوصية', 'الشروط والأحكام', 'فحص DMV', 'تطبيقات المستخدم', 'متجر Play', 'https://play.google.com/store/apps/details?id=com.restart.user', 'متجر Apple', 'https://apps.apple.com/in/app/restart-user-ar/id6738924393', 'تطبيقات السائق', 'متجر Play', 'https://play.google.com/store/apps/details?id=com.restart.driver', 'متجر Apple', 'https://apps.apple.com/in/app/restart-driver-ar/id6738922638', '2021 @ misoftwares', 'https://www.facebook.com/', 'https://in.linkedin.com/', 'https://x.com/', 'https://www.instagram.com/', 'Ar', 'Arabic', 'rtl', NULL, NULL);

-- --------------------------------------------------------

--
-- Table structure for table `landing_homes`
--

CREATE TABLE `landing_homes` (
  `id` char(36) CHARACTER SET utf8mb4 COLLATE utf8mb4_unicode_ci NOT NULL,
  `hero_title` longtext CHARACTER SET utf8mb4 COLLATE utf8mb4_unicode_ci,
  `hero_user_link_android` text CHARACTER SET utf8mb4 COLLATE utf8mb4_unicode_ci,
  `hero_user_link_apple` text CHARACTER SET utf8mb4 COLLATE utf8mb4_unicode_ci,
  `hero_driver_link_android` text CHARACTER SET utf8mb4 COLLATE utf8mb4_unicode_ci,
  `hero_driver_link_apple` text CHARACTER SET utf8mb4 COLLATE utf8mb4_unicode_ci,
  `feature_heading` text CHARACTER SET utf8mb4 COLLATE utf8mb4_unicode_ci,
  `feature_para` longtext CHARACTER SET utf8mb4 COLLATE utf8mb4_unicode_ci,
  `feature_sub_heading_1` text CHARACTER SET utf8mb4 COLLATE utf8mb4_unicode_ci,
  `feature_sub_para_1` longtext CHARACTER SET utf8mb4 COLLATE utf8mb4_unicode_ci,
  `feature_sub_heading_2` text CHARACTER SET utf8mb4 COLLATE utf8mb4_unicode_ci,
  `feature_sub_para_2` longtext CHARACTER SET utf8mb4 COLLATE utf8mb4_unicode_ci,
  `feature_sub_heading_3` text CHARACTER SET utf8mb4 COLLATE utf8mb4_unicode_ci,
  `feature_sub_para_3` longtext CHARACTER SET utf8mb4 COLLATE utf8mb4_unicode_ci,
  `feature_sub_heading_4` text CHARACTER SET utf8mb4 COLLATE utf8mb4_unicode_ci,
  `feature_sub_para_4` longtext CHARACTER SET utf8mb4 COLLATE utf8mb4_unicode_ci,
  `service_heading_1` text CHARACTER SET utf8mb4 COLLATE utf8mb4_unicode_ci,
  `service_heading_2` text CHARACTER SET utf8mb4 COLLATE utf8mb4_unicode_ci,
  `service_para` longtext CHARACTER SET utf8mb4 COLLATE utf8mb4_unicode_ci,
  `services` text CHARACTER SET utf8mb4 COLLATE utf8mb4_unicode_ci,
  `service_img` text CHARACTER SET utf8mb4 COLLATE utf8mb4_unicode_ci,
  `about_title_1` text CHARACTER SET utf8mb4 COLLATE utf8mb4_unicode_ci,
  `about_title_2` text CHARACTER SET utf8mb4 COLLATE utf8mb4_unicode_ci,
  `about_img` text CHARACTER SET utf8mb4 COLLATE utf8mb4_unicode_ci,
  `about_para` longtext CHARACTER SET utf8mb4 COLLATE utf8mb4_unicode_ci,
  `about_lists` text CHARACTER SET utf8mb4 COLLATE utf8mb4_unicode_ci,
  `box_img_1` text CHARACTER SET utf8mb4 COLLATE utf8mb4_unicode_ci,
  `box_para_1` longtext CHARACTER SET utf8mb4 COLLATE utf8mb4_unicode_ci,
  `box_img_2` text CHARACTER SET utf8mb4 COLLATE utf8mb4_unicode_ci,
  `box_para_2` longtext CHARACTER SET utf8mb4 COLLATE utf8mb4_unicode_ci,
  `box_img_3` text CHARACTER SET utf8mb4 COLLATE utf8mb4_unicode_ci,
  `box_para_3` longtext CHARACTER SET utf8mb4 COLLATE utf8mb4_unicode_ci,
  `drive_heading` text CHARACTER SET utf8mb4 COLLATE utf8mb4_unicode_ci,
  `drive_title_1` text CHARACTER SET utf8mb4 COLLATE utf8mb4_unicode_ci,
  `drive_para_1` longtext CHARACTER SET utf8mb4 COLLATE utf8mb4_unicode_ci,
  `drive_title_2` text CHARACTER SET utf8mb4 COLLATE utf8mb4_unicode_ci,
  `drive_para_2` longtext CHARACTER SET utf8mb4 COLLATE utf8mb4_unicode_ci,
  `drive_title_3` text CHARACTER SET utf8mb4 COLLATE utf8mb4_unicode_ci,
  `drive_para_3` longtext CHARACTER SET utf8mb4 COLLATE utf8mb4_unicode_ci,
  `service_area_img` text CHARACTER SET utf8mb4 COLLATE utf8mb4_unicode_ci,
  `service_area_title` text CHARACTER SET utf8mb4 COLLATE utf8mb4_unicode_ci,
  `service_area_para` longtext CHARACTER SET utf8mb4 COLLATE utf8mb4_unicode_ci,
  `locale` text CHARACTER SET utf8mb4 COLLATE utf8mb4_unicode_ci,
  `language` text CHARACTER SET utf8mb4 COLLATE utf8mb4_unicode_ci,
  `direction` text CHARACTER SET utf8mb4 COLLATE utf8mb4_unicode_ci,
  `created_at` timestamp NULL DEFAULT NULL,
  `updated_at` timestamp NULL DEFAULT NULL
) ENGINE=InnoDB DEFAULT CHARSET=utf8mb4 COLLATE=utf8mb4_unicode_ci;

--
-- Dumping data for table `landing_homes`
--

INSERT INTO `landing_homes` (`id`, `hero_title`, `hero_user_link_android`, `hero_user_link_apple`, `hero_driver_link_android`, `hero_driver_link_apple`, `feature_heading`, `feature_para`, `feature_sub_heading_1`, `feature_sub_para_1`, `feature_sub_heading_2`, `feature_sub_para_2`, `feature_sub_heading_3`, `feature_sub_para_3`, `feature_sub_heading_4`, `feature_sub_para_4`, `service_heading_1`, `service_heading_2`, `service_para`, `services`, `service_img`, `about_title_1`, `about_title_2`, `about_img`, `about_para`, `about_lists`, `box_img_1`, `box_para_1`, `box_img_2`, `box_para_2`, `box_img_3`, `box_para_3`, `drive_heading`, `drive_title_1`, `drive_para_1`, `drive_title_2`, `drive_para_2`, `drive_title_3`, `drive_para_3`, `service_area_img`, `service_area_title`, `service_area_para`, `locale`, `language`, `direction`, `created_at`, `updated_at`) VALUES
('2bd3c074-b45f-4b11-a2c1-c5a4198f5ff5', 'It is a long established fact that a reader will be distracted by the readable content of a page when looking at its layout', 'https://play.google.com/store/apps/details?id=com.restart.user', 'https://apps.apple.com/in/app/restart-user/id6738924393', 'https://play.google.com/store/apps/details?id=com.restart.driver', 'https://apps.apple.com/in/app/restart-driver/id6738922638', 'مزايا استخدام تطبيقاتنا', 'There are many variations of passages of Lorem Ipsum available, but the majority have suffered alteration in some form, by injected humour, or randomised words which dont look even slightly believable.', 'اضغط زرًا، واحصل على رحلة', 'Contrary to popular belief, Lorem Ipsum is not simply random text. It has roots in a piece of classical Latin literature from 45 BC, making it over 2000 years old', 'متوفر دائمًا', 'Contrary to popular belief, Lorem Ipsum is not simply random text. It has roots in a piece of classical Latin literature from 45 BC, making it over 2000 years old.', 'اركب وادفع', 'Contrary to popular belief, Lorem Ipsum is not simply random text. It has roots in a piece of classical Latin literature from 45 BC, making it over 2000 years old', 'قيم رحلتك، نحن نستمع', 'Contrary to popular belief, Lorem Ipsum is not simply random text. It has roots in a piece of classical Latin literature from 45 BC, making it over 2000 years old', 'الخدمات الرقمية', 'حل شامل لخدمة التاكسي الخاصة بك.', 'reproduced in their exact original form, accompanied by English versions from the 1914 translation by H. Rackham.', 'حماية البيانات,دعم العملاء,ضمان الجودة,خدمات رائعة', 'service.png', 'حول', 'الشركة', 'company.png', 'Contrary to popular belief, Lorem Ipsum is not simply random text. It has roots in a piece of classical Latin literature from 45 BC, making it over 2000 years old. Richard McClintock, a Latin professor at Hampden-Sydney College in Virginia, looked up one of the more obscure Latin words, consectetur, from a Lorem Ipsum passage,', 'فريق متميز,خدمات رائعة,دعم العملاء,ضمان الجودة', '1.png', 'Contrary to popular belief, Lorem Ipsum is not simply random text. It has roots ', '2.jpg', 'Contrary to popular belief, Lorem Ipsum is not simply random text. It has roots in a piece of classical ', '3.jpg', 'Contrary to popular belief, Lorem Ipsum is not simply random text', 'لماذا القيادة مع Restart!', 'من نحن', 'منصة تشارك الرحلات تربط الركاب بالسائقين بسهولة بضغطة زر.', 'مهمتنا', 'نهدف إلى توفير بيئة عمل مرنة وشاملة تعكس تنوع المدن التي نخدمها.', 'التزامنا', 'نعد بتوفير التكنولوجيا والدعم الذي يمكّنك من أن تكون مدير نفسك.', 'locations.png', 'مواقع الخدمة', 'The standard chunk of Lorem Ipsum used since the 1500s is reproduced below for those interested.', 'ar', 'Arabic', 'rtl', NULL, NULL),
('5deba168-159c-4e64-8cf6-4fba9e997023', 'It is a long established fact that a reader will be distracted by the readable content of a page when looking at its layout', 'https://play.google.com/store/apps/details?id=com.restart.user', 'https://apps.apple.com/in/app/restart-user/id6738924393', 'https://play.google.com/store/apps/details?id=com.restart.driver', 'https://apps.apple.com/in/app/restart-driver/id6738922638', 'Beneficios de nuestras aplicaciones', 'There are many variations of passages of Lorem Ipsum available, but the majority have suffered alteration in some form, by injected humour, or randomised words which dont look even slightly believable.', 'Presiona un botón, consigue un viaje', 'Contrary to popular belief, Lorem Ipsum is not simply random text. It has roots in a piece of classical Latin literature from 45 BC, making it over 2000 years old', 'Siempre disponible', 'Contrary to popular belief, Lorem Ipsum is not simply random text. It has roots in a piece of classical Latin literature from 45 BC, making it over 2000 years old', 'Viaja y paga', 'Contrary to popular belief, Lorem Ipsum is not simply random text. It has roots in a piece of classical Latin literature from 45 BC, making it over 2000 years old', 'Evalúa, escuchamos', 'Contrary to popular belief, Lorem Ipsum is not simply random text. It has roots in a piece of classical Latin literature from 45 BC, making it over 2000 years old', 'Servicios digitales', 'Una solución integral para tu servicio de taxi.', 'reproduced in their exact original form, accompanied by English versions from the 1914 translation by H. Rackham.', 'Protección de datos,Atención al cliente,Aseguramiento de calidad,Servicios impresionantes', 'service.png', 'Sobre', 'la empresa', 'company.png', 'Contrary to popular belief, Lorem Ipsum is not simply random text. It has roots in a piece of classical Latin literature from 45 BC, making it over 2000 years old. Richard McClintock, a Latin professor at Hampden-Sydney College in Virginia, looked up one of the more obscure Latin words, consectetur, from a Lorem Ipsum passage,', 'Equipo dedicado,Servicios impresionantes,Atención al cliente,Aseguramiento de calidad', '1.png', 'Contrary to popular belief, Lorem Ipsum is not simply random text. It has roots ', '2.jpg', 'Contrary to popular belief, Lorem Ipsum is not simply random text. It has roots in a piece of classical ', '3.jpg', 'Contrary to popular belief, Lorem Ipsum is not simply random text', '¡Por qué conducir con Restart!', 'Quiénes somos', 'Una plataforma de viajes compartidos que conecta pasajeros con conductores con solo un botón.', 'Nuestra misión', 'Crear un entorno laboral inclusivo y flexible que refleje la diversidad de las ciudades que servimos.', 'Nuestro compromiso', 'Proveer la tecnología y el apoyo necesarios para que seas tu propio jefe.', 'locations.png', 'Áreas de servicio', 'The standard chunk of Lorem Ipsum used since the 1500s is reproduced below for those interested.', 'es', 'Spanish', 'ltr', NULL, NULL),
('830c7174-eb3c-44b2-8fcd-671fb91599c9', 'Fair transportation with transparent, agreed pricing', 'https://play.google.com/store/apps/details?id=com.kurknu.customer', 'https://apps.apple.com/gb/app/kurknu/id6755906325', 'https://play.google.com/store/apps/details?id=com.kurknu.driver', 'https://apps.apple.com/gb/app/kurknu-driver/id6755906330', 'Advantage of using Kurknu Apps', '<p>Kurknu Taxi Booking App offers quick ride bookings, real-time tracking, and secure payments, ensuring a smooth and reliable travel experience for users.</p>', 'Tap a button, get a ride', 'Contrary to popular belief, Lorem Ipsum is not simply random text. It has roots in a piece of classical Latin literature from 45 BC, making it over 2000 years old', 'Always on, Always Available', 'Contrary to popular belief, Lorem Ipsum is not simply random text. It has roots in a piece of classical Latin literature from 45 BC, making it over 2000 years old.', 'Ride and Pay', 'Contrary to popular belief, Lorem Ipsum is not simply random text. It has roots in a piece of classical Latin literature from 45 BC, making it over 2000 years old', 'You rate, we listen', 'Contrary to popular belief, Lorem Ipsum is not simply random text. It has roots in a piece of classical Latin literature from 45 BC, making it over 2000 years old', 'DIGITAL SERVICES', 'A complete solution for your Taxi Service.', 'reproduced in their exact original form, accompanied by English versions from the 1914 translation by H. Rackham.', 'Data Protection,Customer Support,Quality Assurance,Awesome Services', 'service.png', 'ABOUT', 'The Company', 'company.png', 'Contrary to popular belief, Lorem Ipsum is not simply random text. It has roots in a piece of classical Latin literature from 45 BC, making it over 2000 years old. Richard McClintock, a Latin professor at Hampden-Sydney College in Virginia, looked up one of the more obscure Latin words, consectetur, from a Lorem Ipsum passage,', 'Dedicated Team Members,Awesome Services,Customer Support,Quality Assurance', '1.png', 'Contrary to popular belief, Lorem Ipsum is not simply random text. It has roots', '2.jpg', 'Contrary to popular belief, Lorem Ipsum is not simply random text. It has roots in a piece of classical', '3.jpg', 'Contrary to popular belief, Lorem Ipsum is not simply random text', 'Why Drive with Kurknu!', 'About Us', 'Contrary to popular belief, Lorem Ipsum is not simply random text. It has roots in a piece of classical Latin literature from 45 BC, making it over 2000 years old. Richard McClintock, a Latin professor at Hampden-Sydney College in Virginia, looked up one of the more obscure Latin words, consectetur, from a Lorem Ipsum passage,', 'Our Mission', 'Contrary to popular belief, Lorem Ipsum is not simply random text. It has roots in a piece of classical Latin literature from 45 BC, making it over 2000 years old. Richard McClintock, a Latin professor at Hampden-Sydney', 'Driver Commitment', 'Contrary to popular belief, Lorem Ipsum is not simply random text. It has roots in a piece of classical Latin literature from 45 BC, making it over 2000 years old. Richard McClintock', 'locations.png', 'Service Locations', 'The standard chunk of Lorem Ipsum used since the 1500s is reproduced below for those interested.', 'en', 'English', 'ltr', NULL, '2026-01-27 14:07:40'),
('e0de872f-94d1-4a5d-9e1a-fbecac78aea0', 'It is a long established fact that a reader will be distracted by the readable content of a page when looking at its layout!', 'https://play.google.com/store/apps/details?id=com.restart.user', 'https://apps.apple.com/in/app/restart-user/id6738924393', 'https://play.google.com/store/apps/details?id=com.restart.driver', 'https://apps.apple.com/in/app/restart-driver/id6738922638', 'Avantages de nos applications', 'There are many variations of passages of Lorem Ipsum available, but the majority have suffered alteration in some form, by injected humour, or randomised words which dont look even slightly believable.', 'Appuyez sur un bouton, obtenez un trajet', 'Contrary to popular belief, Lorem Ipsum is not simply random text. It has roots in a piece of classical Latin literature from 45 BC, making it over 2000 years old', 'Toujours disponible', 'Contrary to popular belief, Lorem Ipsum is not simply random text. It has roots in a piece of classical Latin literature from 45 BC, making it over 2000 years old', 'Roulez et payez', 'Contrary to popular belief, Lorem Ipsum is not simply random text. It has roots in a piece of classical Latin literature from 45 BC, making it over 2000 years old', 'Évaluez, nous écoutons', 'Contrary to popular belief, Lorem Ipsum is not simply random text. It has roots in a piece of classical Latin literature from 45 BC, making it over 2000 years old', 'Services numériques', 'Une solution complète pour votre service de taxi.', 'reproduced in their exact original form, accompanied by English versions from the 1914 translation by H. Rackham.', 'Protection des données,Soutien client,Assurance qualité,Services impressionnants', 'service.png', 'À propos', 'L\'entreprise', 'company.png', 'Contrary to popular belief, Lorem Ipsum is not simply random text. It has roots in a piece of classical Latin literature from 45 BC, making it over 2000 years old. Richard McClintock, a Latin professor at Hampden-Sydney College in Virginia, looked up one of the more obscure Latin words, consectetur, from a Lorem Ipsum passage,', 'Équipe dédiée,Services impressionnants,Soutien client,Assurance qualité', '1.png', 'Contrary to popular belief, Lorem Ipsum is not simply random text. It has roots ', '2.jpg', 'Contrary to popular belief, Lorem Ipsum is not simply random text. It has roots in a piece of classical ', '3.jpg', 'Contrary to popular belief, Lorem Ipsum is not simply random text', 'Pourquoi conduire avec Restart!', 'À propos de nous', 'Une plateforme de covoiturage facilitant le transport avec un bouton.', 'Notre mission', 'Créer un environnement de travail inclusif et flexible.', 'Engagement conducteur', 'Fournir les technologies et le soutien nécessaires pour réussir.', 'locations.png', 'Zones de service', 'The standard chunk of Lorem Ipsum used since the 1500s is reproduced below for those interested.', 'fr', 'French', 'ltr', NULL, NULL);

-- --------------------------------------------------------

--
-- Table structure for table `landing_quicklinks`
--

CREATE TABLE `landing_quicklinks` (
  `id` char(36) CHARACTER SET utf8mb4 COLLATE utf8mb4_unicode_ci NOT NULL,
  `privacy_title` text CHARACTER SET utf8mb4 COLLATE utf8mb4_unicode_ci,
  `privacy` longtext CHARACTER SET utf8mb4 COLLATE utf8mb4_unicode_ci,
  `terms_title` text CHARACTER SET utf8mb4 COLLATE utf8mb4_unicode_ci,
  `terms` longtext CHARACTER SET utf8mb4 COLLATE utf8mb4_unicode_ci,
  `compliance_title` text CHARACTER SET utf8mb4 COLLATE utf8mb4_unicode_ci,
  `compliance` longtext CHARACTER SET utf8mb4 COLLATE utf8mb4_unicode_ci,
  `dmv_title` text CHARACTER SET utf8mb4 COLLATE utf8mb4_unicode_ci,
  `dmv` longtext CHARACTER SET utf8mb4 COLLATE utf8mb4_unicode_ci,
  `locale` text CHARACTER SET utf8mb4 COLLATE utf8mb4_unicode_ci,
  `language` text CHARACTER SET utf8mb4 COLLATE utf8mb4_unicode_ci,
  `direction` text CHARACTER SET utf8mb4 COLLATE utf8mb4_unicode_ci,
  `created_at` timestamp NULL DEFAULT NULL,
  `updated_at` timestamp NULL DEFAULT NULL
) ENGINE=InnoDB DEFAULT CHARSET=utf8mb4 COLLATE=utf8mb4_unicode_ci;

--
-- Dumping data for table `landing_quicklinks`
--

INSERT INTO `landing_quicklinks` (`id`, `privacy_title`, `privacy`, `terms_title`, `terms`, `compliance_title`, `compliance`, `dmv_title`, `dmv`, `locale`, `language`, `direction`, `created_at`, `updated_at`) VALUES
('2d5a7ef5-bcfb-4f23-be8b-af78d3383ae8', 'Política de privacidad', '<h2>Política de Privacidad</h2>\n\n                <p>El alcance de esta política</p>\n                \n                <p>Esta política se aplica a todos los usuarios de Mi Softwares, incluidos los pasajeros y conductores (incluidos los solicitantes de controladores), y a todas las plataformas y servicios de Mi Softwares, incluidas nuestras aplicaciones, sitios web, funciones y otros servicios (colectivamente, la “Plataforma Mi Softwares”). ”). Recuerde que su uso de la plataforma Mi Softwares también está sujeto a nuestros Términos de servicio.</p>\n                \n                <p>La información que recopilamos</p>\n                \n                <p>Cuando utiliza la plataforma Mi Softwares, recopilamos la información que usted proporciona, información de uso e información sobre su dispositivo. También recopilamos información sobre usted de otras fuentes, como servicios de terceros y programas opcionales en los que participa, que podemos combinar con otra información que tenemos sobre usted. Estos son los tipos de información que recopilamos sobre usted:</p>\n                \n                <p>A. Información que usted nos proporciona</p>\n                \n                <p>Registro de cuenta. Cuando crea una cuenta con Mi Softwares, recopilamos la información que nos proporciona, como su nombre, dirección de correo electrónico, número de teléfono e información de pago. Puede optar por compartir información adicional con nosotros para su perfil de Usuario, como su foto o direcciones guardadas (por ejemplo, casa o trabajo), y configurar otras preferencias (como sus pronombres preferidos).<br />\n                <br />\n                <strong>Información del conductor.</strong> Si solicita ser conductor, recopilaremos la información que proporcione en su solicitud, incluido su nombre, dirección de correo electrónico, número de teléfono, fecha de nacimiento, foto de perfil, dirección física, identificación gubernamental. número (como el número de seguro social), información de la licencia de conducir, información del vehículo e información del seguro del automóvil. Recopilamos la información de pago que usted nos proporciona, incluidos los números de ruta bancaria y la información fiscal. Dependiendo de dónde desee conducir, también podemos solicitarle información adicional sobre licencias o permisos comerciales u otra información para administrar la conducción y los programas relevantes para esa ubicación. Es posible que necesitemos información adicional suya en algún momento después de que se convierta en Conductor, incluida información para confirmar su identidad (como una foto).<br />\n                <br />\n                <strong>Información de contacto SOS</strong> Recopilaremos el permiso de la lista de contactos para enumerar los contactos mientras agregamos los contactos sos para la aplicación de usuario y conductor<br />\n                <br />\n                <strong>Calificaciones y comentarios.</strong> Cuando usted califica y proporciona comentarios sobre los Pasajeros o Conductores, recopilamos toda la información que usted proporciona en sus comentarios.<br />\n                <br />\n                <strong>Comunicaciones.</strong> Cuando usted se comunica con nosotros o nosotros nos comunicamos con usted, recopilamos cualquier información que usted proporcione, incluido el contenido de los mensajes o archivos adjuntos que nos envía.</p>\n                \n                <p>B. Información que recopilamos cuando utiliza la plataforma Mi Softwares</p>\n                \n                <p><strong>Información de ubicación.</strong> Los grandes viajes comienzan con una recogida fácil y precisa. La plataforma Mi Softwares recopila información de ubicación (incluidos datos de GPS y WiFi) de manera diferente según la configuración de la aplicación Mi Softwares y los permisos del dispositivo, así como si está utilizando la plataforma como pasajero o conductor:</p>\n                \n                <ul>\n                <li>Pasajeadores: recopilamos la ubicación precisa de su dispositivo cuando abre y usa la aplicación Mi Softwares, incluso mientras la aplicación se ejecuta en segundo plano desde el momento en que solicita un viaje hasta que finaliza. Mi Softwares también rastrea la ubicación precisa de scooters y bicicletas eléctricas en todo momento.</li>\n                <li>Controladores: recopilamos la ubicación precisa de su dispositivo cuando abre y usa la aplicación, incluso mientras la aplicación se ejecuta en segundo plano cuando está en modo de controlador. También recopilamos la ubicación precisa durante un tiempo limitado después de que usted sale del modo de conductor para detectar incidentes en el viaje y continuamos recogiéndola hasta que un incidente reportado o detectado ya no esté activo.</li>\n                </ul>\n                \n                <p><strong>Información de uso.</strong> Recopilamos información sobre su uso de la plataforma Mi Softwares, incluida información del viaje como fecha, hora, destino, distancia, ruta, pago y si utilizó una promoción o referencia. código. También recopilamos información sobre sus interacciones con la Plataforma Mi Softwares, como nuestras aplicaciones y sitios web, incluidas las páginas y el contenido que ve y las fechas y horas de su uso.<br />\n                <br />\n                <strong>Información del dispositivo.</strong> Recopilamos información sobre los dispositivos que utiliza para acceder a la plataforma Mi Softwares, incluido el modelo del dispositivo, la dirección IP, el tipo de navegador, la versión del sistema operativo, la identidad del proveedor y fabricante, el tipo de radio ( como 4G), preferencias y configuraciones (como el idioma preferido), instalaciones de aplicaciones, identificadores de dispositivos, identificadores de publicidad y tokens de notificaciones push. Si es conductor, también recopilamos datos de sensores móviles de su dispositivo (como velocidad, dirección, altura, aceleración, desaceleración y otros datos técnicos).<br />\n                <br />\n                <strong>Comunicaciones entre pasajeros y conductores.</strong> Trabajamos con un tercero para facilitar las llamadas telefónicas y los mensajes de texto entre pasajeros y conductores sin compartir el número de teléfono real de ninguna de las partes con la otra. Pero mientras utilizamos un tercero para proporcionar el servicio de comunicación, recopilamos información sobre estas comunicaciones, incluidos los números de teléfono de los participantes, la fecha y hora, y el contenido de los mensajes SMS. Por motivos de seguridad, también podemos monitorear o registrar el contenido de las llamadas telefónicas realizadas a través de la Plataforma Mi Softwares, pero siempre le informaremos que estamos a punto de hacerlo antes de que comience la llamada.<br />\n                <br />\n                <strong>Contactos de la libreta de direcciones.</strong> Puede configurar los permisos de su dispositivo para otorgar acceso a Mi Softwares a sus listas de contactos y dirigir a Mi Softwares para que acceda a su lista de contactos, por ejemplo, para ayudarlo a recomendar Mi Softwares a sus amigos. Si hace esto, accederemos y almacenaremos los nombres y la información de contacto de las personas en su libreta de direcciones.<br />\n                <br />\n                <strong>Cookies, análisis y tecnologías de terceros.</strong> Recopilamos información mediante el uso de \"cookies\", píxeles de seguimiento, herramientas de análisis de datos como Google Analytics, SDK y otras tecnologías de terceros para comprender cómo usted navegue a través de la plataforma Mi Softwares e interactúe con los anuncios de Mi Softwares para hacer su experiencia con Mi Softwares más segura, para saber qué contenido es popular, para mejorar su experiencia en el sitio, para ofrecerle mejores anuncios en otros sitios y para guardar sus preferencias. Las cookies son pequeños archivos de texto que los servidores web colocan en su dispositivo; están diseñados para almacenar información básica y ayudar a los sitios web y aplicaciones a reconocer su navegador. Podemos utilizar tanto cookies de sesión como cookies persistentes. Una cookie de sesión desaparece después de cerrar su navegador. Una cookie persistente permanece después de cerrar su navegador y se puede acceder a ella cada vez que utiliza la Plataforma Mi Softwares. Debe consultar su(s) navegador(es) web para modificar la configuración de cookies. Tenga en cuenta que si elimina o elige no aceptar nuestras cookies, puede perderse ciertas funciones de Mi Softwares Platform.</p>\n                \n                <p>C. Información que recopilamos de terceros</p>\n                \n                <p><strong>Servicios de terceros.</strong> Los servicios de terceros nos brindan la información necesaria para aspectos centrales de la plataforma Mi Softwares, así como para servicios, programas, beneficios de lealtad y promociones adicionales que pueden mejorar Tu experiencia con Mi Software. Estos servicios de terceros incluyen proveedores de verificación de antecedentes, socios de seguros, proveedores de servicios financieros, proveedores de marketing y otras empresas. Obtenemos la siguiente información sobre usted a partir de estos servicios de terceros:</p>\n                \n                <ul>\n                <li>Información para hacer que Mi Softwares Platform sea más segura, como información de verificación de antecedentes para los conductores;</li>\n                <li>Información sobre su participación en programas de terceros que brindan cosas como cobertura de seguro e instrumentos financieros, como información sobre seguros, pagos, transacciones y detección de fraude;</li>\n                <li>Información para poner en funcionamiento programas o aplicaciones, servicios o funciones promocionales y de fidelización que usted elija conectar o vincular a su cuenta de Mi Softwares, como información sobre su uso de dichos programas, aplicaciones, servicios o funciones; y</li>\n                <li>Información sobre usted proporcionada por servicios específicos, como información demográfica y de segmento de mercado.</li>\n                </ul>\n                \n                <p><strong>Programas empresariales.</strong> Si utiliza Mi Softwares a través de su empleador u otra organización que participa en uno de nuestros programas empresariales Mi Softwares Business, recopilaremos información sobre usted de esas partes, como su nombre. e información de contacto.<br />\n                <br />\n                <strong>Servicio de conserjería.</strong> A veces, otra empresa o entidad puede solicitarle un viaje de Mi Softwares. Si una organización ha solicitado un viaje para usted utilizando nuestro servicio de Concierge, nos proporcionarán su información de contacto y el lugar de recogida y devolución de su viaje.<br />\n                <br />\n                <strong>Programas de recomendación.</strong> Los amigos ayudan a sus amigos a utilizar la plataforma Mi Softwares. Si alguien lo refiere a Mi Softwares, recopilaremos información sobre usted a partir de esa referencia, incluido su nombre e información de contacto.<br />\n                <br />\n                <strong>Otros usuarios y fuentes.</strong> Otros usuarios o fuentes públicas o de terceros, como autoridades policiales, aseguradoras, medios de comunicación o peatones, pueden proporcionarnos información sobre usted, por ejemplo, como parte de una investigación sobre un incidente o para brindarle soporte.</p>\n                \n                <p>Cómo utilizamos su información</p>\n                \n                <p>Utilizamos su información personal para:</p>\n                \n                <ul>\n                <li>Proporcionar la plataforma Mi Softwares;</li>\n                <li>Mantener la seguridad de la Plataforma Mi Softwares y sus usuarios;</li>\n                <li>Crear y mantener la comunidad Mi Softwares;</li>\n                <li>Proporcionar soporte al cliente;</li>\n                <li>Mejorar la plataforma Mi Softwares; y</li>\n                <li>Responder a procedimientos y obligaciones legales.</li>\n                </ul>\n                \n                <p><strong>Proporcionar la plataforma Mi Softwares.</strong> Usamos su información personal para brindarle una experiencia intuitiva, útil, eficiente y valiosa en nuestra plataforma. Para ello, utilizamos su información personal para:</p>\n                \n                <ul>\n                <li>Verificar su identidad y mantener su cuenta, configuración y preferencias;</li>\n                <li>Conectarte con tus recorridos y realizar un seguimiento de su progreso;</li>\n                <li>Calcular precios y procesar pagos;</li>\n                <li>Permitir que los pasajeros y los conductores se conecten con respecto a su viaje y elijan compartir su ubicación con otros;</li>\n                <li>Comunicarnos con usted sobre sus viajes y su experiencia;</li>\n                <li>Recopilar comentarios sobre su experiencia;</li>\n                <li>Facilitar servicios y programas adicionales con terceros; y</li>\n                <li>Operar concursos, sorteos y otras promociones.</li>\n                </ul>\n                \n                <p><strong>Mantener la seguridad de la plataforma Mi Softwares y sus usuarios.</strong> Brindarle una experiencia segura es el motor de nuestra plataforma, tanto en la carretera como en nuestras aplicaciones. Para ello, utilizamos su información personal para:</p>\n                \n                <ul>\n                <li>Autenticar usuarios;</li>\n                <li>Verificar que los conductores y sus vehículos cumplan con los requisitos de seguridad;</li>\n                <li>Investigar y resolver incidentes, accidentes y reclamaciones de seguros;</li>\n                <li>Fomentar un comportamiento de conducción seguro y evitar actividades inseguras;</li>\n                <li>Encontrar y prevenir fraudes; y</li>\n                <li>Bloquear y eliminar usuarios inseguros o fraudulentos de Mi Softwares Platform.</li>\n                </ul>\n                \n                <p><strong>Construcción y mantenimiento de la comunidad Mi Softwares.</strong> Mi Softwares trabaja para ser una parte positiva de la comunidad. Usamos su información personal para:</p>\n                \n                <ul>\n                <li>Comunicarnos con usted sobre eventos, promociones, elecciones y campañas;</li>\n                <li>Personalizar y proporcionar contenido, experiencias, comunicaciones y publicidad para promover y hacer crecer la Plataforma Mi Softwares; y</li>\n                <li>Ayude a facilitar las donaciones que elija realizar a través de la plataforma Mi Softwares.</li>\n                </ul>\n                \n                <p><strong>Brindar atención al cliente.</strong> Trabajamos arduamente para brindar la mejor experiencia posible, incluido el soporte cuando lo necesita. Para ello, utilizamos su información personal para:</p>\n                \n                <ul>\n                <li>Investigar y ayudarlo a resolver preguntas o problemas que tenga con respecto a la Plataforma Mi Softwares; y</li>\n                <li>Brindarle apoyo o responderle.</li>\n                </ul>\n                \n                <p><strong>Mejorando la plataforma Mi Softwares</strong>. Siempre estamos trabajando para mejorar su experiencia y brindarle funciones nuevas y útiles. Para ello, utilizamos su información personal para:</p>\n                \n                <ul>\n                <li>Realizar investigaciones, pruebas y análisis;</li>\n                <li>Desarrollar nuevos productos, funciones, asociaciones y servicios;</li>\n                <li>Prevenir, encontrar y resolver errores y problemas de software o hardware; y</li>\n                <li>Supervisar y mejorar nuestras operaciones y procesos, incluidas prácticas de seguridad, algoritmos y otros modelos.</li>\n                </ul>\n                \n                <p><strong>Respuesta a Procedimientos y Requisitos Legales.</strong> A veces la ley, las entidades gubernamentales u otros organismos reguladores nos imponen demandas y obligaciones con respecto a los servicios que buscamos brindar. En tal circunstancia, podemos utilizar su información personal para responder a esas demandas u obligaciones.</p>\n                \n                <p>Cómo compartimos su información</p>\n                \n                <p>No vendemos su información personal. Para que la Plataforma Mi Softwares funcione, es posible que necesitemos compartir su información personal con otros usuarios, terceros y proveedores de servicios. Esta sección explica cuándo y por qué compartimos su información.</p>\n                \n                <p>A. Compartir entre usuarios de Mi Softwares</p>\n                \n                <p>Pasajeros y conductores.<br />\n                <br />\n                <strong>Información del pasajero compartida con el conductor:</strong> Al recibir una solicitud de viaje, compartimos con el conductor la ubicación de recogida del pasajero, el nombre, la foto de perfil, la calificación y las estadísticas del pasajero (como el número aproximado de viajes y años como pasajero). e información que el ciclista incluye en su perfil de ciclista (como pronombres preferidos). Al momento de la recogida y durante el viaje, compartimos con el conductor el destino del pasajero y cualquier parada adicional que el pasajero ingrese en la aplicación Mi Softwares. Una vez finalizado el viaje, también compartimos la calificación y los comentarios del pasajero con el conductor. (Eliminamos la identidad del Usuario asociada con calificaciones y comentarios cuando la compartimos con los Conductores, pero un Conductor puede identificar al Usuario que proporcionó la calificación o los comentarios).<br />\n                <br />\n                <strong>Información del conductor compartida con el pasajero:</strong> cuando un conductor acepta un viaje solicitado, compartiremos con el conductor el nombre del conductor, la foto de perfil, los pronombres preferidos, la calificación, la ubicación en tiempo real y la marca y modelo del vehículo. , color y matrícula, así como otra información en el perfil de Mi Softwares del conductor, como información que los conductores eligen agregar (como la bandera del país y por qué conduce) y estadísticas del conductor (como el número aproximado de viajes y años como conductor). .<br />\n                <br />\n                Aunque ayudamos a los Pasajeros y Conductores a comunicarse entre sí para concertar una recogida, no compartimos su número de teléfono real ni otra información de contacto con otros usuarios. Si nos informa sobre un artículo perdido o encontrado, intentaremos conectarlo con el Pasajero o Conductor correspondiente, incluso compartiremos información de contacto real con su consentimiento.<br />\n                <br />\n                <strong>Usuarios de viajes compartidos.</strong> Cuando los pasajeros utilizan un viaje compartido de Mi Softwares, compartimos el nombre y la foto de perfil de cada pasajero para garantizar la seguridad. Los pasajeros también pueden ver los lugares de partida y regreso de los demás como parte de conocer la ruta mientras comparten el viaje.<br />\n                <br />\n                <strong>Viajes solicitados o pagados por otros.</strong> Es posible que otros soliciten o paguen algunos viajes que usted realice. Si realiza uno de esos viajes utilizando su cuenta de perfil comercial de Mi Software, un código o cupón, un programa subsidiado (por ejemplo, tránsito o gobierno) o una tarjeta de crédito corporativa vinculada a otra cuenta, u otro usuario solicita o paga de otro modo un viaje para usted, podemos compartir algunos o todos los detalles de su viaje con esa otra parte, incluida la fecha, hora, cargo, calificación otorgada, región del viaje y lugar de recogida y devolución de su viaje.<br />\n                <br />\n                <strong>Programas de recomendación.</strong> Si recomienda a alguien a la plataforma Mi Softwares, le haremos saber que usted generó la recomendación. Si otro usuario lo recomendó, podemos compartir información sobre su uso de la Plataforma Mi Softwares con ese usuario. Por ejemplo, una fuente de referencia puede recibir una bonificación cuando se une a la plataforma Mi Softwares o completa una cierta cantidad de viajes y recibiría dicha información.</p>\n                \n                <p>B. Compartir con proveedores de servicios externos con fines comerciales</p>\n                \n                <p>Dependiendo de si usted es un Pasajero o un Conductor, Mi Softwares puede compartir las siguientes categorías de su información personal con fines comerciales para brindarle una variedad de funciones y servicios de la Plataforma Mi Softwares:</p>\n                \n                <ul>\n                <li>Identificadores personales, como su nombre, dirección, dirección de correo electrónico, número de teléfono, fecha de nacimiento, número de identificación gubernamental (como el número de seguro social), información de la licencia de conducir, información del vehículo e información del seguro del automóvil;</li>\n                <li>Información financiera, como números de ruta bancaria, información fiscal y cualquier otra información de pago que nos proporcione;</li>\n                <li>Información comercial, como información de viajes, estadísticas y comentarios del conductor/pasajero e historial de transacciones del conductor/pasajero;</li>\n                <li>Información de actividad de Internet u otra red electrónica, como su dirección IP, tipo de navegador, versión del sistema operativo, operador y/o fabricante, identificadores de dispositivo e identificadores de publicidad móvil; y</li>\n                <li>Datos de ubicación.</li>\n                </ul>\n                \n                <p>Revelamos esas categorías de información personal a proveedores de servicios para cumplir con los siguientes fines comerciales:</p>\n                \n                <ul>\n                <li>Mantener y dar servicio a su cuenta de Mi Softwares;</li>\n                <li>Procesar o realizar viajes;</li>\n                <li>Brindarle servicio al cliente;</li>\n                <li>Procesamiento de transacciones Rider;</li>\n                <li>Procesamiento de solicitudes y pagos de conductores;</li>\n                <li>Verificar la identidad de los usuarios;</li>\n                <li>Detección y prevención del fraude;</li>\n                <li>Procesamiento de reclamaciones de seguros;</li>\n                <li>Ofrecer programas promocionales y de fidelización de conductores;</li>\n                <li>Proporcionar servicios de marketing y publicidad a Mi Softwares;</li>\n                <li>Proporcionar financiación;</li>\n                <li>Proporcionar servicios de emergencia solicitados;</li>\n                <li>Proporcionar servicios de análisis a Mi Softwares; y</li>\n                <li>Realizar una investigación interna para desarrollar la plataforma Mi Softwares.</li>\n                </ul>\n                \n                <p>C. Por razones legales y para proteger la plataforma Mi Softwares</p>\n                \n                <ul>\n                <li>Cumplir con cualquier ley o regulación federal, estatal o local aplicable, investigación civil, penal o regulatoria, investigación o proceso legal, o solicitud gubernamental ejecutable;</li>\n                <li>Responder a un proceso legal (como una orden de registro, citación, citación u orden judicial);</li>\n                <li>Hacer cumplir nuestros Términos de servicio;</li>\n                <li>Cooperar con las agencias de aplicación de la ley en relación con conductas o actividades que razonablemente y de buena fe creemos que pueden violar las leyes federales, estatales o locales; o</li>\n                <li>Ejercer o defender reclamaciones legales, proteger contra daños a nuestros derechos, propiedad, intereses o seguridad o los derechos, propiedad, intereses o seguridad de usted, terceros o el público según lo requiera o permita la ley.</ li>\n                </ul>\n                \n                <p>D. En relación con la venta o fusión</p>\n                \n                <p>Podemos compartir su información personal mientras negociamos o en relación con un cambio de control corporativo, como una reestructuración, fusión o venta de nuestros activos.</p>\n                \n                <p>E. Según sus indicaciones</p>\n                \n                <p>Con su permiso o según sus indicaciones, podemos divulgar su información personal para interactuar con un tercero o para otros fines.</p>\n                \n                <p>Cómo almacenamos y protegemos su información</p>\n                \n                <p>Conservamos su información durante el tiempo que sea necesario para proporcionarle a usted y a nuestros demás usuarios la plataforma Mi Softwares. Esto significa que mantenemos la información de su perfil mientras mantenga una cuenta. Conservamos información transaccional, como viajes y pagos, durante al menos siete años para garantizar que podamos realizar funciones comerciales legítimas, como la contabilidad de obligaciones fiscales. Si solicita la eliminación de su cuenta, eliminaremos su información como se establece en la sección \"Eliminación de su cuenta\" a continuación. Tomamos medidas razonables y apropiadas diseñadas para proteger su información personal. Pero ninguna medida de seguridad puede ser 100% efectiva y no podemos garantizar la seguridad de su información, incluso contra intrusiones no autorizadas o actos de terceros.</p>\n                \n                <p>Sus derechos y opciones con respecto a sus datos</p>\n                \n                <p>Mi Softwares le proporciona formas de acceder y eliminar su información personal, así como de ejercer otros derechos sobre datos que le brindan cierto control sobre su información personal.</p>\n                \n                <p>A. Todos los usuarios</p>\n                \n                <p>Suscripciones por correo electrónico. Siempre puedes darte de baja de nuestros correos electrónicos comerciales o promocionales haciendo clic en cancelar suscripción en esos mensajes. Seguiremos enviándole correos electrónicos transaccionales y relacionales sobre su uso de la Plataforma Mi Softwares.<br />\n                <br />\n                <strong>Mensajes de texto.</strong> Puede optar por no recibir mensajes de texto comerciales o promocionales. También puede optar por no recibir todos los mensajes de texto de Mi Softwares (incluidos los mensajes transaccionales o relacionales). Tenga en cuenta que optar por no recibir todos los mensajes de texto puede afectar su uso de la plataforma Mi Softwares. Los conductores también pueden optar por no recibir mensajes específicos del conductor enviando un mensaje de texto con la palabra STOP. en respuesta a un SMS del conductor Para volver a habilitar los mensajes de texto, puede enviar un mensaje de texto a INICIO en respuesta a un SMS de confirmación de cancelación de suscripción.<br />\n                <br />\n                <strong>Notificaciones push.</strong> Puede optar por no recibir notificaciones push a través de la configuración de su dispositivo. Tenga en cuenta que optar por no recibir notificaciones automáticas puede afectar su uso de la plataforma Mi Softwares (como recibir una notificación de que su viaje ha llegado).<br />\n                <br />\n                <strong>Información del perfil</strong>. Puede revisar y editar cierta información de la cuenta que ha elegido agregar a su perfil iniciando sesión en la configuración y el perfil de su cuenta.<br />\n                <br />\n                <strong>Información de ubicación.</strong> Puede evitar que su dispositivo comparta información de ubicación a través de la configuración del sistema de su dispositivo. Pero si lo hace, esto puede afectar la capacidad de Mi Softwares para brindarle nuestra gama completa de funciones y servicios.<br />\n                <br />\n                <strong>Seguimiento de cookies.</strong> Puede modificar la configuración de cookies en su navegador, pero si elimina o elige no aceptar nuestras cookies, es posible que se esté perdiendo ciertas funciones de la plataforma Mi Softwares.<br />\n                <br />\n                <strong>No rastrear.</strong> Su navegador puede ofrecerle la opción “No rastrear”, que le permite indicar a los operadores de sitios web y aplicaciones y servicios web que no desea que rastreen sus actividades en línea. La plataforma Mi Softwares no admite actualmente solicitudes de No seguimiento en este momento.<br />\n                <br />\n                <strong>Eliminar su cuenta.</strong> Si desea eliminar su cuenta de Mi Softwares, visite nuestra página de inicio de privacidad. En algunos casos, no podremos eliminar su cuenta, por ejemplo, si hay un problema con su cuenta relacionado con la confianza, la seguridad o el fraude. Cuando eliminamos su cuenta, podemos conservar cierta información para fines comerciales legítimos o para cumplir con obligaciones legales o reglamentarias. Por ejemplo, podemos conservar su información para resolver reclamaciones de seguros abiertas, o podemos estar obligados a conservar su información como parte de una reclamación legal abierta. Cuando conservamos dichos datos, lo hacemos de manera diseñada para evitar su uso para otros fines.<br />\n                <br />\n                <strong>Derecho a saber.</strong> Tiene derecho a saber y ver qué datos hemos recopilado, incluidos:</p>\n                \n                <ul>\n                <li>Las categorías de información personal que hemos recopilado sobre usted;</li>\n                <li>Las categorías de fuentes de las que se recopila la información personal;</li>\n                <li>El propósito comercial o empresarial para recopilar su información personal;</li>\n                <li>Las categorías de terceros con quienes hemos compartido su información personal; y</li>\n                <li>Los datos personales específicos que hemos recopilado sobre usted.</li>\n                </ul>\n                \n                <p><strong>Derecho a eliminar.</strong> Tiene derecho a solicitar que eliminemos la información personal que hemos recopilado de usted (y solicitar a nuestros proveedores de servicios que hagan lo mismo). Sin embargo, existen una serie de excepciones que incluyen, entre otras, cuando la información es necesaria para que nosotros o un tercero realice cualquiera de las siguientes acciones:</p>\n                \n                <ul>\n                <li>Completa tu transacción;</li>\n                <li>Proporcionarle un bien o servicio;</li>\n                <li>Ejecutar un contrato entre nosotros y usted;</li>\n                <li>Proteger su seguridad y procesar a los responsables de violarla;</li>\n                <li>Reparar nuestro sistema en caso de error;</li>\n                <li>Proteger los derechos de libertad de expresión suyos o de otros usuarios;</li>\n                <li>Participar en investigaciones científicas, históricas o estadísticas públicas o revisadas por pares en interés público que cumplan con todas las demás leyes de ética y privacidad aplicables;</li>\n                <li>Cumplir con una obligación legal; o</li>\n                <li>Hacer otros usos internos y legales de la información que sean compatibles con el contexto en el que la proporcionó.</li>\n                </ul>\n                \n                <p><strong>Otros derechos.</strong> Puede solicitar cierta información sobre nuestra divulgación de información personal a terceros para sus propios fines de marketing directo durante el año calendario anterior. Esta solicitud es gratuita y podrá realizarse una vez al año. También tiene derecho a no ser discriminado por ejercer cualquiera de los derechos enumerados anteriormente.<br />\n                <br />\n                <strong>Sitio web:</strong> Puede visitar nuestra página de inicio de privacidad para autenticarse y ejercer sus derechos a través de nuestro sitio web.<br />\n                <br />\n                <strong>Formulario web por correo electrónico:</strong> Puede escribirnos para ejercer sus derechos. Para responder a algunos derechos necesitaremos verificar su solicitud, ya sea pidiéndole que inicie sesión y autentique su cuenta o de otro modo verifique su identidad proporcionando información sobre usted o su cuenta. Los agentes autorizados pueden realizar una solicitud en su nombre si les ha otorgado un poder legal o si se nos proporciona prueba de permiso firmado, verificación de su identidad y confirmación de que usted le dio permiso al agente para enviar la solicitud. Tiempo y formato de respuesta. Nuestro objetivo es responder a la solicitud de acceso o eliminación de un consumidor dentro de los 45 días posteriores a la recepción de esa solicitud. Si requerimos más tiempo, le informaremos el motivo y el período de extensión por escrito.</p>\n                \n                <p>Datos de los niños</p>\n                \n                <p>Mi Softwares no está dirigido a niños y no recopilamos intencionadamente información personal de niños menores de 13 años. Si descubrimos que un niño menor de 13 años nos ha proporcionado información personal, tomaremos medidas para eliminarla. información. Si cree que un niño menor de 13 años nos ha proporcionado información personal, póngase en contacto con nosotros</p>\n                \n                <p>Enlaces a sitios web de terceros</p>\n                \n                <p>La Plataforma Mi Softwares puede contener enlaces a sitios web de terceros. Esos sitios web pueden tener políticas de privacidad diferentes a las nuestras. No somos responsables de esos sitios web y le recomendamos que revise sus políticas. Comuníquese directamente con esos sitios web si tiene alguna pregunta sobre sus políticas de privacidad.</p>\n                \n                <p>Cambios en esta política de privacidad</p>\n                \n                <p>Podemos actualizar esta política de vez en cuando a medida que la Plataforma Mi Softwares cambia y la ley de privacidad evoluciona. Si lo actualizamos, lo haremos en línea, y si realizamos cambios materiales, se lo haremos saber a través de la Plataforma Mi Softwares o mediante algún otro método de comunicación como el correo electrónico. Cuando utilizas Mi Softwares, aceptas los términos más recientes de esta política.</p>\n                \n                <p>Contáctenos</p>\n                \n                <p>Si tiene alguna pregunta o inquietud sobre su privacidad o cualquier aspecto de esta política, incluso si necesita acceder a esta política en un formato alternativo, le recomendamos que se comunique con nosotros.</p>', 'Términos y condiciones', '<h2><strong>Términos y condiciones</strong></h2>\n\n                <p>ACUERDO DE LICENCIA DE USUARIO FINAL</p>\n\n                <p>Última actualización 16 de mayo de 2021</p>\n\n                <p>Mi Softwares,LLC tiene licencia para usted (usuario final) otorgada por Mi Softwares, LLC, ubicada en 6255 Towncenter Drive Ste 819, Clemmons, Carolina del Norte 27012, Estados Unidos (en adelante: Licenciante), para su uso únicamente según los términos de este Acuerdo de Licencia.<br />\n                <br />\n                Al descargar la Aplicación de Apple AppStore y Google Play, y cualquier actualización de la misma (según lo permita este Acuerdo de licencia), usted indica que acepta estar sujeto a todos los términos y condiciones de este Acuerdo de licencia, y que acepta este Acuerdo de licencia.<br />\n                <br />\n                Las partes de este Acuerdo de licencia reconocen que Apple y/o Google Play no son Partes de este Acuerdo de licencia y no están sujetos a ninguna disposición u obligación con respecto a la Aplicación, como garantía, responsabilidad, mantenimiento y soporte de la misma. Mi Softwares, LLC, no Apple ni Google Play, es el único responsable de la Aplicación con licencia y su contenido.<br />\n                <br />\n                Es posible que este Acuerdo de licencia no establezca reglas de uso para la Aplicación que entren en conflicto con los Términos de servicio más recientes de la App Store. Mi Softwares, LLC reconoce que tuvo la oportunidad de revisar dichos términos y que este Acuerdo de licencia no entra en conflicto con ellos.<br />\n                <br />\n                Todos los derechos que no se le otorgan expresamente están reservados.</p>\n\n                <p>1. LA APLICACIÓN</p>\n\n                <p>Mi Softwares (en adelante: Aplicación) es un software que es una plataforma de viajes compartidos y está personalizado para dispositivos móviles Apple y Android. Se utiliza para conectar pasajeros con conductores para llegar del punto A al B con solo presionar un botón.<br />\n                <br />\n                La Aplicación no está diseñada para cumplir con regulaciones específicas de la industria (Ley de Responsabilidad y Portabilidad de Seguros Médicos (HIPAA), Ley Federal de Gestión de Seguridad de la Información (FISMA), etc.), por lo que si sus interacciones estuvieran sujetas a dichas leyes, no podrá utilice esta aplicación. No puede utilizar la Aplicación de una manera que viole la Ley Gramm-Leach-Bliley (GLBA).</p>\n\n                <p>2. ALCANCE DE LA LICENCIA</p>\n\n                <p>2.1 Se le otorga una licencia intransferible, no exclusiva y que no se puede sublicenciar para instalar y utilizar la Aplicación con licencia en cualquier Producto de la marca Apple o de Google que Usted (Usuario final) posea o controle y según lo permita el Reglas de uso establecidas en esta sección y en los Términos de servicio de la App Store, con la excepción de que otras cuentas asociadas con usted (Usuario final, El Comprador) pueden acceder a dicha Aplicación con licencia y utilizarla a través de Family Sharing o por volumen. compra.<br />\n                <br />\n                2.2 Esta licencia también regirá cualquier actualización de la Aplicación proporcionada por el Licenciante que reemplace, repare y/o complemente la primera Aplicación, a menos que se proporcione una licencia separada para dicha actualización, en cuyo caso regirán los términos de esa nueva licencia.<br />\n                <br />\n                2.3 No puede compartir ni poner la Aplicación a disposición de terceros (a menos que en la medida permitida por los Términos y condiciones de Apple y con el consentimiento previo por escrito de Mi Softwares, LLC), vender, alquilar, prestar, arrendar o redistribuir de otro modo la Aplicación. <br />\n                <br />\n                2.4 No puede realizar ingeniería inversa, traducir, desensamblar, integrar, descompilar, integrar, eliminar, modificar, combinar, crear trabajos derivados o actualizaciones, adaptar o intentar derivar el código fuente de la Aplicación, o cualquier parte de la misma (excepto con consentimiento previo por escrito de Mi Softwares, LLC).<br />\n                <br />\n                2.5 No puede copiar (excepto cuando lo autorice expresamente esta licencia y las Reglas de uso) ni alterar la Aplicación o partes de la misma. Puede crear y almacenar copias solo en dispositivos que posee o controla para mantener copias de seguridad según los términos de esta licencia, los Términos de servicio de la App Store y cualquier otro término y condición que se aplique al dispositivo o software utilizado. No puede eliminar ningún aviso de propiedad intelectual. Usted reconoce que ningún tercero no autorizado puede obtener acceso a estas copias en cualquier momento. <Br />\n                <br />\n                2.6 Las violaciones de las obligaciones mencionadas anteriormente, así como el intento de dicha infracción, pueden estar sujetas a enjuiciamiento y daños. <Br />\n                <br />\n                2.7 El licenciatura se reserva el derecho de modificar los términos y condiciones de licencia. <Br />\n                <br />\n                2.8 Nada en esta licencia debe interpretarse para restringir los términos de terceros. Cuando use la aplicación, debe asegurarse de cumplir con los términos y condiciones de terceros aplicables. </p>\n\n                <p> 3. Requisitos técnicos </p>\n\n                <p> 3.1 El licenciatura intenta mantener la aplicación actualizada para que cumpla con versiones modificadas/nuevas del firmware y el nuevo hardware. No se le otorgan derechos para reclamar dicha actualización. <Br />\n                <br />\n                3.2 Usted reconoce que es su responsabilidad confirmar y determinar que el dispositivo de usuario final de la aplicación en el que tiene la intención de usar la aplicación satisface las especificaciones técnicas mencionadas anteriormente. <Br />\n                <br />\n                3.3 El licenciatura se reserva el derecho de modificar las especificaciones técnicas como lo ve apropiado en cualquier momento. </p>\n\n                <p> 4. Mantenimiento y soporte </p>\n\n                <p> 4.1 El licenciatura es el único responsable de proporcionar servicios de mantenimiento y soporte para esta aplicación licenciada. Puede comunicarse con el licenciante en la dirección de correo electrónico que figura en la App Store o la descripción general de Google Play para esta aplicación con licencia. <Br />\n                <br />\n                4.2 MI Softwares, LLC y el usuario final reconocen que Apple y Google Play no tienen ninguna obligación de proporcionar ningún servicio de mantenimiento y soporte con respecto a la aplicación con licencia. </p>\n\n                <p> 5. Uso de datos </p>\n\n                <p> Usted reconoce que el licenciatura podrá acceder y ajustar su contenido de aplicación con licencia descargada y su información personal, y que el uso del licenciatura de dicho material e información está sujeto a sus acuerdos legales con la Política de privacidad del licenciatura y el licenciante: http: // www.mi softwares.us/privacy. </p>\n\n                <p> 6. Contribuciones generadas por el usuario </p>\n\n                <p> La aplicación puede invitarlo a chatear, contribuir o participar en blogs, tableros de mensajes, foros en línea y otra funcionalidad, y puede brindarle la oportunidad de crear, enviar, publicar, mostrar, transmitir, realizar, publicar , distribuir o transmitir contenido y materiales para nosotros o en la aplicación, incluidos, entre otros, texto, escritos, video, audio, fotografías, gráficos, comentarios, sugerencias o información personal u otro material (colectivamente, \"contribuciones\"). Otros usuarios de la aplicación y a través de sitios web o aplicaciones de terceros. Como tal, cualquier contribución que transmita puede tratarse como no confidencial y no propietario. Cuando crea o ponga a disposición cualquier contribución, usted representa y garantiza que: <Br />\n                <br />\n                1. o derechos morales de un tercero. <Br />\n                <br />\n                2. Usted es el creador y propietario de o tiene las licencias, derechos, consentimientos, lanzamientos y permisos necesarios para usar y autorizarnos, la aplicación y otros usuarios de la aplicación para usar sus contribuciones de cualquier manera contemplada por la aplicación y estos términos de uso. <Br />\n                <br />\n                3. Usted tiene el consentimiento, liberación y/o permiso por escrito de cada persona individual identificable en sus contribuciones para usar el nombre o la semejanza o cada persona individual identificable para permitir la inclusión y el uso de sus contribuciones de cualquier manera contemplada por la aplicación y estos Términos de uso. <Br />\n                <br />\n                4. Tus contribuciones no son falsas, inexactas o engañosas. <Br />\n                <br />\n                5. Sus contribuciones no son publicidad no solicitada o no autorizada, materiales promocionales, esquemas piramidales, cartas de cadena, spam, correos masivos u otras formas de solicitud. <Br />\n                <br />\n                6. Sus contribuciones no son obscenas, lascadas, lascivas, sucias, violentas, acosadoras, difamatorias, calumnias o de otra manera objetables (según lo determine nosotros). <Br />\n                <br />\n                7. Tus contribuciones no ridiculizan, se burlan, menosprecian, intimidan o abusan a nadie. <Br />\n                <br />\n                8. Sus contribuciones no se usan para acosar o amenazar (en el sentido legal de esos términos) a ninguna otra persona y para promover la violencia contra una persona o clase específica de personas. <Br />\n                <br />\n                9. Sus contribuciones no violen ninguna ley, regulación o regla aplicable. <Br />\n                <br />\n                10. Sus contribuciones no violan los derechos de privacidad o publicidad de ningún tercero. <Br />\n                <br />\n                11. Sus contribuciones no contienen ningún material que solicite información personal de cualquier persona menor de 18 años o explote a las personas menores de 18 años de manera sexual o violenta. <Br />\n                <br />\n                12. Sus contribuciones no violan ninguna ley aplicable con respecto a la pornografía infantil, o de otra manera destinada a proteger la salud o el bienestar de los menores. <Br />\n                <br />\n                13. Sus contribuciones no incluyen ningún comentario ofensivo que esté conectado a la raza, el origen nacional, el género, la preferencia sexual o la discapacidad física. <Br />\n                <br />\n                14. Sus contribuciones no violan de otra manera, ni se vinculan con el material que viola, cualquier disposición de estos Términos de uso, o cualquier ley o regulación aplicable. <Br />\n                <br />\n                Cualquier uso de la aplicación en violación de lo anterior viola estos Términos de uso y puede dar lugar, entre otras cosas, la terminación o la suspensión de sus derechos para usar la aplicación. </p>\n\n                <p> 7. Licencia de contribución </p>\n\n                <p> Al publicar sus contribuciones a cualquier parte de la aplicación o hacer que las contribuciones sean accesibles para la aplicación vinculando su cuenta de la aplicación a cualquiera de sus cuentas de redes sociales, usted otorga automáticamente y representa y garantiza que tiene derecho a concesión, para nosotros, un derecho sin restricciones, ilimitado, irrevocable, perpetuo, no exclusivo, transferible, libre de regalías, totalmente pagado, derecho mundial y licencia para alojar, usar copiar, reproducir, revelar, vender, revender, publicar, emitir un yeso amplio , Retitar, archivar, almacenar, caché, exhibir públicamente, reformatear, traducir, transmitir, extracto (en su totalidad o en parte) y distribuir dichas contribuciones (incluidas, entre otros, su imagen y voz) para cualquier propósito, publicidad comercial o de otra manera. , y para preparar obras derivadas o incorporar en otras obras, como contribuciones, y otorgar y autorizar sublicenses de lo anterior. El uso y la distribución pueden ocurrir en cualquier formato de medios y a través de cualquier canal de medios. <Br />\n                <br />\n                Esta licencia se aplicará a cualquier formulario, medios o tecnología ahora conocido o en adelante desarrollado, e incluye nuestro uso de su nombre, nombre de la empresa y nombre de la franquicia, según corresponda, y cualquiera de las marcas comerciales, marcas de servicio, nombres comerciales, logotipos, logotipos, e imágenes personales y comerciales que proporciona. No renuncia a todos los derechos morales en sus contribuciones, y garantiza que los derechos morales no se han afirmado en sus contribuciones. <Br />\n                <br />\n                No afirmamos ninguna propiedad sobre sus contribuciones. Retiene la propiedad total de todas sus contribuciones y cualquier derecho de propiedad intelectual u otros derechos de propiedad asociados con sus contribuciones. No somos responsables de ninguna declaración o representación en sus contribuciones proporcionadas por usted en cualquier área de la solicitud. Usted es el único responsable de sus contribuciones a la solicitud y acepta expresamente exonerarnos de cualquier responsabilidad y abstenerse de cualquier acción legal contra nosotros con respecto a sus contribuciones. <Br />\n                <br />\n                Tenemos el derecho, a nuestra sola y absoluta discreción, (1) para editar, redactar o cambiar cualquier contribución; (2) volver a clasificar cualquier contribución para colocarlos en ubicaciones más apropiadas en la aplicación; y (3) previamente o eliminar cualquier contribución en cualquier momento y por cualquier motivo, sin previo aviso. No tenemos la obligación de monitorear sus contribuciones. </p>\n\n                <p> 8. Responsabilidad </p>\n\n                <p> 8.1 La responsabilidad del licenciante en el caso de violación de las obligaciones y el agravio se limitará a la intención y la grave negligencia. Solo en el caso de un incumplimiento de los deberes contractuales esenciales (obligaciones cardinales), el licenciante también será responsable en caso de ligera negligencia. En cualquier caso, la responsabilidad se limitará a los daños previsibles y contractualmente típicos. La limitación mencionada anteriormente no se aplica a las lesiones a la vida, a las extremidades o una salud. <Br />\n                <br />\n                8.2 El licenciatura no toma responsabilidad ni responsabilidad por los daños causados ​​por un incumplimiento de los deberes de acuerdo con la Sección 2 de este Acuerdo. Para evitar la pérdida de datos, debe utilizar funciones de respaldo de la aplicación en la medida permitida por los términos y condiciones de uso de terceros aplicables. Usted es consciente de que en caso de alteraciones o manipulaciones de la aplicación, no tendrá acceso a la aplicación con licencia. </p>\n\n                <p> 9. Garantía </p>\n\n                <p> 9.1 El licenciatura garantiza que la aplicación está libre de spyware, caballos troyanos, virus o cualquier otro malware al momento de su descarga. El licenciatura garantiza que la aplicación funciona como se describe en la documentación del usuario. <Br />\n                <br />\n                9.2 No se proporciona garantía para la aplicación que no se puede ejecutar en el dispositivo, que se ha modificado, manejado de manera inapropiada no autorizada de manera inapropiada o definitiva, combinada o instalada con hardware o software inapropiado, utilizado con accesorios inapropiados, independientemente de si es por terceros, por terceros, o si hay alguna otra razón fuera de los software de MI, la esfera de influencia de LLC que afecta la ejecución de la aplicación. <Br />\n                <br />\n                9.3 Debe inspeccionar la aplicación inmediatamente después de instalarla y notificar a MI Softwares, LLC sobre los problemas descubiertos sin demora por correo electrónico proporcionado en las reclamaciones de productos. El informe del defecto se tendrá en cuenta e investigará más a fondo si se ha enviado por correo dentro de un período de noventa (90) días después del descubrimiento. <Br />\n                <br />\n                9.4 Si confirmamos que la aplicación es defectuosa, MI Softwares, LLC se reserva una opción para remediar la situación, ya sea por medio de la entrega del defecto o sustituto. <Br />\n                <br />\n                9.5 En caso de que cualquier falla de la solicitud se ajuste a cualquier garantía aplicable, puede notificar al operador de la tienda de aplicaciones y el precio de la compra de su solicitud se le reembolsará. En la medida máxima permitida por la ley aplicable, el operador de la tienda de aplicaciones no tendrá otra obligación de garantía con respecto a la aplicación, y cualquier otra pérdida, reclamo, daños, pasivos, gastos y costos atribuibles a cualquier negligencia para cumplir con cualquier Garantía. <Br />\n                <br />\n                9.6 Si el usuario es un emprendedor, cualquier reclamo basado en fallas expira después de un período legal de limitación que asciende a doce (12) meses después de que la aplicación se puso a disposición del usuario. Los períodos legales de limitación dados por la ley se aplican a los usuarios que son consumidores. </p>\n\n                <p> 10. Reclamaciones de productos </p>\n\n                <p> mi Softwares, LLC y el usuario final reconocen que MI Softwares, LLC, y no Apple, es responsable de abordar cualquier reclamo del usuario final o cualquier tercero relacionado con la solicitud con licencia o la posesión del usuario final y la posesión del usuario final /o el uso de esa aplicación con licencia, que incluye, entre otros: <Br />\n                <br />\n                (i) reclamos de responsabilidad del producto; <Br />\n                <br />\n                (ii) cualquier reclamo de que la solicitud con licencia no se ajuste a ningún requisito legal o reglamentario aplicable; y <Br />\n                <br />\n                (iii) Reclamaciones que surgen bajo protección del consumidor, privacidad o legislación similar, incluso en relación con el uso de su aplicación con licencia. </p>\n\n                <p> 11. Cumplimiento legal </p>\n\n                <p> usted representa y garantiza que no se encuentra en un país que está sujeto a un embargo del gobierno de los EE. UU., o que ha sido designado por el gobierno de los Estados Unidos como un país de \"apoyo terrorista\"; y que no figura en ninguna lista del gobierno de los EE. UU. De partes prohibidas o restringidas. </p>\n\n                <p> 12. Información de contacto </p>\n\n                <p> Para consultas generales, quejas, preguntas o reclamos sobre la solicitud con licencia, comuníquese con: <Br />\n                <br />\n                <strong> mi softwares, LLC <Br />\n                6255 TownCenter Drive Ste 819 <Br />\n                Clemmons, NC 27012 <Br />\n                Estados Unidos <Br />\n                Support@mi softwares.us </strong> </p>\n\n                <p> 13. Terminación </p>\n\n                <p> La licencia es válida hasta que MI Softwares, LLC o por usted. Sus derechos bajo esta licencia terminarán automáticamente y sin previo aviso de MI Softwares, LLC, si no se adhiere a ningún término de esta licencia. Tras la terminación de la licencia, detendrá todo el uso de la solicitud y destruirá todas las copias, completas o parciales de la aplicación. </p>\n\n                <p> 14. Términos de acuerdos y beneficiarios de terceros </p>\n\n                <p> mi softwares, LLC representa y garantiza que MI Softwares, LLC cumplirá con los términos de acuerdo de terceros aplicables cuando se use la aplicación con licencia. <Br />\n                <br />\n                De acuerdo con la Sección 9 de \"Instrucciones para términos mínimos del acuerdo de licencia de usuario final del desarrollador\", las subsidiarias de Apple y Apple serán beneficiarios de este acuerdo de licencia del usuario final y, al aceptar los términos y condiciones de esta licencia Acuerdo, Apple tendrá el derecho (y se considerará que ha aceptado el derecho) para hacer cumplir este acuerdo de licencia de usuario final contra usted como un tercero beneficiario de la misma. </p>.\n\n                <p> 15. Derechos de propiedad intelectual </p>\n\n                <p> MI Softwares, LLC y el usuario final reconocen que, en el caso de cualquier reclamo de terceros, la solicitud con licencia o la posesión del usuario final y el uso de esa solicitud con licencia infringen los derechos de propiedad intelectual del tercero, MI Softwares, LLC, y no Apple, será el único responsable de la investigación, defensa, liquidación y alta o cualquier reclamación de infracción de propiedad intelectual. </p>\n\n                <p> 16. Ley aplicable </p>\n\n                <p> Este acuerdo de licencia se rige por las leyes del estado de Carolina del Norte, excluyendo sus reglas de conflictos de derecho. </p>.\n\n                <p> 17. Varios </p>\n\n                <p> 17.1 Si alguno de los términos de este Acuerdo debe ser o inválido, la validez de las disposiciones restantes no se verá afectada. Los términos no válidos serán reemplazados por los válidos formulados de una manera que alcance el propósito principal. <Br />\n                <br />\n                17.2 Acuerdos, cambios y enmiendas colaterales solo son válidos si se establecen por escrito. La cláusula anterior solo se puede renunciar por escrito. </p> ', 'cumplimiento', '<h3> <strong> Oportunidad de empleo igual y política de no discriminación </strong> </h3>\n\n                <h3> i. Descripción general y alcance </h3>\n\n                <p> MI Softwares, LLC de 6255 Towncenter Drive Ste 819, Clemmons, Carolina del Norte 27012, ha establecido una política de no discriminación e igualdad de oportunidades de empleo (\"EEO\"). Esta política de EEO se aplica a todos los aspectos de la relación entre MI Softwares, LLC y sus empleados, incluidos, entre otras, empleo, reclutamiento, anuncios para el empleo, contratación y despido, compensación, asignación, clasificación de empleados, terminación, mejora, mejoramiento, Promociones, transferencia, capacitación, condiciones de trabajo, salarios y administración salarial, y los beneficios de los empleados y la aplicación de políticas. Estas políticas se aplican a contratistas independientes, empleados temporales, todo el personal que trabaja en las instalaciones y cualquier otra persona o empresa que haga negocios para o con MI Softwares, LLC. Cualquier usuario que haya violado esta prohibición perderá acceso a la plataforma MI Softwares, LLC. Las leyes aplicables en ciertas jurisdicciones pueden requerir y/o permitir la provisión de servicios por el beneficio de una categoría específica de personas. En tales jurisdicciones, los servicios proporcionados de conformidad con estas leyes y los términos aplicables correspondientes están permitidos según esta política. </p>\n\n                <H3> II. Políticas </h3>\n\n                <p>1. Discriminación. </p>\n\n                <p> mi softwares, LLC no tolerará, bajo ninguna circunstancia, sin excepción, ninguna forma de discriminación basada en la raza, el credo, la religión, el color, la edad, la discapacidad, el embarazo, el estado civil, el estado de los padres, la orientación sexual, la expresión de género, Identidad de género, estatus veterano, estatus militar, estatus de víctima de violencia doméstica, origen nacional, afiliación política, sexo, características genéticas predisponentes o ubicación geográfica y cualquier otro estado protegido por la ley. Esta lista no es exhaustiva. Para las personas calificadas con discapacidades, MI Softwares, LLC hará todo lo posible para proporcionar adaptaciones razonables en el lugar de trabajo que cumplan con las leyes aplicables. </p>\n\n                <p> La discriminación en el proporcionar servicios de transporte está estrictamente prohibido </p>\n\n                <p> Los conductores y empleados asociados deben conocer las prohibiciones no discriminatorias. MI Softwares, LLC no tolerará la alojamiento público, que incluye servicios de taxi -Taxicab Práctica discriminatoria para negar, directa o indirectamente, a ninguna persona el disfrute completo e igual de los bienes, servicios, instalaciones, privilegios, ventajas y alojamientos de cualquier lugar de alojamiento público (incluidos los servicios de taxis) de total o parcialmente por una razón discriminatoria basada en el lugar de residencia o negocios. </p>\n\n                <p> Conducta discriminatoria prohibida: </p>\n\n                <p> MI Softwares, LLC reconoce que los impulsores asociados nunca deben discriminar a ciertos clientes al no recogerlos, no llevarlos a donde desean ir o tratarlos con menos respeto en función de las características o rasgos protegidos mencionados anteriormente. Ejemplos específicos de conducta discriminatoria, incluyen lo siguiente: <Br />\n                <br />\n                No recoger a un pasajero sobre la base de ninguna característica o rasgo protegido, incluso no recoger a un pasajero con un animal de servicio · solicitando que un pasajero salga de un taxi en base a una característica o rasgo protegido · utilizando lenguaje despectivo o de acoso Sobre la base de una característica o rasgo protegido · Rechazando una camioneta en un área geográfica específica. </p>\n\n                <p> Discriminación geográfica: </p>\n\n                <p> mi softwares, LLC no tolera la discriminación geográfica y reconoce lo importante que es llevar al cliente al destino solicitado sin discriminar a ese cliente en función de dónde desea ir. Todos los impulsores asociados, empleados, gerentes, partes interesadas y agentes de MI Softwares, LLC cumplirán con estas políticas contra la discriminación. En algunos casos, las leyes y regulaciones locales pueden proporcionar mayores protecciones que las descritas en esta política. </p>\n\n                <p> 2. Acoso </p>\n\n                <p> mi softwares, LLC se compromete a proporcionar un entorno de trabajo libre de acoso. Cualquier comportamiento que no sea deseado y ofensivo para el destinatario, que crea un ambiente de trabajo intimidante, hostil o humillante para esa persona viola la política de MI, LLC. El acoso puede ocurrir entre los miembros del sexo opuesto o el mismo sexo. El acoso, verbal o no verbal, explícito o implícito, basado en el sexo, la raza, el origen étnico, el origen nacional, la edad, la religión de un individuo o cualquier otra característica legalmente protegida no se tolerará. Todos los empleados, incluidos los supervisores, otro personal de gestión y contratistas independientes, deben cumplir con esta política. Ninguna persona se verá afectada negativamente en el empleo con MI Softwares, LLC como resultado de presentar quejas de acoso. </p>\n\n                <p> 3. Acoso sexual </p>\n\n                <p> Los avances sexuales no deseados, las solicitudes de favores sexuales y otra conducta verbal o física de una naturaleza sexual constituyen acoso cuando (1) la sumisión a dicha conducta se realiza explícita o implícitamente un término o condición de empleo; (2) la sumisión o rechazo de dicha conducta por parte de un individuo se utiliza como base para las decisiones de empleo, promoción, transferencia, selección para capacitación, evaluaciones de desempeño, beneficios u otros términos y condiciones de empleo; o (3) dicha conducta tiene el propósito o efecto de crear un entorno de trabajo intimidante, hostil u ofensivo o interfiere sustancialmente con el desempeño laboral de un empleado. MI Softwares, LLC prohíbe una conducta inapropiada que es de naturaleza sexual en el trabajo, en negocios de la empresa o en eventos patrocinados por la compañía, incluidos los siguientes: comentarios, bromas, lenguaje degradante, objetos sexualmente sugerentes, libros o cualquier forma de medios electrónicos o en Formulario de impresión. El acoso sexual está prohibido si se trata entre miembros del sexo opuesto o miembros del mismo sexo. </p>\n\n                <p> 4. Declaración sobre acción afirmativa </p>\n\n                <p> Se ha desarrollado un programa de acción afirmativa donde MI Softwares, LLC busca aumentar la representación y participación de las minorías </p>\n\n                <p> 5. Informar discriminación y acoso </p>\n\n                <p> Si un empleado siente que ha sido hostigado como se describe en esta política, debe presentar inmediatamente la queja con: departamento de quejas, 6255 Towncenter Drive, Ste 819, Clemmons NC 27012, o por correo electrónico en cumplimiento de Softwares. a nosotros. Una vez que se haya informado el asunto, se investigará rápidamente y se tomará cualquier acción correctiva cuando se considere apropiado. Todas las quejas o acoso ilegal bajo esta política o de otra manera se manejarán de la manera más confidencial posible. Se alienta a los informes oportunos a evitar la recurrencia o abordar el comportamiento que viola esta política o ley. Los retrasos al informar una queja pueden limitar el tipo de efectividad de una respuesta por parte de MI Softwares, LLC. El procedimiento para informar incidentes de comportamiento discriminatorio o de acoso no está destinado a evitar el derecho de ningún empleado a buscar un remedio bajo la ley estatal o federal disponible informando inmediatamente el asunto a la agencia estatal o federal apropiada. </p>.\n\n                <p> 6. Retaliación </p>\n\n                <p> Retaliación contra cualquier persona asociada con MI Softwares, LLC, quien informa que los casos de acoso, ya sea que él o ella estén directa o indirectamente involucrados, violan las políticas de MI Softwares, LLC. Se supone que todos los incidentes informados se realizan de buena fe. Cualquier acusación que se demuestre que se tratará como un asunto grave. </p>\n\n                <p> 7. Medidas disciplinarias para el acoso </p>\n\n                <p> Cualquier empleado que participe en el comportamiento que viole esta política estará sujeto a medidas disciplinarias, incluida la posible terminación del empleo, ya sea que se haya violado o no una ley real. </p>.\n\n                <p> 8. Remedios </p>\n\n                <p> remedios para cualquier caso de discriminación del empleo verificada, ya sea causada intencionalmente o por acciones que tengan un efecto discriminatorio, pueden incluir salario posterior, contratación, promoción, restablecimiento, pago frontal, acomodación razonable u otras acciones consideradas apropiadas por los software de MI, LLC. Los recursos también pueden incluir el pago de los honorarios de abogados, honorarios de testigos expertos, costos judiciales y otros honorarios legales aplicables. </p>.\n\n                <p> 9. Implementación de políticas </p>\n\n                <p> mi CEO de Softwares, Lynn Graham, apoya plenamente la implementación de esta política efectiva a partir del 19 de abril de 2021. </p> ', 'check dmv', '<h2> <strong> dmv verificación y consentimiento de verificación de antecedentes </strong> </h2>\n\n                <p> </p>\n\n                <p> Consentimiento para solicitar un registro de conducción </p>\n\n                <P> Entiendo que mi softwares, LLC. (\"Compañía\") utilizará Checkr. (\"Checkr, Inc.\") para obtener un registro de vehículos de motor como parte del proceso de solicitud para ser un conductor en la plataforma SoftWares MI (un \"conductor\"). También entiendo que si se acepta como conductor, en la medida permitida por la ley, la compañía puede obtener más informes de Checkr Inc. para actualizar, renovar o extender mi estado como conductor. Por la presente, doy permiso a MI Softwares para obtener mi registro de conducción estatal (también conocido como mi registro de vehículos motorizados o MVR) de acuerdo con la Ley de Protección de Privacidad Federal del Conductor (\"DPPA\") y la ley estatal aplicable. Reconozco y entiendo que mi registro de conducción es un informe del consumidor que contiene información de registros públicos. Autorizo, sin reserva, cualquier parte o agencia contactada por Company o Checkr Inc. para proporcionar a la compañía una copia de mi historial de manejo del estado. Esta autorización permanecerá en el archivo de la compañía durante la duración de mi tiempo como conductor, y servirá como autorización continua para que la compañía obtenga mi registro de conducción de estado en cualquier momento mientras yo soy un conductor. </p>\n\n                <p> Consentimiento para solicitar el informe del consumidor o la información del informe del consumidor de investigación </p>\n\n                <P> Entiendo que mi softwares, LLC. (\"Compañía\") utilizará Checkr Inc., </p>\n\n                <p> 1 Montgomery St, Ste 2000, San Francisco, CA 94104 </p>\n\n                <p> Para obtener un informe del consumidor o un informe de consumo de investigación como parte del proceso de solicitud para ser un impulsor en la plataforma MI SoftWares (un \"controlador\"). También entiendo que si se acepta como conductor, en la medida permitida por la ley, la compañía puede obtener más informes de la verificación para actualizar, renovar o extender mi estado como conductor. </p>\n\n                <p> Entiendo la investigación de Checkr, Inc (\"Checkr\") puede incluir la obtención de información sobre mis antecedentes penales, sujeto a cualquier limitaciones impuestas por la ley federal y estatal aplicable. Entiendo que dicha información se puede obtener a través del contacto directo o indirecto con agencias públicas u otras personas que puedan tener dicho conocimiento. </p>.\n\n                <p> La naturaleza y el alcance de la investigación solicitada incluirán una verificación de antecedentes penales y SSN Trace. </p>\n\n                <P> Reconozco la recepción del resumen adjunto de mis derechos bajo la Ley de Informe de Crédito Justo y, según lo exige la ley, cualquier resumen del Estado relacionado de los derechos (colectivamente \"Resúmenes de los derechos\"). </p>.\n\n                <p> Este consentimiento no afectará mi capacidad de cuestionar o disputar la precisión de cualquier información contenida en un informe. Entiendo que si la compañía toma una decisión condicional de descalificarme basada en todo o en parte en mi informe, me proporcionarán una copia del informe y otra copia de los resúmenes de los derechos, y si no estoy de acuerdo con la precisión de la supuesta descalificación Información En el informe, debo notificar a la compañía dentro de los cinco días hábiles posteriores a la recepción del informe de que estoy desafiando la precisión de dicha información con Checkr. </p>\n\n                <p> Por la presente, consentiré esta investigación y autorizo ​​a la compañía a obtener un informe sobre mis antecedentes. </p>\n\n                <p> Para verificar mi identidad a los efectos de la preparación de los informes, estoy lanzando voluntariamente mi fecha de nacimiento, número de seguro social y la otra información y comprendo completamente que todas las decisiones se basan en razones legítimas no discriminatorias. </P >\n\n                <p> El nombre, la dirección y el número de teléfono de la unidad más cercana de la Agencia de Informes del Consumidor designado para manejar consultas con respecto al Informe del Consumidor de Investigación es: </p>\n\n                <p> <strong> checkr, Inc. <r />\n                1 Montgomery St, Ste 2000, San Francisco, CA 94104 <Br />\n                844-824-3257 </strong> <r />\n                <br />\n                <strong> California, Maine, Massachusetts, Minnesota, Nueva Jersey y Oklahoma Solicitantes: </strong> Tengo el derecho de solicitar una copia de cualquier informe obtenido por la compañía de la verificación revisando la casilla. (Verifique solo si desea recibir una copia) </p>\n\n                <p> Solo solicitantes de Nueva York </p>\n\n                <p> También reconozco que he recibido la copia adjunta del Artículo 23A de la Ley de Corrección de Nueva York. Además, entiendo que puedo solicitar una copia de cualquier informe de consumo de investigación contactando a Checkr. Además, entiendo que se me aconsejará si se solicitan más cheques y proporcionan el nombre y la dirección de la Agencia de Informes del Consumidor. </p>\n\n                <p> Solicitantes y residentes de California </p>\n\n                <p> Si estoy solicitando en California o resido en California, entiendo que tengo el derecho de inspeccionar visualmente los archivos sobre mí mantenidos por una agencia de informes de consumidores de investigación durante el horario comercial normal y con un aviso razonable. La inspección se puede hacer en persona y, si parezco en persona y proporciono la identificación adecuada; Tengo derecho a una copia del archivo por una tarifa para no exceder los costos reales de duplicación. Tengo derecho a ir acompañado por una persona de mi elección, que proporcionará una identificación razonable. La inspección también se puede realizar a través del correo certificado si hago una solicitud por escrito, con una identificación adecuada, para que se envíen copias a un destinatario especificado. También puedo solicitar un resumen de la información que se proporcionará por teléfono si hago una solicitud por escrito, con una identificación adecuada para la divulgación del teléfono, y el cargo de peaje, si lo hay, para la llamada telefónica, se me cobra o se me cobra directamente. Además, entiendo que la Agencia de Informes de Consumidores de Investigación proporcionará personal capacitado para explicarme cualquiera de la información proporcionada para mí; Recibiré de la Agencia de Informes de Consumidores de Investigación una explicación por escrito de cualquier información codificada contenida en archivos mantenidos en mí. La \"identificación adecuada\" como se usa en este párrafo significa que la información generalmente se considera suficiente para identificar a una persona, incluidos documentos como una licencia de conducir válida, número de cuenta de seguro social, tarjeta de identificación militar y tarjetas de crédito. Entiendo que puedo acceder al siguiente sitio web CheckR.com privacidad para ver las prácticas de privacidad de la verificación, incluida la información con respecto a la preparación y el procesamiento de la verificación de los informes y la orientación de los consumidores de investigación sobre si mi información personal se enviará fuera de los Estados Unidos o sus territorios .</p>\n\n                <p> Un resumen de sus derechos bajo la Ley de Informes de Crédito Justo </p>\n\n                <p> La Ley de Informes de Crédito Federal Federal (FCRA) promueve la precisión, la equidad y la privacidad de la información en los archivos de las agencias de informes del consumidor. Existen muchos tipos de agencias de informes del consumidor, incluidas agencias de crédito y agencias especializadas (como agencias que venden información sobre historiales de emisión de cheques, registros médicos y registros de historial de alquiler). Aquí hay un resumen de sus principales derechos bajo la FCRA. <strong> Para obtener más información, incluida la información sobre derechos adicionales, visite www.consumerfinance.gov/learnmore o escriba a: </strong> </p>\n\n                <p> Oficina de protección financiera del consumidor <Br />\n                1700 G Street NW, Washington, DC 20552 </p>\n\n                <p> </p>\n\n                <ul>\n                <li> Debe decirle si la información en su archivo se ha utilizado en su contra. Cualquier persona que use un informe de crédito u otro tipo de informe del consumidor para negar su solicitud de crédito, seguro o empleo, o para tomar otra acción adversa en su contra, debe decirle y debe darle el nombre, la dirección y el número de teléfono del número de teléfono. la agencia que proporcionó la información. </li>\n                <li> Tienes derecho a saber qué hay en tu archivo. Puede solicitar y obtener toda la información sobre usted en los archivos de una agencia de informes del consumidor (su \"divulgación de archivos\"). Se le pedirá que proporcione una identificación adecuada, que puede incluir su número de Seguro Social. En muchos casos, la divulgación será gratuita. Tiene derecho a una divulgación gratuita de su expediente si:\n                <ol>\n                <li> Una persona ha tomado medidas adversas contra usted debido a la información en su informe de crédito; </li>\n                <li> Eres víctima del robo de identidad y coloca una alerta de fraude en tu archivo; </li>\n                <li> Su archivo contiene información inexacta como resultado de fraude; </li>\n                <li> Estás en asistencia pública; </li>\n                <li> Está desempleado pero espera solicitar empleo dentro de los 60 días. </li>\n                </ol>\n                Además, todos los consumidores tienen derecho a una divulgación gratuita cada 12 meses previa solicitud de cada agencia de crédito a nivel nacional y de agencias especializadas en informes del consumidor a nivel nacional. Consulte www.consumerfinance.gov/learnmore para obtener información adicional. </li>\n                <li> Tienes derecho a pedir un puntaje de crédito. Los puntajes crediticios son resúmenes numéricos de su solvencia crediticia basados ​​en información de las agencias de crédito. Puede solicitar un puntaje crediticio a las agencias de informes del consumidor que crean puntajes o distribuyen puntajes utilizados en préstamos para bienes raíces residenciales, pero tendrá que pagarlo. En algunas transacciones hipotecarias, recibirá información de puntaje de crédito de forma gratuita del prestamista hipotecario. </li>\n                <li> Tiene derecho a disputar información incompleta o inexacta. Si identifica información en su archivo que está incompleta o inexacta, e informa a la Agencia de Informes del Consumidor, la agencia debe investigar a menos que su disputa sea frívola. Consulte www.consumerfinance.gov/learnmore para una explicación de los procedimientos de disputa. </li>\n                <li> Las agencias de informes del consumidor deben corregir o eliminar información inexacta, incompleta o no verificable. Inaccurate, incomplete or unverifiable information must be removed or corrected, usually within 30 days. However, a consumer reporting agency may continue to report information it has verified as accurate.</li>\n                <li>Consumer reporting agencies may not report outdated negative information. In most cases, a consumer reporting agency may not report negative information that is more than seven years old, or bankruptcies that are more than 10 years old.</li>\n                <li>Access to your file is limited. A consumer reporting agency may provide information about you only to people with a valid need – usually to consider an application with a creditor, insurer, employer, landlord, or other business. The FCRA specifies those with a valid need for access.</li>\n                <li>You must give your consent for reports to be provided to employers. A consumer reporting agency may not give out information about you to your employer, or a potential employer, without your written consent given to the employer. Por lo general, no se requiere consentimiento por escrito en la industria del transporte por carretera. For more information, go to www.consumerfinance.gov/learnmore</li>\n                <li>You may limit “prescreened” offers of credit and insurance you get based on information in your credit report. Unsolicited “prescreened” offers for credit and insurance must include a toll-free phone number you can call if you choose to remove your name and address from the lists these offers are based on. You may opt-out with the nationwide credit bureaus at 1-888-567-8688.</li>\n                <li>You may seek damages from violators. If a consumer reporting agency, or, in some cases, a user of consumer reports or a furnisher of information to a consumer reporting agency violates the FCRA, you may be able to sue in state or federal court.</li>\n                <li>Identity theft victims and active duty military personnel have additional rights. For more information, visit www.consumerfinance.gov/learnmore.</li>\n                </ul>\n\n                <p>States may enforce the FCRA, and many states have their own consumer reporting laws. In some cases, you may have more rights under state law. For more information, contact your state or local consumer protection agency or your state Attorney General. For information about your federal rights, contact:</p>\n\n                <p> </p>\n\n                <table>\n                <thead>\n                <tr>\n                <th>\n                <p>Type of business</p>\n                </th>\n                <th>\n                <p>Contact</p>\n                </th>\n                </tr>\n                </thead>\n                <tcuerpo>\n                <tr>\n                <td>1.a. Banks, savings associations, and credit unions with total assets of over $10 billion and their affiliates.</td>\n                <td>a. Consumer Financial Protection Bureau 1700 G Street NW, Washington, DC 20552</td>\n                </tr>\n                <tr>\n                <td>1.b. Such affiliates that are not banks, savings associations, or credit unions also should list, in addition to the CFPB:</td>\n                <td>b. Federal Trade Commission: Consumer Response Center – FCRA Washington, DC 20580 877-382-4357</td>\n                </tr>\n                </tbody>\n                <tcuerpo>\n                <tr>\n                <td colspan=\"2\">\n                <p>To the extent not included in item 1 above</p>\n                </td>\n                </tr>\n                </tbody>\n                <tcuerpo>\n                <tr>\n                <td>2.a. National banks, federal savings associations, and federal branches and federal agencies of foreign banks</td>\n                <td>a. Office of the Comptroller of the Currency Customer Assistance Group 1301 McKinney Street Suite 3450, Houston, TX 77010-9050</td>\n                </tr>\n                <tr>\n                <td>2.b. State member banks, branches and agencies of foreign banks (other than federal branches, federal agencies, and Insured State Branches of Foreign Banks), commercial lending companies owned or controlled by foreign banks, and organizations operating under section 25 or 25A of the Federal Reserve Act</td>\n                <td>b. Federal Reserve Consumer Help Center P.O. Box 1200 Minneapolis, MN 55480</td>\n                </tr>\n                <tr>\n                <td>2.c. Nonmember Insured Banks, Insured State Branches of Foreign Banks, and insured state savings associations</td>\n                <td>c. FDIC Consumer Response Center 1100 Walnut Street Box #11, Kansas City, MO 64106</td>\n                </tr>\n                <tr>\n                <td>2.d. Federal Credit Unions</td>\n                <td>d. National Credit Union Administration Office of Consumer Protection (OCP), Division of Consumer Compliance and Outreach (DCCO) 1775 Duke Street, Alexandria, VA 22314</td>\n                </tr>\n                </tbody>\n                <tcuerpo>\n                <tr>\n                <td>3. Air carriers</td>\n                <td>Asst. General Counsel for Aviation Enforcement & Proceedings Aviation Consumer Protection Division Department of Transportation 1200 New Jersey Avenue SE, Washington, DC 20590</td>\n                </tr>\n                </tbody>\n                <tcuerpo>\n                <tr>\n                <td>4. Creditors Subject to Surface Transportation Board</td>\n                <td>Office of Proceedings, Surface Transportation Board, Department of Transportation 395 E Street SW, Washington, DC 20423</td>\n                </tr>\n                </tbody>\n                <tcuerpo>\n                <tr>\n                <td>5. Creditors Subject to Packers and Stockyards Act, 1921</td>\n                <td>Nearest Packers and Stockyards Administration area supervisor</td>\n                </tr>\n                </tbody>\n                <tcuerpo>\n                <tr>\n                <td>6. Small Business Investment Companies</td>\n                <td>Associate Deputy Administrator for Capital Access, United States Small Business Administration 409 Third Street SW 8th Floor, Washington, DC 20416</td>\n                </tr>\n                </tbody>\n                <tcuerpo>\n                <tr>\n                <td>7. Brokers and Dealers</td>\n                <td>Securities and Exchange Commission 100 F St NE, Washington, DC 20549</td>\n                </tr>\n                </tbody>\n                <tcuerpo>\n                <tr>\n                <td>8. Federal Land Banks, Federal Land Bank Associations, Federal Intermediate Credit Banks, and Production Credit Associations</td>\n                <td>Farm Credit Administration, 1501 Farm Credit Drive, McLean, VA 22102-5090</td>\n                </tr>\n                </tbody>\n                <tcuerpo>\n                <tr>\n                <td>9. Retailers, Finance Companies, and All Other Creditors Not Listed Above</td>\n                <td>FTC Regional Office for region in which the creditor operates or Federal Trade Commission: Consumer Response Center – FCRA Washington, DC 20580 877-382-4357</td>\n                </tr>\n                </tbody>\n                </table>', 'es', 'Spanish', 'ltr', NULL, NULL);
INSERT INTO `landing_quicklinks` (`id`, `privacy_title`, `privacy`, `terms_title`, `terms`, `compliance_title`, `compliance`, `dmv_title`, `dmv`, `locale`, `language`, `direction`, `created_at`, `updated_at`) VALUES
('e1f25252-c179-491b-ad69-b91e00e694c2', 'Privacy Policy', '<h2>Privacy Policy</h2>\n\n                <p>The Scope of This Policy</p>\n                \n                <p>This policy applies to all Mi Softwares users, including Riders and Drivers (including Driver applicants), and to all Mi Softwares platforms and services, including our apps, websites, features, and other services (collectively, the &ldquo;Mi Softwares Platform&rdquo;). Please remember that your use of the Mi Softwares Platform is also subject to our Terms of Service.</p>\n                \n                <p>The Information We Collect</p>\n                \n                <p>When you use the Mi Softwares Platform, we collect the information you provide, usage information, and information about your device. We also collect information about you from other sources like third-party services, and optional programs in which you participate, which we may combine with other information we have about you. Here are the types of information we collect about you:</p>\n                \n                <p>A. Information You Provide to Us</p>\n                \n                <p>Account Registration. When you create an account with Mi Softwares, we collect the information you provide us, such as your name, email address, phone number, and payment information. You may choose to share additional info with us for your Rider profile, like your photo or saved addresses (e.g., home or work), and set up other preferences (such as your preferred pronouns).<br />\n                <br />\n                <strong>Driver Information.</strong> If you apply to be a Driver, we will collect the information you provide in your application, including your name, email address, phone number, birth date, profile photo, physical address, government identification number (such as social security number), driver&rsquo;s license information, vehicle information, and car insurance information. We collect the payment information you provide us, including your bank routing numbers, and tax information. Depending on where you want to drive, we may also ask for additional business license or permit information or other information to manage driving and programs relevant to that location. We may need additional information from you at some point after you become a Driver, including information to confirm your identity (like a photo).<br />\n                <br />\n                <strong>SOS Contact Information</strong> We will collect the contact list permission to list the contacts while adding the sos contacts for user & driver app<br />\n                <br />\n                <strong>Ratings and Feedback.</strong> When you rate and provide feedback about Riders or Drivers, we collect all of the information you provide in your feedback.<br />\n                <br />\n                <strong>Communications.</strong> When you contact us or we contact you, we collect any information that you provide, including the contents of the messages or attachments you send us.</p>\n                \n                <p>B. Information We Collect When You Use the Mi Softwares Platform</p>\n                \n                <p><strong>Location Information.</strong> Great rides start with an easy and accurate pickup. The Mi Softwares Platform collects location information (including GPS and WiFi data) differently depending on your Mi Softwares app settings and device permissions as well as whether you are using the platform as a Rider or Driver:</p>\n                \n                <ul>\n                <li>Riders: We collect your device&rsquo;s precise location when you open and use the Mi Softwares app, including while the app is running in the background from the time you request a ride until it ends. Mi Softwares also tracks the precise location of scooters and e-bikes at all times.</li>\n                <li>Drivers: We collect your device&rsquo;s precise location when you open and use the app, including while the app is running in the background when it is in driver mode. We also collect precise location for a limited time after you exit driver mode in order to detect ride incidents, and continue collecting it until a reported or detected incident is no longer active.</li>\n                </ul>\n                \n                <p><strong>Usage Information.</strong> We collect information about your use of the Mi Softwares Platform, including ride information like the date, time, destination, distance, route, payment, and whether you used a promotional or referral code. We also collect information about your interactions with the Mi Softwares Platform like our apps and websites, including the pages and content you view and the dates and times of your use.<br />\n                <br />\n                <strong>Device Information.</strong> We collect information about the devices you use to access the Mi Softwares Platform, including device model, IP address, type of browser, version of operating system, identity of carrier and manufacturer, radio type (such as 4G), preferences and settings (such as preferred language), application installations, device identifiers, advertising identifiers, and push notification tokens. If you are a Driver, we also collect mobile sensor data from your device (such as speed, direction, height, acceleration, deceleration, and other technical data).<br />\n                <br />\n                <strong>Communications Between Riders and Drivers.</strong> We work with a third party to facilitate phone calls and text messages between Riders and Drivers without sharing either party&rsquo;s actual phone number with the other. But while we use a third party to provide the communication service, we collect information about these communications, including the participants&rsquo; phone numbers, the date and time, and the contents of SMS messages. For security purposes, we may also monitor or record the contents of phone calls made through the Mi Softwares Platform, but we will always let you know we are about to do so before the call begins.<br />\n                <br />\n                <strong>Address Book Contacts.</strong> You may set your device permissions to grant Mi Softwares access to your contact lists and direct Mi Softwares to access your contact list, for example to help you refer friends to Mi Softwares. If you do this, we will access and store the names and contact information of the people in your address book.<br />\n                <br />\n                <strong>Cookies, Analytics, and Third-Party Technologies.</strong> We collect information through the use of &ldquo;cookies&rdquo;, tracking pixels, data analytics tools like Google Analytics, SDKs, and other third-party technologies to understand how you navigate through the Mi Softwares Platform and interact with Mi Softwares advertisements, to make your Mi Softwares experience safer, to learn what content is popular, to improve your site experience, to serve you better ads on other sites, and to save your preferences. Cookies are small text files that web servers place on your device; they are designed to store basic information and to help websites and apps recognize your browser. We may use both session cookies and persistent cookies. A session cookie disappears after you close your browser. A persistent cookie remains after you close your browser and may be accessed every time you use the Mi Softwares Platform. You should consult your web browser(s) to modify your cookie settings. Please note that if you delete or choose not to accept cookies from us, you may miss out on certain features of the Mi Softwares Platform.</p>\n                \n                <p>C. Information We Collect from Third Parties</p>\n                \n                <p><strong>Third-Party Services.</strong> Third-party services provide us with information needed for core aspects of the Mi Softwares Platform, as well as for additional services, programs, loyalty benefits, and promotions that can enhance your Mi Softwares experience. These third-party services include background check providers, insurance partners, financial service providers, marketing providers, and other businesses. We obtain the following information about you from these third-party services:</p>\n                \n                <ul>\n                <li>Information to make the Mi Softwares Platform safer, like background check information for drivers;</li>\n                <li>Information about your participation in third-party programs that provide things like insurance coverage and financial instruments, such as insurance, payment, transaction, and fraud detection information;</li>\n                <li>Information to operationalize loyalty and promotional programs or applications, services, or features you choose to connect or link to your Mi Softwares account, such as information about your use of such programs, applications, services, or features; and</li>\n                <li>Information about you provided by specific services, such as demographic and market segment information.</li>\n                </ul>\n                \n                <p><strong>Enterprise Programs.</strong> If you use Mi Softwares through your employer or other organization that participates in one of our Mi Softwares Business enterprise programs, we will collect information about you from those parties, such as your name and contact information.<br />\n                <br />\n                <strong>Concierge Service.</strong> Sometimes another business or entity may order you a Mi Softwares ride. If an organization has ordered a ride for you using our Concierge service, they will provide us your contact information and the pickup and drop-off location of your ride.<br />\n                <br />\n                <strong>Referral Programs.</strong> Friends help friends use the Mi Softwares Platform. If someone refers you to Mi Softwares, we will collect information about you from that referral including your name and contact information.<br />\n                <br />\n                <strong>Other Users and Sources.</strong> Other users or public or third-party sources such as law enforcement, insurers, media, or pedestrians may provide us information about you, for example as part of an investigation into an incident or to provide you support.</p>\n                \n                <p>How We Use Your Information</p>\n                \n                <p>We use your personal information to:</p>\n                \n                <ul>\n                <li>Provide the Mi Softwares Platform;</li>\n                <li>Maintain the security and safety of the Mi Softwares Platform and its users;</li>\n                <li>Build and maintain the Mi Softwares community;</li>\n                <li>Provide customer support;</li>\n                <li>Improve the Mi Softwares Platform; and</li>\n                <li>Respond to legal proceedings and obligations.</li>\n                </ul>\n                \n                <p><strong>Providing the Mi Softwares Platform.</strong> We use your personal information to provide an intuitive, useful, efficient, and worthwhile experience on our platform. To do this, we use your personal information to:</p>\n                \n                <ul>\n                <li>Verify your identity and maintain your account, settings, and preferences;</li>\n                <li>Connect you to your rides and track their progress;</li>\n                <li>Calculate prices and process payments;</li>\n                <li>Allow Riders and Drivers to connect regarding their ride and to choose to share their location with others;</li>\n                <li>Communicate with you about your rides and experience;</li>\n                <li>Collect feedback regarding your experience;</li>\n                <li>Facilitate additional services and programs with third parties; and</li>\n                <li>Operate contests, sweepstakes, and other promotions.</li>\n                </ul>\n                \n                <p><strong>Maintaining the Security and Safety of the Mi Softwares Platform and its Users.</strong> Providing you a secure and safe experience drives our platform, both on the road and on our apps. To do this, we use your personal information to:</p>\n                \n                <ul>\n                <li>Authenticate users;</li>\n                <li>Verify that Drivers and their vehicles meet safety requirements;</li>\n                <li>Investigate and resolve incidents, accidents, and insurance claims;</li>\n                <li>Encourage safe driving behavior and avoid unsafe activities;</li>\n                <li>Find and prevent fraud; and</li>\n                <li>Block and remove unsafe or fraudulent users from the Mi Softwares Platform.</li>\n                </ul>\n                \n                <p><strong>Building and Maintaining the Mi Softwares Community.</strong> Mi Softwares works to be a positive part of the community. We use your personal information to:</p>\n                \n                <ul>\n                <li>Communicate with you about events, promotions, elections, and campaigns;</li>\n                <li>Personalize and provide content, experiences, communications, and advertising to promote and grow the Mi Softwares Platform; and</li>\n                <li>Help facilitate donations you choose to make through the Mi Softwares Platform.</li>\n                </ul>\n                \n                <p><strong>Providing Customer Support.</strong> We work hard to provide the best experience possible, including supporting you when you need it. To do this, we use your personal information to:</p>\n                \n                <ul>\n                <li>Investigate and assist you in resolving questions or issues you have regarding the Mi Softwares Platform; and</li>\n                <li>Provide you support or respond to you.</li>\n                </ul>\n                \n                <p><strong>Improving the Mi Softwares Platform</strong>. We are always working to improve your experience and provide you with new and helpful features. To do this, we use your personal information to:</p>\n                \n                <ul>\n                <li>Perform research, testing, and analysis;</li>\n                <li>Develop new products, features, partnerships, and services;</li>\n                <li>Prevent, find, and resolve software or hardware bugs and issues; and</li>\n                <li>Monitor and improve our operations and processes, including security practices, algorithms, and other modeling.</li>\n                </ul>\n                \n                <p><strong>Responding to Legal Proceedings and Requirements.</strong> Sometimes the law, government entities, or other regulatory bodies impose demands and obligations on us with respect to the services we seek to provide. In such a circumstance, we may use your personal information to respond to those demands or obligations.</p>\n                \n                <p>How We Share Your Information</p>\n                \n                <p>We do not sell your personal information. To make the Mi Softwares Platform work, we may need to share your personal information with other users, third parties, and service providers. This section explains when and why we share your information.</p>\n                \n                <p>A. Sharing Between Mi Softwares Users</p>\n                \n                <p>Riders and Drivers.<br />\n                <br />\n                <strong>Rider information shared with Driver:</strong> Upon receiving a ride request, we share with the Driver the Rider&rsquo;s pickup location, name, profile photo, rating, Rider statistics (like approximate number of rides and years as a Rider), and information the Rider includes in their Rider profile (like preferred pronouns). Upon pickup and during the ride, we share with the Driver the Rider&rsquo;s destination and any additional stops the Rider inputs into the Mi Softwares app. Once the ride is finished, we also eventually share the Rider&rsquo;s rating and feedback with the Driver. (We remove the Rider&rsquo;s identity associated with ratings and feedback when we share it with Drivers, but a Driver may be able to identify the Rider that provided the rating or feedback.)<br />\n                <br />\n                <strong>Driver information shared with Rider:</strong> Upon a Driver accepting a requested ride, we will share with the Rider the Driver&rsquo;s name, profile photo, preferred pronouns, rating, real-time location, and the vehicle make, model, color, and license plate, as well as other information in the Driver&rsquo;s Mi Softwares profile, such as information Drivers choose to add (like country flag and why you drive) and Driver statistics (like approximate number of rides and years as a Driver).<br />\n                <br />\n                Although we help Riders and Drivers communicate with one another to arrange a pickup, we do not share your actual phone number or other contact information with other users. If you report a lost or found item to us, we will seek to connect you with the relevant Rider or Driver, including sharing actual contact information with your consent.<br />\n                <br />\n                <strong>Shared Ride Riders.</strong> When Riders use a Mi Softwares Shared ride, we share each Rider&rsquo;s name and profile picture to ensure safety. Riders may also see each other&rsquo;s pickup and drop-off locations as part of knowing the route while sharing the ride.<br />\n                <br />\n                <strong>Rides Requested or Paid For by Others.</strong> Some rides you take may be requested or paid for by others. If you take one of those rides using your Mi Softwares Business Profile account, a code or coupon, a subsidized program (e.g., transit or government), or a corporate credit card linked to another account, or another user otherwise requests or pays for a ride for you, we may share some or all of your ride details with that other party, including the date, time, charge, rating given, region of trip, and pick up and drop off location of your ride.<br />\n                <br />\n                <strong>Referral Programs.</strong> If you refer someone to the Mi Softwares Platform, we will let them know that you generated the referral. If another user referred you, we may share information about your use of the Mi Softwares Platform with that user. For example, a referral source may receive a bonus when you join the Mi Softwares Platform or complete a certain number of rides and would receive such information.</p>\n                \n                <p>B. Sharing With Third-Party Service Providers for Business Purposes</p>\n                \n                <p>Depending on whether you&rsquo;re a Rider or a Driver, Mi Softwares may share the following categories of your personal information for a business purpose to provide you with a variety of the Mi Softwares Platform&rsquo;s features and services:</p>\n                \n                <ul>\n                <li>Personal identifiers, such as your name, address, email address, phone number, date of birth, government identification number (such as social security number), driver&rsquo;s license information, vehicle information, and car insurance information;</li>\n                <li>Financial information, such as bank routing numbers, tax information, and any other payment information you provide us;</li>\n                <li>Commercial information, such as ride information, Driver/Rider statistics and feedback, and Driver/Rider transaction history;</li>\n                <li>Internet or other electronic network activity information, such as your IP address, type of browser, version of operating system, carrier and/or manufacturer, device identifiers, and mobile advertising identifiers; and</li>\n                <li>Location data.</li>\n                </ul>\n                \n                <p>We disclose those categories of personal information to service providers to fulfill the following business purposes:</p>\n                \n                <ul>\n                <li>Maintaining and servicing your Mi Softwares account;</li>\n                <li>Processing or fulfilling rides;</li>\n                <li>Providing you customer service;</li>\n                <li>Processing Rider transactions;</li>\n                <li>Processing Driver applications and payments;</li>\n                <li>Verifying the identity of users;</li>\n                <li>Detecting and preventing fraud;</li>\n                <li>Processing insurance claims;</li>\n                <li>Providing Driver loyalty and promotional programs;</li>\n                <li>Providing marketing and advertising services to Mi Softwares;</li>\n                <li>Providing financing;</li>\n                <li>Providing requested emergency services;</li>\n                <li>Providing analytics services to Mi Softwares; and</li>\n                <li>Undertaking internal research to develop the Mi Softwares Platform.</li>\n                </ul>\n                \n                <p>C. For Legal Reasons and to Protect the Mi Softwares Platform</p>\n                \n                <ul>\n                <li>Comply with any applicable federal, state, or local law or regulation, civil, criminal or regulatory inquiry, investigation or legal process, or enforceable governmental request;</li>\n                <li>Respond to legal process (such as a search warrant, subpoena, summons, or court order);</li>\n                <li>Enforce our Terms of Service;</li>\n                <li>Cooperate with law enforcement agencies concerning conduct or activity that we reasonably and in good faith believe may violate federal, state, or local law; or</li>\n                <li>Exercise or defend legal claims, protect against harm to our rights, property, interests, or safety or the rights, property, interests, or safety of you, third parties, or the public as required or permitted by law.</li>\n                </ul>\n                \n                <p>D. In Connection with Sale or Merger</p>\n                \n                <p>We may share your personal information while negotiating or in relation to a change of corporate control such as a restructuring, merger, or sale of our assets.</p>\n                \n                <p>E. Upon Your Further Direction</p>\n                \n                <p>With your permission or upon your direction, we may disclose your personal information to interact with a third party or for other purposes.</p>\n                \n                <p>How We Store and Protect Your Information</p>\n                \n                <p>We retain your information for as long as necessary to provide you and our other users the Mi Softwares Platform. This means we keep your profile information for as long as you maintain an account. We retain transactional information such as rides and payments for at least seven years to ensure we can perform legitimate business functions, such as accounting for tax obligations. If you request account deletion, we will delete your information as set forth in the &ldquo;Deleting Your Account&rdquo; section below. We take reasonable and appropriate measures designed to protect your personal information. But no security measures can be 100% effective, and we cannot guarantee the security of your information, including against unauthorized intrusions or acts by third parties.</p>\n                \n                <p>Your Rights And Choices Regarding Your Data</p>\n                \n                <p>Mi Softwares provides ways for you to access and delete your personal information as well as exercise other data rights that give you certain control over your personal information.</p>\n                \n                <p>A. All Users</p>\n                \n                <p>Email Subscriptions. You can always unsubscribe from our commercial or promotional emails by clicking unsubscribe in those messages. We will still send you transactional and relational emails about your use of the Mi Softwares Platform.<br />\n                <br />\n                <strong>Text Messages.</strong> You can opt out of receiving commercial or promotional text. You may also opt out of receiving all texts from Mi Softwares (including transactional or relational messages. Note that opting out of receiving all texts may impact your use of the Mi Softwares Platform. Drivers can also opt out of driver-specific messages by texting STOP in response to a driver SMS. To re-enable texts you can text START in response to an unsubscribe confirmation SMS.<br />\n                <br />\n                <strong>Push Notifications.</strong> You can opt out of receiving push notifications through your device settings. Please note that opting out of receiving push notifications may impact your use of the Mi Softwares Platform (such as receiving a notification that your ride has arrived).<br />\n                <br />\n                <strong>Profile Information</strong>. You can review and edit certain account information you have chosen to add to your profile by logging in to your account settings and profile.<br />\n                <br />\n                <strong>Location Information.</strong> You can prevent your device from sharing location information through your device&rsquo;s system settings. But if you do, this may impact Mi Softwares&rsquo;s ability to provide you our full range of features and services.<br />\n                <br />\n                <strong>Cookie Tracking.</strong> You can modify your cookie settings on your browser, but if you delete or choose not to accept our cookies, you may be missing out on certain features of the Mi Softwares Platform.<br />\n                <br />\n                <strong>Do Not Track.</strong> Your browser may offer you a &ldquo;Do Not Track&rdquo; option, which allows you to signal to operators of websites and web applications and services that you do not want them to track your online activities. The Mi Softwares Platform does not currently support Do Not Track requests at this time.<br />\n                <br />\n                <strong>Deleting Your Account.</strong> If you would like to delete your Mi Softwares account, please visit our privacy homepage. In some cases, we will be unable to delete your account, such as if there is an issue with your account related to trust, safety, or fraud. When we delete your account, we may retain certain information for legitimate business purposes or to comply with legal or regulatory obligations. For example, we may retain your information to resolve open insurance claims, or we may be obligated to retain your information as part of an open legal claim. When we retain such data, we do so in ways designed to prevent its use for other purposes.<br />\n                <br />\n                <strong>Right to Know.</strong> You have the right to know and see what data we have collected about, including:</p>\n                \n                <ul>\n                <li>The categories of personal information we have collected about you;</li>\n                <li>The categories of sources from which the personal information is collected;</li>\n                <li>The business or commercial purpose for collecting your personal information;</li>\n                <li>The categories of third parties with whom we have shared your personal information; and</li>\n                <li>The specific pieces of personal information we have collected about you.</li>\n                </ul>\n                \n                <p><strong>Right to Delete.</strong> You have the right to request that we delete the personal information we have collected from you (and direct our service providers to do the same). There are a number of exceptions, however, that include, but are not limited to, when the information is necessary for us or a third party to do any of the following:</p>\n                \n                <ul>\n                <li>Complete your transaction;</li>\n                <li>Provide you a good or service;</li>\n                <li>Perform a contract between us and you;</li>\n                <li>Protect your security and prosecute those responsible for breaching it;</li>\n                <li>Fix our system in the case of a bug;</li>\n                <li>Protect the free speech rights of you or other users;</li>\n                <li>Engage in public or peer-reviewed scientific, historical, or statistical research in the public interests that adheres to all other applicable ethics and privacy laws;</li>\n                <li>Comply with a legal obligation; or</li>\n                <li>Make other internal and lawful uses of the information that are compatible with the context in which you provided it.</li>\n                </ul>\n                \n                <p><strong>Other Rights.</strong> You can request certain information about our disclosure of personal information to third parties for their own direct marketing purposes during the preceding calendar year. This request is free and may be made once a year. You also have the right not to be discriminated against for exercising any of the rights listed above.<br />\n                <br />\n                <strong>Website:</strong> You may visit our privacy homepage to authenticate and exercise rights via our website.<br />\n                <br />\n                <strong>Email webform:</strong> You may write to us to exercise rights. To respond to some rights we will need to verify your request either by asking you to log in and authenticate your account or otherwise verify your identity by providing information about yourself or your account. Authorized agents can make a request on your behalf if you have given them legal power of attorney or we are provided proof of signed permission, verification of your identity, and confirmation that you provided the agent permission to submit the request. Response Timing and Format. We aim to respond to a consumer request for access or deletion within 45 days of receiving that request. If we require more time, we will inform you of the reason and extension period in writing.</p>\n                \n                <p>Children&rsquo;s Data</p>\n                \n                <p>Mi Softwares is not directed to children, and we don&rsquo;t knowingly collect personal information from children under the age of 13. If we find out that a child under 13 has given us personal information, we will take steps to delete that information. If you believe that a child under the age of 13 has given us personal information, please contact us</p>\n                \n                <p>Links to Third-Party Websites</p>\n                \n                <p>The Mi Softwares Platform may contain links to third-party websites. Those websites may have privacy policies that differ from ours. We are not responsible for those websites, and we recommend that you review their policies. Please contact those websites directly if you have any questions about their privacy policies.</p>\n                \n                <p>Changes to This Privacy Policy</p>\n                \n                <p>We may update this policy from time to time as the Mi Softwares Platform changes and privacy law evolves. If we update it, we will do so online, and if we make material changes, we will let you know through the Mi Softwares Platform or by some other method of communication like email. When you use Mi Softwares, you are agreeing to the most recent terms of this policy.</p>\n                \n                <p>Contact Us</p>\n                \n                <p>If you have any questions or concerns about your privacy or anything in this policy, including if you need to access this policy in an alternative format, we encourage you to contact us.</p>', 'Terms & Conditions', '<h2><strong>Terms and Conditions</strong></h2>\n\n                <p>END USER LICENSE AGREEMENT</p>\n\n                <p>Last updated May 16, 2021</p>\n\n                <p>Mi Softwares,LLC is licensed to You (End-User) by Mi Softwares, LLC, located at 6255 Towncenter Drive Ste 819, Clemmons, North Carolina 27012, United States (hereinafter: Licensor), for use only under the terms of this License Agreement.<br />\n                <br />\n                By downloading the Application from the Apple AppStore and Google Play, and any update thereto (as permitted by this License Agreement), You indicate that You agree to be bound by all of the terms and conditions of this License Agreement, and that You accept this License Agreement.<br />\n                <br />\n                The parties of this License Agreement acknowledge that Apple and/or Google Play is not a Party to this License Agreement and is not bound by any provisions or obligations with regard to the Application, such as warranty, liability, maintenance and support thereof. Mi Softwares, LLC, not Apple or Google Play, is solely responsible for the licensed Application and the content thereof.<br />\n                <br />\n                This License Agreement may not provide for usage rules for the Application that are in conflict with the latest App Store Terms of Service. Mi Softwares, LLC acknowledges that it had the opportunity to review said terms and this License Agreement is not conflicting with them.<br />\n                <br />\n                All rights not expressly granted to You are reserved.</p>\n\n                <p>1. THE APPLICATION</p>\n\n                <p>Mi Softwares (hereinafter: Application) is a piece of software is a Rideshare platform - and customized for Apple and Android mobile devices. It is used to Connecting riders to drivers to get to point A to B by a push of a button.<br />\n                <br />\n                The Application is not tailored to comply with industry-specific regulations (Health Insurance Portability and Accountability Act (HIPAA), Federal Information Security Management Act (FISMA), etc.), so if your interactions would be subjected to such laws, you may not use this Application. You may not use the Application in a way that would violate the Gramm-Leach-Bliley Act (GLBA).</p>\n\n                <p>2. SCOPE OF LICENSE</p>\n\n                <p>2.1 You are given a non-transferable, non-exclusive, non-sublicensable license to install and use the Licensed Application on any Apple-branded or Google Products that You (End-User) own or control and as permitted by the Usage Rules set forth in this section and the App Store Terms of Service, with the exception that such licensed Application may be accessed and used by other accounts associated with You (End-User, The Purchaser) via Family Sharing or volume purchasing.<br />\n                <br />\n                2.2 This license will also govern any updates of the Application provided by Licensor that replace, repair, and/or supplement the first Application, unless a separate license is provided for such update in which case the terms of that new license will govern.<br />\n                <br />\n                2.3 You may not share or make the Application available to third parties (unless to the degree allowed by the Apple Terms and Conditions, and with Mi Softwares, LLC&#39;s prior written consent), sell, rent, lend, lease or otherwise redistribute the Application.<br />\n                <br />\n                2.4 You may not reverse engineer, translate, disassemble, integrate, decompile, integrate, remove, modify, combine, create derivative works or updates of, adapt, or attempt to derive the source code of the Application, or any part thereof (except with Mi Softwares, LLC&#39;s prior written consent).<br />\n                <br />\n                2.5 You may not copy (excluding when expressly authorized by this license and the Usage Rules) or alter the Application or portions thereof. You may create and store copies only on devices that You own or control for backup keeping under the terms of this license, the App Store Terms of Service, and any other terms and conditions that apply to the device or software used. You may not remove any intellectual property notices. You acknowledge that no unauthorized third parties may gain access to these copies at any time.<br />\n                <br />\n                2.6 Violations of the obligations mentioned above, as well as the attempt of such infringement, may be subject to prosecution and damages.<br />\n                <br />\n                2.7 Licensor reserves the right to modify the terms and conditions of licensing.<br />\n                <br />\n                2.8 Nothing in this license should be interpreted to restrict third-party terms. When using the Application, You must ensure that You comply with applicable third-party terms and conditions.</p>\n\n                <p>3. TECHNICAL REQUIREMENTS</p>\n\n                <p>3.1 Licensor attempts to keep the Application updated so that it complies with modified/new versions of the firmware and new hardware. You are not granted rights to claim such an update.<br />\n                <br />\n                3.2 You acknowledge that it is Your responsibility to confirm and determine that the app end-user device on which You intend to use the Application satisfies the technical specifications mentioned above.<br />\n                <br />\n                3.3 Licensor reserves the right to modify the technical specifications as it sees appropriate at any time.</p>\n\n                <p>4. MAINTENANCE AND SUPPORT</p>\n\n                <p>4.1 The Licensor is solely responsible for providing any maintenance and support services for this licensed Application. You can reach the Licensor at the email address listed in the App Store or Google Play Overview for this licensed Application.<br />\n                <br />\n                4.2 Mi Softwares, LLC and the End-User acknowledge that Apple and or Google Play has no obligation whatsoever to furnish any maintenance and support services with respect to the licensed Application.</p>\n\n                <p>5. USE OF DATA</p>\n\n                <p>You acknowledge that Licensor will be able to access and adjust Your downloaded licensed Application content and Your personal information, and that Licensor&#39;s use of such material and information is subject to Your legal agreements with Licensor and Licensor&#39;s privacy policy: http://www.Mi Softwares.us/privacy.</p>\n\n                <p>6. USER GENERATED CONTRIBUTIONS</p>\n\n                <p>The Application may invite you to chat, contribute to, or participate in blogs, message boards, online forums, and other functionality, and may provide you with the opportunity to create, submit, post, display, transmit, perform, publish, distribute, or broadcast content and materials to us or in the Application, including but not limited to text, writings, video, audio, photographs, graphics, comments, suggestions, or personal information or other material (collectively, &quot;Contributions&quot;). Contributions may be viewable by other users of the Application and through third-party websites or applications. As such, any Contributions you transmit may be treated as non-confidential and non-proprietary. When you create or make available any Contributions, you thereby represent and warrant that:<br />\n                <br />\n                1. The creation, distribution, transmission, public display, or performance, and the accessing, downloading, or copying of your Contributions do not and will not infringe the proprietary rights, including but not limited to the copyright, patent, trademark, trade secret, or moral rights of any third party.<br />\n                <br />\n                2. You are the creator and owner of or have the necessary licenses, rights, consents, releases, and permissions to use and to authorize us, the Application, and other users of the Application to use your Contributions in any manner contemplated by the Application and these Terms of Use.<br />\n                <br />\n                3. You have the written consent, release, and/or permission of each and every identifiable individual person in your Contributions to use the name or likeness or each and every such identifiable individual person to enable inclusion and use of your Contributions in any manner contemplated by the Application and these Terms of Use.<br />\n                <br />\n                4. Your Contributions are not false, inaccurate, or misleading.<br />\n                <br />\n                5. Your Contributions are not unsolicited or unauthorized advertising, promotional materials, pyramid schemes, chain letters, spam, mass mailings, or other forms of solicitation.<br />\n                <br />\n                6. Your Contributions are not obscene, lewd, lascivious, filthy, violent, harassing, libelous, slanderous, or otherwise objectionable (as determined by us).<br />\n                <br />\n                7. Your Contributions do not ridicule, mock, disparage, intimidate, or abuse anyone.<br />\n                <br />\n                8. Your Contributions are not used to harass or threaten (in the legal sense of those terms) any other person and to promote violence against a specific person or class of people.<br />\n                <br />\n                9. Your Contributions do not violate any applicable law, regulation, or rule.<br />\n                <br />\n                10. Your Contributions do not violate the privacy or publicity rights of any third party.<br />\n                <br />\n                11. Your Contributions do not contain any material that solicits personal information from anyone under the age of 18 or exploits people under the age of 18 in a sexual or violent manner.<br />\n                <br />\n                12. Your Contributions do not violate any applicable law concerning child pornography, or otherwise intended to protect the health or well-being of minors.<br />\n                <br />\n                13. Your Contributions do not include any offensive comments that are connected to race, national origin, gender, sexual preference, or physical handicap.<br />\n                <br />\n                14. Your Contributions do not otherwise violate, or link to material that violates, any provision of these Terms of Use, or any applicable law or regulation.<br />\n                <br />\n                Any use of the Application in violation of the foregoing violates these Terms of Use and may result in, among other things, termination or suspension of your rights to use the Application.</p>\n\n                <p>7. CONTRIBUTION LICENSE</p>\n\n                <p>By posting your Contributions to any part of the Application or making Contributions accessible to the Application by linking your account from the Application to any of your social networking accounts, you automatically grant, and you represent and warrant that you have the right to grant, to us an unrestricted, unlimited, irrevocable, perpetual, non-exclusive, transferable, royalty-free, fully-paid, worldwide right, and license to host, use copy, reproduce, disclose, sell, resell, publish, broad cast, retitle, archive, store, cache, publicly display, reformat, translate, transmit, excerpt (in whole or in part), and distribute such Contributions (including, without limitation, your image and voice) for any purpose, commercial advertising, or otherwise, and to prepare derivative works of, or incorporate in other works, such as Contributions, and grant and authorize sublicenses of the foregoing. The use and distribution may occur in any media formats and through any media channels.<br />\n                <br />\n                This license will apply to any form, media, or technology now known or hereafter developed, and includes our use of your name, company name, and franchise name, as applicable, and any of the trademarks, service marks, trade names, logos, and personal and commercial images you provide. You waive all moral rights in your Contributions, and you warrant that moral rights have not otherwise been asserted in your Contributions.<br />\n                <br />\n                We do not assert any ownership over your Contributions. You retain full ownership of all of your Contributions and any intellectual property rights or other proprietary rights associated with your Contributions. We are not liable for any statements or representations in your Contributions provided by you in any area in the Application. You are solely responsible for your Contributions to the Application and you expressly agree to exonerate us from any and all responsibility and to refrain from any legal action against us regarding your Contributions.<br />\n                <br />\n                We have the right, in our sole and absolute discretion, (1) to edit, redact, or otherwise change any Contributions; (2) to re-categorize any Contributions to place them in more appropriate locations in the Application; and (3) to pre-screen or delete any Contributions at any time and for any reason, without notice. We have no obligation to monitor your Contributions.</p>\n\n                <p>8. LIABILITY</p>\n\n                <p>8.1 Licensor&#39;s responsibility in the case of violation of obligations and tort shall be limited to intent and gross negligence. Only in case of a breach of essential contractual duties (cardinal obligations), Licensor shall also be liable in case of slight negligence. In any case, liability shall be limited to the foreseeable, contractually typical damages. The limitation mentioned above does not apply to injuries to life, limb, or health.<br />\n                <br />\n                8.2 Licensor takes no accountability or responsibility for any damages caused due to a breach of duties according to Section 2 of this Agreement. To avoid data loss, You are required to make use of backup functions of the Application to the extent allowed by applicable third-party terms and conditions of use. You are aware that in case of alterations or manipulations of the Application, You will not have access to licensed Application.</p>\n\n                <p>9. WARRANTY</p>\n\n                <p>9.1 Licensor warrants that the Application is free of spyware, trojan horses, viruses, or any other malware at the time of Your download. Licensor warrants that the Application works as described in the user documentation.<br />\n                <br />\n                9.2 No warranty is provided for the Application that is not executable on the device, that has been unauthorizedly modified, handled inappropriately or culpably, combined or installed with inappropriate hardware or software, used with inappropriate accessories, regardless if by Yourself or by third parties, or if there are any other reasons outside of Mi Softwares, LLC&#39;s sphere of influence that affect the executability of the Application.<br />\n                <br />\n                9.3 You are required to inspect the Application immediately after installing it and notify Mi Softwares, LLC about issues discovered without delay by e-mail provided in Product Claims. The defect report will be taken into consideration and further investigated if it has been mailed within a period of ninety (90) days after discovery.<br />\n                <br />\n                9.4 If we confirm that the Application is defective, Mi Softwares, LLC reserves a choice to remedy the situation either by means of solving the defect or substitute delivery.<br />\n                <br />\n                9.5 In the event of any failure of the Application to conform to any applicable warranty, You may notify the App-Store-Operator, and Your Application purchase price will be refunded to You. To the maximum extent permitted by applicable law, the App-Store-Operator will have no other warranty obligation whatsoever with respect to the App, and any other losses, claims, damages, liabilities, expenses and costs attributable to any negligence to adhere to any warranty.<br />\n                <br />\n                9.6 If the user is an entrepreneur, any claim based on faults expires after a statutory period of limitation amounting to twelve (12) months after the Application was made available to the user. The statutory periods of limitation given by law apply for users who are consumers.</p>\n\n                <p>10. PRODUCT CLAIMS</p>\n\n                <p>Mi Softwares, LLC and the End-User acknowledge that Mi Softwares, LLC, and not Apple, is responsible for addressing any claims of the End-User or any third party relating to the licensed Application or the End-User&rsquo;s possession and/or use of that licensed Application, including, but not limited to:<br />\n                <br />\n                (i) product liability claims;<br />\n                <br />\n                (ii) any claim that the licensed Application fails to conform to any applicable legal or regulatory requirement; and<br />\n                <br />\n                (iii) claims arising under consumer protection, privacy, or similar legislation, including in connection with Your Licensed Application&rsquo;s use.</p>\n\n                <p>11. LEGAL COMPLIANCE</p>\n\n                <p>You represent and warrant that You are not located in a country that is subject to a U.S. Government embargo, or that has been designated by the U.S. Government as a &quot;terrorist supporting&quot; country; and that You are not listed on any U.S. Government list of prohibited or restricted parties.</p>\n\n                <p>12. CONTACT INFORMATION</p>\n\n                <p>For general inquiries, complaints, questions or claims concerning the licensed Application, please contact:<br />\n                <br />\n                <strong>Mi Softwares, LLC<br />\n                6255 Towncenter Drive Ste 819<br />\n                Clemmons, NC 27012<br />\n                United States<br />\n                support@Mi Softwares.us </strong></p>\n\n                <p>13. TERMINATION</p>\n\n                <p>The license is valid until terminated by Mi Softwares, LLC or by You. Your rights under this license will terminate automatically and without notice from Mi Softwares, LLC if You fail to adhere to any term(s) of this license. Upon License termination, You shall stop all use of the Application, and destroy all copies, full or partial, of the Application.</p>\n\n                <p>14. THIRD-PARTY TERMS OF AGREEMENTS AND BENEFICIARY</p>\n\n                <p>Mi Softwares, LLC represents and warrants that Mi Softwares, LLC will comply with applicable third-party terms of agreement when using licensed Application.<br />\n                <br />\n                In Accordance with Section 9 of the &quot;Instructions for Minimum Terms of Developer&#39;s End-User License Agreement,&quot; Apple and Apple&#39;s subsidiaries shall be third-party beneficiaries of this End User License Agreement and - upon Your acceptance of the terms and conditions of this license agreement, Apple will have the right (and will be deemed to have accepted the right) to enforce this End User License Agreement against You as a third-party beneficiary thereof.</p>\n\n                <p>15. INTELLECTUAL PROPERTY RIGHTS</p>\n\n                <p>Mi Softwares, LLC and the End-User acknowledge that, in the event of any third-party claim that the licensed Application or the End-User&#39;s possession and use of that licensed Application infringes on the third party&#39;s intellectual property rights, Mi Softwares, LLC, and not Apple, will be solely responsible for the investigation, defense, settlement and discharge or any such intellectual property infringement claims.</p>\n\n                <p>16. APPLICABLE LAW</p>\n\n                <p>This license agreement is governed by the laws of the State of North Carolina excluding its conflicts of law rules.</p>\n\n                <p>17. MISCELLANEOUS</p>\n\n                <p>17.1 If any of the terms of this agreement should be or become invalid, the validity of the remaining provisions shall not be affected. Invalid terms will be replaced by valid ones formulated in a way that will achieve the primary purpose.<br />\n                <br />\n                17.2 Collateral agreements, changes and amendments are only valid if laid down in writing. The preceding clause can only be waived in writing.</p>', 'Compliance', '<h3><strong>Equal Employment Opportunity and Non-Discrimination Policy</strong></h3>\n\n                <h3>I. OVERVIEW &amp; SCOPE</h3>\n\n                <p>Mi Softwares, LLC of 6255 TownCenter Drive Ste 819, Clemmons, North Carolina 27012, has established a Non-Discrimination and Equal Employment Opportunity Policy (&quot;EEO&quot;). This EEO policy applies to all aspects of the relationship between Mi Softwares, LLC and its employees, including, but not limited to, employment, recruitment, advertisements for employment, hiring and firing, compensation, assignment, classification of employees, termination, upgrading, promotions, transfer, training, working conditions, wages and salary administration, and employee benefits and application of policies. These policies apply to independent contractors, temporary employees, all personnel working on the premises, and any other persons or firms doing business for or with Mi Softwares, LLC. Any user found to have violated this prohibition will lose access to the Mi Softwares, LLC platform. Applicable laws in certain jurisdictions may require and/or allow the provision of services by and for the benefit of a specific category of persons. In such jurisdictions, services provided in compliance with these laws and the relevant applicable terms are permissible under this policy.</p>\n\n                <h3>II. POLICIES</h3>\n\n                <p>1. DISCRIMINATION.</p>\n\n                <p>Mi Softwares, LLC shall not tolerate, under any circumstances, without exception, any form of discrimination based on race, creed, religion, color, age, disability, pregnancy, marital status, parental status, sexual orientation, gender expression, gender identity, veteran status, military status, domestic violence victim status, national origin, political affiliation, sex, predisposing genetic characteristics, or geographic location and any other status protected by the law. This list is not exhaustive. For qualified people with disabilities, Mi Softwares, LLC will make every effort to provide reasonable workplace accommodations that comply with applicable laws.</p>\n\n                <p>Discrimination in providing transportation services is strictly prohibited</p>\n\n                <p>Associated drivers and employees are required to know the non-discrimination prohibitions. Mi Softwares, LLC will not tolerate as to public accommodations, which includes taxicab services unlawful discriminatory practice to deny, directly or indirectly, any person the full and equal enjoyment of the goods, services, facilities, privileges, advantages, and accommodations of any place of public accommodations (including taxicab services) wholly or partially for a discriminatory reason based on place of residence or business.</p>\n\n                <p>Prohibited Discriminatory Conduct:</p>\n\n                <p>Mi Softwares, LLC recognizes that associated drivers should never discriminate against certain customers by not picking them up, not taking them where they wish to go or by treating them with less respect based on the protected characteristics or traits listed above. Specific examples of discriminatory conduct, include the following:<br />\n                <br />\n                Not picking up a passenger on the basis of any protected characteristic or trait, including not picking up a passenger with a service animal&middot; Requesting that a passenger get out of a taxicab on the basis of a protected characteristic or trait &middot; Using derogatory or harassing language on the basis of a protected characteristic or trait &middot; Refusing a pickup in a specific geographic area.</p>\n\n                <p>Geographic Discrimination:</p>\n\n                <p>Mi Softwares, LLC does not tolerate geographic discrimination and recognizes how important it is to take the customer to the requested destination without discriminating against that customer based on where he or she wishes to go. All associated drivers, employees, managers, stakeholders, and agents at Mi Softwares, LLC will comply with these anti-discrimination policies. In some cases, local laws and regulations may provide greater protections than those described in this policy.</p>\n\n                <p>2. HARASSMENT</p>\n\n                <p>Mi Softwares, LLC is committed to providing a work environment that is free from harassment. Any behavior that is unwanted and offensive to the recipient, which creates an intimidating, hostile, or humiliating work environment for that person violates Mi Softwares, LLC&#39;s policy. Harassment can occur between members of the opposite sex or the same sex. Harassment, verbal or non-verbal, explicit or implicit, based on an individual&#39;s sex, race, ethnicity, national origin, age, religion or any other legally protected characteristics will not be tolerated. All employees, including supervisors, other management personnel, and independent contractors, are required to abide by this policy. No person will be adversely affected in employment with Mi Softwares, LLC as a result of bringing complaints of harassment.</p>\n\n                <p>3. SEXUAL HARASSMENT</p>\n\n                <p>Unwelcome sexual advances, requests for sexual favors, and other verbal or physical conduct of a sexual nature constitute harassment when (1) submission to such conduct is made either explicitly or implicitly a term or condition of employment; (2) submission to or rejection of such conduct by an individual is used as a basis for employment decisions, promotion, transfer, selection for training, performance evaluations, benefits, or other terms and conditions of employment; or (3) such conduct has the purpose or effect of creating an intimidating, hostile, or offensive work environment or substantially interferes with an employee&#39;s work performance . Mi Softwares, LLC prohibits inappropriate conduct that is sexual in nature at work, on Company business, or at Company-sponsored events including the following: comments, jokes, degrading language, sexually suggestive objects, books, or any form of media electronic or in print form. Sexual harassment is prohibited whether it is between members of the opposite sex or members of the same sex.</p>\n\n                <p>4. STATEMENT ON AFFIRMATIVE ACTION</p>\n\n                <p>An affirmative action program has been developed where Mi Softwares, LLC seeks to increase the representation and participation of minorities</p>\n\n                <p>5. REPORTING DISCRIMINATION &amp; HARASSMENT</p>\n\n                <p>If an employee feels that he or she has been harassed as described in this policy, they should immediately file grievance with: Grievance Department, 6255 TownCenter Drive, Ste 819, Clemmons NC 27012, or by email at compliance@Mi Softwares.us. Once the matter has been reported it will be promptly investigated and any corrective action will be taken when deemed appropriate. All complaints or unlawful harassment under this policy or otherwise will be handled in as confidential a manner as possible. Timely reporting is encouraged to prevent the re-occurrence of, or otherwise address, the behavior that violates this policy or law. Delays in reporting a complaint can limit the type of effectiveness of a response by Mi Softwares, LLC. The procedure for reporting incidents of discriminatory or harassing behavior is not intended to prevent the right of any employee to seek a remedy under available state or federal law by immediately reporting the matter to the appropriate state or federal agency.</p>\n\n                <p>6. RETALIATION</p>\n\n                <p>Retaliation against any person associated with Mi Softwares, LLC who reports instances of harassment - whether he or she is directly or indirectly involved - is in violation of Mi Softwares, LLC&#39;s policies. All reported incidents are assumed to be made in good faith. Any allegations that are proven false will be treated as a serious matter.</p>\n\n                <p>7. DISCIPLINARY MEASURES FOR HARASSMENT</p>\n\n                <p>Any employee engaging in behavior that violates this policy will be subject to disciplinary action, including the possible termination of employment, whether or not an actual law has been violated.</p>\n\n                <p>8. REMEDIES</p>\n\n                <p>Remedies for any instances of verified employment discrimination, whether caused intentionally or by actions that have a discriminatory effect, may include back pay, hiring, promotion, reinstatement, front pay, reasonable accommodation, or other actions deemed appropriate by Mi Softwares, LLC. Remedies can also include payment of attorney&#39;s fees, expert witness fees, court costs and other applicable legal fees.</p>\n\n                <p>9. POLICY IMPLEMENTATION</p>\n\n                <p>Mi Softwares&rsquo;s CEO, Lynn Graham, fully supports the implementation of this Policy effective as of April 19, 2021.</p>', 'DMV Check', '<h2><strong>DMV check &amp; background check consent</strong></h2>\n\n                <p>&nbsp;</p>\n\n                <p>Consent to Request Driving Record</p>\n\n                <p>I understand that Mi Softwares, LLC. (&lsquo;Company&rsquo;) will use Checkr., (&lsquo;Checkr, Inc.&rsquo;) to obtain a motor vehicle record as part of the application process to be a driver on the Mi Softwares Platform (a &lsquo;Driver&rsquo;). I also understand that if accepted as a Driver, to the extent permitted by law, Company may obtain further Reports from Checkr Inc. so as to update, renew or extend my status as a Driver. I hereby give permission to Mi Softwares to obtain my state driving record (also known as my motor vehicle record or MVR) in accordance with the Federal Driver&rsquo;s Privacy Protection Act (&lsquo;DPPA&rsquo;) and applicable state law. I acknowledge and understand that my driving record is a consumer report that contains public record information. I authorize, without reservation any party or agency contacted by Company or Checkr Inc. to furnish Company a copy of my state driving record. This authorization shall remain on file by Company for the duration of my time as a Driver, and will serve as ongoing authorization for Company to procure my state driving record at any time while I am a Driver.</p>\n\n                <p>Consent to Request Consumer Report or Investigative Consumer Report Information</p>\n\n                <p>I understand that Mi Softwares, LLC. (&lsquo;Company&rsquo;) will use Checkr Inc.,</p>\n\n                <p>1 Montgomery St, Ste 2000, San Francisco, CA 94104</p>\n\n                <p>to obtain a consumer report or investigative consumer report as part of the application process to be a driver on the Mi Softwares Platform (a &lsquo;Driver&rsquo;). I also understand that if accepted as a Driver, to the extent permitted by law, Company may obtain further Reports from Checkr so as to update, renew or extend my status as a Driver.</p>\n\n                <p>I understand Checkr, Inc&rsquo;s (&ldquo;Checkr&rdquo;) investigation may include obtaining information regarding my criminal record, subject to any limitations imposed by applicable federal and state law. I understand such information may be obtained through direct or indirect contact with public agencies or other persons who may have such knowledge.</p>\n\n                <p>The nature and scope of the investigation sought will include a Criminal Background check and SSN Trace.</p>\n\n                <p>I acknowledge receipt of the attached summary of my rights under the Fair Credit Reporting Act and, as required by law, any related state summary of rights (collectively &ldquo;Summaries of Rights&rdquo;).</p>\n\n                <p>This consent will not affect my ability to question or dispute the accuracy of any information contained in a Report. I understand if Company makes a conditional decision to disqualify me based all or in part on my Report, I will be provided with a copy of the Report and another copy of the Summaries of Rights, and if I disagree with the accuracy of the purported disqualifying information in the Report, I must notify Company within five business days of my receipt of the Report that I am challenging the accuracy of such information with Checkr.</p>\n\n                <p>I hereby consent to this investigation and authorize Company to procure a Report on my background.</p>\n\n                <p>In order to verify my identity for the purposes of Report preparation, I am voluntarily releasing my date of birth, social security number and the other information and fully understand that all decisions are based on legitimate non-discriminatory reasons.</p>\n\n                <p>The name, address and telephone number of the nearest unit of the consumer reporting agency designated to handle inquiries regarding the investigative consumer report is:</p>\n\n                <p><strong>Checkr, Inc.<br />\n                1 Montgomery St, Ste 2000, San Francisco, CA 94104<br />\n                844-824-3257 </strong><br />\n                <br />\n                <strong>California, Maine, Massachusetts, Minnesota, New Jersey &amp; Oklahoma Applicants Only:</strong> I have the right to request a copy of any Report obtained by Company from Checkr by checking the box. (Check only if you wish to receive a copy)</p>\n\n                <p>New York Applicants Only</p>\n\n                <p>I also acknowledge that I have received the attached copy of Article 23A of New York&rsquo;s Correction Law. I further understand that I may request a copy of any investigative consumer report by contacting Checkr. I further understand that I will be advised if any further checks are requested and provided the name and address of the consumer reporting agency.</p>\n\n                <p>California Applicants and Residents</p>\n\n                <p>If I am applying in California or reside in California, I understand I have the right to visually inspect the files concerning me maintained by an investigative consumer reporting agency during normal business hours and upon reasonable notice. The inspection can be done in person, and, if I appear in person and furnish proper identification; I am entitled to a copy of the file for a fee not to exceed the actual costs of duplication. I am entitled to be accompanied by one person of my choosing, who shall furnish reasonable identification. The inspection can also be done via certified mail if I make a written request, with proper identification, for copies to be sent to a specified addressee. I can also request a summary of the information to be provided by telephone if I make a written request, with proper identification for telephone disclosure, and the toll charge, if any, for the telephone call is prepaid by or directly charged to me. I further understand that the investigative consumer reporting agency shall provide trained personnel to explain to me any of the information furnished to me; I shall receive from the investigative consumer reporting agency a written explanation of any coded information contained in files maintained on me. &ldquo;Proper identification&rdquo; as used in this paragraph means information generally deemed sufficient to identify a person, including documents such as a valid driver&rsquo;s license, social security account number, military identification card and credit cards. I understand that I can access the following website checkr.com privacy to view Checkr&rsquo;s privacy practices, including information with respect to Checkr&rsquo;s preparation and processing of investigative consumer reports and guidance as to whether my personal information will be sent outside the United States or its territories.</p>\n\n                <p>A Summary of Your Rights Under the Fair Credit Reporting Act</p>\n\n                <p>The federal Fair Credit Reporting Act (FCRA) promotes the accuracy, fairness, and privacy of information in the files of consumer reporting agencies. There are many types of consumer reporting agencies, including credit bureaus and specialty agencies (such as agencies that sell information about check writing histories, medical records, and rental history records). Here is a summary of your major rights under the FCRA. <strong>For more information, including information about additional rights, go to www.consumerfinance.gov/learnmore or write to:</strong></p>\n\n                <p>Consumer Financial Protection Bureau<br />\n                1700 G Street NW, Washington, DC 20552</p>\n\n                <p>&nbsp;</p>\n\n                <ul>\n                <li>You must be told if information in your file has been used against you. Anyone who uses a credit report or another type of consumer report to deny your application for credit, insurance, or employment &ndash; or to take another adverse action against you &ndash; must tell you, and must give you the name, address, and phone number of the agency that provided the information.</li>\n                <li>You have the right to know what is in your file. You may request and obtain all the information about you in the files of a consumer reporting agency (your &ldquo;file disclosure&rdquo;). You will be required to provide proper identification, which may include your Social Security number. In many cases, the disclosure will be free. You are entitled to a free file disclosure if:\n                <ol>\n                <li>a person has taken adverse action against you because of information in your credit report;</li>\n                <li>you are the victim of identity theft and place a fraud alert in your file;</li>\n                <li>your file contains inaccurate information as a result of fraud;</li>\n                <li>you are on public assistance;</li>\n                <li>you are unemployed but expect to apply for employment within 60 days.</li>\n                </ol>\n                In addition, all consumers are entitled to one free disclosure every 12 months upon request from each nationwide credit bureau and from nationwide specialty consumer reporting agencies. See www.consumerfinance.gov/learnmore for additional information.</li>\n                <li>You have the right to ask for a credit score. Credit scores are numerical summaries of your credit-worthiness based on information from credit bureaus. You may request a credit score from consumer reporting agencies that create scores or distribute scores used in residential real property loans, but you will have to pay for it. In some mortgage transactions, you will receive credit score information for free from the mortgage lender.</li>\n                <li>You have the right to dispute incomplete or inaccurate information. If you identify information in your file that is incomplete or inaccurate, and report it to the consumer reporting agency, the agency must investigate unless your dispute is frivolous. See www.consumerfinance.gov/learnmore for an explanation of dispute procedures.</li>\n                <li>Consumer reporting agencies must correct or delete inaccurate, incomplete, or unverifiable information. Inaccurate, incomplete or unverifiable information must be removed or corrected, usually within 30 days. However, a consumer reporting agency may continue to report information it has verified as accurate.</li>\n                <li>Consumer reporting agencies may not report outdated negative information. In most cases, a consumer reporting agency may not report negative information that is more than seven years old, or bankruptcies that are more than 10 years old.</li>\n                <li>Access to your file is limited. A consumer reporting agency may provide information about you only to people with a valid need &ndash; usually to consider an application with a creditor, insurer, employer, landlord, or other business. The FCRA specifies those with a valid need for access.</li>\n                <li>You must give your consent for reports to be provided to employers. A consumer reporting agency may not give out information about you to your employer, or a potential employer, without your written consent given to the employer. Written consent generally is not required in the trucking industry. For more information, go to www.consumerfinance.gov/learnmore</li>\n                <li>You may limit &ldquo;prescreened&rdquo; offers of credit and insurance you get based on information in your credit report. Unsolicited &ldquo;prescreened&rdquo; offers for credit and insurance must include a toll-free phone number you can call if you choose to remove your name and address from the lists these offers are based on. You may opt-out with the nationwide credit bureaus at 1-888-567-8688.</li>\n                <li>You may seek damages from violators. If a consumer reporting agency, or, in some cases, a user of consumer reports or a furnisher of information to a consumer reporting agency violates the FCRA, you may be able to sue in state or federal court.</li>\n                <li>Identity theft victims and active duty military personnel have additional rights. For more information, visit www.consumerfinance.gov/learnmore.</li>\n                </ul>\n\n                <p>States may enforce the FCRA, and many states have their own consumer reporting laws. In some cases, you may have more rights under state law. For more information, contact your state or local consumer protection agency or your state Attorney General. For information about your federal rights, contact:</p>\n\n                <p>&nbsp;</p>\n\n                <table>\n                <thead>\n                <tr>\n                <th>\n                <p>Type of business</p>\n                </th>\n                <th>\n                <p>Contact</p>\n                </th>\n                </tr>\n                </thead>\n                <tbody>\n                <tr>\n                <td>1.a. Banks, savings associations, and credit unions with total assets of over $10 billion and their affiliates.</td>\n                <td>a. Consumer Financial Protection Bureau 1700 G Street NW, Washington, DC 20552</td>\n                </tr>\n                <tr>\n                <td>1.b. Such affiliates that are not banks, savings associations, or credit unions also should list, in addition to the CFPB:</td>\n                <td>b. Federal Trade Commission: Consumer Response Center &ndash; FCRA Washington, DC 20580 877-382-4357</td>\n                </tr>\n                </tbody>\n                <tbody>\n                <tr>\n                <td colspan=\"2\">\n                <p>To the extent not included in item 1 above</p>\n                </td>\n                </tr>\n                </tbody>\n                <tbody>\n                <tr>\n                <td>2.a. National banks, federal savings associations, and federal branches and federal agencies of foreign banks</td>\n                <td>a. Office of the Comptroller of the Currency Customer Assistance Group 1301 McKinney Street Suite 3450, Houston, TX 77010-9050</td>\n                </tr>\n                <tr>\n                <td>2.b. State member banks, branches and agencies of foreign banks (other than federal branches, federal agencies, and Insured State Branches of Foreign Banks), commercial lending companies owned or controlled by foreign banks, and organizations operating under section 25 or 25A of the Federal Reserve Act</td>\n                <td>b. Federal Reserve Consumer Help Center P.O. Box 1200 Minneapolis, MN 55480</td>\n                </tr>\n                <tr>\n                <td>2.c. Nonmember Insured Banks, Insured State Branches of Foreign Banks, and insured state savings associations</td>\n                <td>c. FDIC Consumer Response Center 1100 Walnut Street Box #11, Kansas City, MO 64106</td>\n                </tr>\n                <tr>\n                <td>2.d. Federal Credit Unions</td>\n                <td>d. National Credit Union Administration Office of Consumer Protection (OCP), Division of Consumer Compliance and Outreach (DCCO) 1775 Duke Street, Alexandria, VA 22314</td>\n                </tr>\n                </tbody>\n                <tbody>\n                <tr>\n                <td>3. Air carriers</td>\n                <td>Asst. General Counsel for Aviation Enforcement &amp; Proceedings Aviation Consumer Protection Division Department of Transportation 1200 New Jersey Avenue SE, Washington, DC 20590</td>\n                </tr>\n                </tbody>\n                <tbody>\n                <tr>\n                <td>4. Creditors Subject to Surface Transportation Board</td>\n                <td>Office of Proceedings, Surface Transportation Board, Department of Transportation 395 E Street SW, Washington, DC 20423</td>\n                </tr>\n                </tbody>\n                <tbody>\n                <tr>\n                <td>5. Creditors Subject to Packers and Stockyards Act, 1921</td>\n                <td>Nearest Packers and Stockyards Administration area supervisor</td>\n                </tr>\n                </tbody>\n                <tbody>\n                <tr>\n                <td>6. Small Business Investment Companies</td>\n                <td>Associate Deputy Administrator for Capital Access, United States Small Business Administration 409 Third Street SW 8th Floor, Washington, DC 20416</td>\n                </tr>\n                </tbody>\n                <tbody>\n                <tr>\n                <td>7. Brokers and Dealers</td>\n                <td>Securities and Exchange Commission 100 F St NE, Washington, DC 20549</td>\n                </tr>\n                </tbody>\n                <tbody>\n                <tr>\n                <td>8. Federal Land Banks, Federal Land Bank Associations, Federal Intermediate Credit Banks, and Production Credit Associations</td>\n                <td>Farm Credit Administration, 1501 Farm Credit Drive, McLean, VA 22102-5090</td>\n                </tr>\n                </tbody>\n                <tbody>\n                <tr>\n                <td>9. Retailers, Finance Companies, and All Other Creditors Not Listed Above</td>\n                <td>FTC Regional Office for region in which the creditor operates or Federal Trade Commission: Consumer Response Center &ndash; FCRA Washington, DC 20580 877-382-4357</td>\n                </tr>\n                </tbody>\n                </table>', 'En', 'English', 'ltr', NULL, NULL);
INSERT INTO `landing_quicklinks` (`id`, `privacy_title`, `privacy`, `terms_title`, `terms`, `compliance_title`, `compliance`, `dmv_title`, `dmv`, `locale`, `language`, `direction`, `created_at`, `updated_at`) VALUES
('e98d96c8-cd8a-4c4d-9b9b-f8e1747943fc', 'Politique de confidentialité', '<h2>Politique de confidentialité</h2>\n\n                <p>La portée de cette politique</p>\n                \n                <p>Cette politique sapplique à tous les utilisateurs de Mi Softwares, y compris les pilotes et les pilotes (y compris les candidats aux pilotes), ainsi quà toutes les plates-formes et services de Mi Softwares, y compris nos applications, sites Web, fonctionnalités et autres services (collectivement, la « Plateforme Mi Softwares). »). Noubliez pas que votre utilisation de la plateforme Mi Softwares est également soumise à nos conditions dutilisation.</p>\n                \n                <p>Les informations que nous collectons</p>\n                \n                <p>Lorsque vous utilisez la plateforme Mi Softwares, nous collectons les informations que vous fournissez, les informations dutilisation et les informations sur votre appareil. Nous collectons également des informations vous concernant à partir dautres sources telles que des services tiers et des programmes facultatifs auxquels vous participez, que nous pouvons combiner avec dautres informations dont nous disposons sur vous. Voici les types dinformations que nous collectons à votre sujet :</p>\n                \n                <p>A. Informations que vous nous fournissez</p>\n                \n                <p>Enregistrement du compte. Lorsque vous créez un compte avec Mi Softwares, nous collectons les informations que vous nous fournissez, telles que votre nom, votre adresse e-mail, votre numéro de téléphone et vos informations de paiement. Vous pouvez choisir de partager des informations supplémentaires avec nous pour votre profil Rider, comme votre photo ou vos adresses enregistrées (par exemple, domicile ou travail), et configurer dautres préférences (telles que vos pronoms préférés).<br />\n                <br />\n                <strong>Informations sur le conducteur.</strong> Si vous postulez pour devenir chauffeur, nous collecterons les informations que vous fournissez dans votre candidature, notamment votre nom, votre adresse e-mail, votre numéro de téléphone, votre date de naissance, votre photo de profil, votre adresse physique, votre pièce didentité gouvernementale. numéro (tel que le numéro de sécurité sociale), informations sur le permis de conduire, informations sur le véhicule et informations sur lassurance automobile. Nous collectons les informations de paiement que vous nous fournissez, y compris vos numéros de routage bancaire et vos informations fiscales. En fonction de lendroit où vous souhaitez conduire, nous pouvons également demander des informations supplémentaires sur une licence commerciale ou un permis ou dautres informations pour gérer la conduite et les programmes pertinents à cet endroit. Nous pouvons avoir besoin dinformations supplémentaires de votre part à un moment donné après que vous soyez devenu conducteur, y compris des informations pour confirmer votre identité (comme une photo).<br />\n                <br />\n                <strong>Informations de contact SOS</strong> Nous collecterons lautorisation de la liste de contacts pour répertorier les contacts lors de lajout des contacts SOS pour lapplication utilisateur et pilote<br />\n                <br />\n                <strong>Notes et commentaires.</strong> Lorsque vous évaluez et fournissez des commentaires sur des passagers ou des chauffeurs, nous collectons toutes les informations que vous fournissez dans vos commentaires.<br />\n                <br />\n                <strong>Communications.</strong> Lorsque vous nous contactez ou que nous vous contactons, nous collectons toutes les informations que vous fournissez, y compris le contenu des messages ou des pièces jointes que vous nous envoyez.</p>\n                \n                <p>B. Informations que nous collectons lorsque vous utilisez la plateforme Mi Softwares</p>\n                \n                <p><strong>Informations de localisation.</strong> Les bonnes balades commencent par une prise en charge facile et précise. La plate-forme Mi Softwares collecte des informations de localisation (y compris les données GPS et WiFi) différemment en fonction des paramètres de votre application Mi Softwares et des autorisations de votre appareil, ainsi que selon que vous utilisez la plate-forme en tant que pilote ou pilote :</p>\n                \n                <ul>\n                <li>Passeurs : nous collectons la position précise de votre appareil lorsque vous ouvrez et utilisez lapplication Mi Softwares, y compris lorsque lapplication sexécute en arrière-plan, à partir du moment où vous demandez un trajet jusquà sa fin. Mi Softwares suit également à tout moment lemplacement précis des scooters et des vélos électriques.</li>\n                <li>Pilotes : nous collectons la position précise de votre appareil lorsque vous ouvrez et utilisez lapplication, y compris lorsque lapplication sexécute en arrière-plan lorsquelle est en mode pilote. Nous collectons également une position précise pendant une durée limitée après que vous ayez quitté le mode conducteur afin de détecter les incidents de trajet, et continuons à la collecter jusquà ce quun incident signalé ou détecté ne soit plus actif.</li>\n                </ul>\n                \n                <p><strong>Informations dutilisation.</strong> Nous collectons des informations sur votre utilisation de la plateforme Mi Softwares, y compris des informations sur le trajet telles que la date, lheure, la destination, la distance, litinéraire, le paiement et si vous avez utilisé une promotion ou une référence. code. Nous collectons également des informations sur vos interactions avec la plateforme Mi Softwares, comme nos applications et nos sites Web, y compris les pages et le contenu que vous consultez ainsi que les dates et heures de votre utilisation.<br />\n                <br />\n                <strong>Informations sur lappareil.</strong> Nous collectons des informations sur les appareils que vous utilisez pour accéder à la plate-forme Mi Softwares, notamment le modèle de lappareil, ladresse IP, le type de navigateur, la version du système dexploitation, lidentité de lopérateur et du fabricant, le type de radio ( tels que la 4G), les préférences et paramètres (tels que la langue préférée), les installations dapplications, les identifiants dappareil, les identifiants publicitaires et les jetons de notification push. Si vous êtes un conducteur, nous collectons également des données de capteurs mobiles à partir de votre appareil (telles que la vitesse, la direction, la hauteur, laccélération, la décélération et dautres données techniques).<br />\n                <br />\n                <strong>Communications entre les coureurs et les chauffeurs.</strong> Nous travaillons avec un tiers pour faciliter les appels téléphoniques et les messages texte entre les coureurs et les chauffeurs sans partager le numéro de téléphone réel de lune ou lautre partie avec lautre. Mais même si nous faisons appel à un tiers pour fournir le service de communication, nous collectons des informations sur ces communications, notamment les numéros de téléphone des participants, la date et lheure, ainsi que le contenu des messages SMS. Pour des raisons de sécurité, nous pouvons également surveiller ou enregistrer le contenu des appels téléphoniques passés via la plateforme Mi Softwares, mais nous vous informerons toujours que nous sommes sur le point de le faire avant le début de lappel.<br />\n                <br />\n                <strong>Contacts du carnet dadresses.</strong> Vous pouvez définir les autorisations de votre appareil pour accorder à Mi Softwares laccès à vos listes de contacts et demander à Mi Softwares daccéder à votre liste de contacts, par exemple pour vous aider à parrainer des amis vers Mi Softwares. Si vous faites cela, nous accéderons et stockerons les noms et coordonnées des personnes figurant dans votre carnet dadresses.<br />\n                <br />\n                <strong>Cookies, analyses et technologies tierces.</strong> Nous collectons des informations via lutilisation de « cookies », de pixels de suivi, doutils danalyse de données tels que Google Analytics, de SDK et dautres technologies tierces pour comprendre comment vous naviguez sur la plateforme Mi Softwares et interagissez avec les publicités Mi Softwares, pour rendre votre expérience Mi Softwares plus sûre, pour savoir quel contenu est populaire, pour améliorer votre expérience sur le site, pour vous proposer de meilleures publicités sur dautres sites et pour enregistrer vos préférences. Les cookies sont de petits fichiers texte que les serveurs Web placent sur votre appareil ; ils sont conçus pour stocker des informations de base et pour aider les sites Web et les applications à reconnaître votre navigateur. Nous pouvons utiliser à la fois des cookies de session et des cookies persistants. Un cookie de session disparaît après la fermeture de votre navigateur. Un cookie persistant reste après la fermeture de votre navigateur et est accessible chaque fois que vous utilisez la plateforme Mi Softwares. Vous devez consulter votre (vos) navigateur(s) Web pour modifier vos paramètres de cookies. Veuillez noter que si vous supprimez ou choisissez de ne pas accepter nos cookies, vous risquez de manquer certaines fonctionnalités de la plateforme Mi Softwares.</p>\n                \n                <p>C. Informations que nous collectons auprès de tiers</p>\n                \n                <p><strong>Services tiers.</strong> Les services tiers nous fournissent les informations nécessaires pour les aspects essentiels de la plate-forme Mi Softwares, ainsi que pour des services, programmes, avantages de fidélité et promotions supplémentaires qui peuvent améliorer votre expérience Mi Softwares. Ces services tiers incluent des prestataires de vérification des antécédents, des partenaires dassurance, des prestataires de services financiers, des prestataires de marketing et dautres entreprises. Nous obtenons les informations suivantes vous concernant auprès de ces services tiers :</p>\n                \n                <ul>\n                <li>Informations visant à rendre la plate-forme Mi Softwares plus sûre, comme les informations de vérification des antécédents des conducteurs ;</li>\n                <li>Informations sur votre participation à des programmes tiers qui fournissent des éléments tels quune couverture dassurance et des instruments financiers, tels que des informations sur lassurance, les paiements, les transactions et la détection des fraudes ;</li>\n                <li>Informations permettant de mettre en œuvre des programmes ou des applications, services ou fonctionnalités de fidélité et promotionnels que vous choisissez de connecter ou de lier à votre compte Mi Softwares, telles que des informations sur votre utilisation de ces programmes, applications, services ou fonctionnalités ; et</li>\n                <li>Informations vous concernant fournies par des services spécifiques, telles que des informations démographiques et sur les segments de marché.</li>\n                </ul>\n                \n                <p><strong>Programmes dentreprise.</strong> Si vous utilisez Mi Softwares par lintermédiaire de votre employeur ou dune autre organisation qui participe à lun de nos programmes dentreprise Mi Softwares Business, nous collecterons des informations vous concernant auprès de ces parties, telles que votre nom. et coordonnées.<br />\n                <br />\n                <strong>Service de conciergerie.</strong> Parfois, une autre entreprise ou entité peut vous commander un trajet Mi Softwares. Si une organisation a commandé un trajet pour vous en utilisant notre service de conciergerie, elle nous fournira vos coordonnées ainsi que le lieu de prise en charge et de dépôt de votre trajet.<br />\n                <br />\n                <strong>Programmes de parrainage.</strong> Les amis aident leurs amis à utiliser la plateforme Mi Softwares. Si quelquun vous recommande Mi Softwares, nous collecterons des informations vous concernant à partir de cette référence, notamment votre nom et vos coordonnées.<br />\n                <br />\n                <strong>Autres utilisateurs et sources.</strong> Dautres utilisateurs ou sources publiques ou tierces telles que les forces de lordre, les assureurs, les médias ou les piétons peuvent nous fournir des informations vous concernant, par exemple dans le cadre dune enquête sur un incident ou pour vous apporter votre soutien.</p>\n                \n                <p>Comment nous utilisons vos informations</p>\n                \n                <p>Nous utilisons vos informations personnelles pour :</p>\n                \n                <ul>\n                <li>Fournir la plate-forme Mi Softwares ;</li>\n                <li>Maintenir la sécurité et la sûreté de la plate-forme Mi Softwares et de ses utilisateurs ;</li>\n                <li>Créer et maintenir la communauté Mi Softwares ;</li>\n                <li>Fournir un support client ;</li>\n                <li>Améliorer la plate-forme Mi Softwares ; et</li>\n                <li>Répondre aux procédures et obligations juridiques.</li>\n                </ul>\n                \n                <p><strong>Fournir la plateforme Mi Softwares.</strong> Nous utilisons vos informations personnelles pour offrir une expérience intuitive, utile, efficace et intéressante sur notre plateforme. Pour ce faire, nous utilisons vos informations personnelles pour :</p>\n                \n                <ul>\n                <li>Vérifiez votre identité et gérez votre compte, vos paramètres et vos préférences ;</li>\n                <li>Vous connecter à vos courses et suivre leur progression ;</li>\n                <li>Calculer les prix et traiter les paiements ;</li>\n                <li>Autoriser les passagers et les conducteurs à se connecter concernant leur trajet et à choisir de partager leur position avec dautres ;</li>\n                <li>Communiquer avec vous sur vos courses et votre expérience ;</li>\n                <li>Recueillir des commentaires concernant votre expérience ;</li>\n                <li>Faciliter des services et des programmes supplémentaires avec des tiers ; et</li>\n                <li>Organisez des concours, des tirages au sort et dautres promotions.</li>\n                </ul>\n                \n                <p><strong>Maintenir la sécurité et la sûreté de la plateforme Mi Softwares et de ses utilisateurs.</strong> Vous offrir une expérience sécurisée et sécurisée est le moteur de notre plateforme, à la fois sur la route et sur nos applications. Pour ce faire, nous utilisons vos informations personnelles pour :</p>\n                \n                <ul>\n                <li>Authentifier les utilisateurs ;</li>\n                <li>Vérifier que les chauffeurs et leurs véhicules répondent aux exigences de sécurité ;</li>\n                <li>Enquêter et résoudre les incidents, les accidents et les réclamations dassurance ;</li>\n                <li>Encourager un comportement de conduite sûr et éviter les activités dangereuses ;</li>\n                <li>Détecter et prévenir la fraude ; et</li>\n                <li>Bloquez et supprimez les utilisateurs dangereux ou frauduleux de la plate-forme Mi Softwares.</li>\n                </ul>\n                \n                <p><strong>Créer et entretenir la communauté Mi Softwares.</strong> Mi Softwares sefforce dêtre un élément positif de la communauté. Nous utilisons vos informations personnelles pour :</p>\n                \n                <ul>\n                <li>Communiquer avec vous sur les événements, les promotions, les élections et les campagnes ;</li>\n                <li>Personnaliser et fournir du contenu, des expériences, des communications et de la publicité pour promouvoir et développer la plate-forme Mi Softwares ; et</li>\n                <li>Aidez à faciliter les dons que vous choisissez de faire via la plate-forme Mi Softwares.</li>\n                </ul>\n                \n                <p><strong>Fournir une assistance client.</strong> Nous travaillons dur pour offrir la meilleure expérience possible, notamment en vous aidant lorsque vous en avez besoin. Pour ce faire, nous utilisons vos informations personnelles pour :</p>\n                \n                <ul>\n                <li>Enquêter et vous aider à résoudre vos questions ou problèmes concernant la plate-forme Mi Softwares ; et</li>\n                <li>Vous fournir une assistance ou vous répondre.</li>\n                </ul>\n                \n                <p><strong>Amélioration de la plateforme Mi Softwares</strong>. Nous travaillons toujours à améliorer votre expérience et à vous fournir de nouvelles fonctionnalités utiles. Pour ce faire, nous utilisons vos informations personnelles pour :</p>\n                \n                <ul>\n                <li>Effectuer des recherches, des tests et des analyses ;</li>\n                <li>Développer de nouveaux produits, fonctionnalités, partenariats et services ;</li>\n                <li>Prévenir, rechercher et résoudre les bugs et problèmes logiciels ou matériels ; et</li>\n                <li>Surveiller et améliorer nos opérations et nos processus, y compris les pratiques de sécurité, les algorithmes et autres modèles.</li>\n                </ul>\n                \n                <p><strong>Répondre aux procédures et exigences juridiques.</strong> Parfois, la loi, les entités gouvernementales ou dautres organismes de réglementation nous imposent des demandes et des obligations en ce qui concerne les services que nous cherchons à fournir. Dans une telle circonstance, nous pouvons utiliser vos informations personnelles pour répondre à ces demandes ou obligations.</p>\n                \n                <p>Comment nous partageons vos informations</p>\n                \n                <p>Nous ne vendons pas vos informations personnelles. Pour faire fonctionner la plateforme Mi Softwares, nous pouvons être amenés à partager vos informations personnelles avec dautres utilisateurs, des tiers et des fournisseurs de services. Cette section explique quand et pourquoi nous partageons vos informations.</p>\n                \n                <p>A. Partage entre les utilisateurs des logiciels Mi</p>\n                \n                <p>Coureurs et chauffeurs.<br />\n                <br />\n                <strong>Informations sur le passager partagées avec le chauffeur :</strong> Dès réception dune demande de trajet, nous partageons avec le chauffeur le lieu de prise en charge du passager, son nom, sa photo de profil, sa note et ses statistiques (comme le nombre approximatif de trajets et dannées en tant que passager). , et les informations que le coureur inclut dans son profil de coureur (comme les pronoms préférés). Lors de la prise en charge et pendant le trajet, nous partageons avec le chauffeur la destination du passager et tout arrêt supplémentaire que le passager saisit dans lapplication Mi Softwares. Une fois le trajet terminé, nous partageons également éventuellement la note et les commentaires du pilote avec le chauffeur. (Nous supprimons lidentité du Passager associée aux notes et aux commentaires lorsque nous la partageons avec les Chauffeurs, mais un Chauffeur peut être en mesure didentifier le Passager qui a fourni la note ou les commentaires.)<br />\n                <br />\n                <strong>Informations du conducteur partagées avec le pilote :</strong> lorsquun conducteur accepte une course demandée, nous partagerons avec le pilote le nom du conducteur, sa photo de profil, ses pronoms préférés, sa note, sa localisation en temps réel, ainsi que la marque et le modèle du véhicule. , la couleur et la plaque dimmatriculation, ainsi que dautres informations dans le profil Mi Softwares du conducteur, telles que les informations que les conducteurs choisissent dajouter (comme le drapeau du pays et la raison pour laquelle vous conduisez) et les statistiques du conducteur (comme le nombre approximatif de trajets et dannées en tant que conducteur) .<br />\n                <br />\n                Bien que nous aidions les passagers et les chauffeurs à communiquer entre eux pour organiser une prise en charge, nous ne partageons pas votre numéro de téléphone réel ou dautres informations de contact avec dautres utilisateurs. Si vous nous signalez un objet perdu ou trouvé, nous chercherons à vous mettre en contact avec le passager ou le chauffeur concerné, y compris en partageant vos coordonnées réelles avec votre consentement.<br />\n                <br />\n                <strong>Passeurs de trajet partagé.</strong> Lorsque les passagers utilisent un trajet partagé Mi Softwares, nous partageons le nom et la photo de profil de chaque passager pour garantir la sécurité. Les passagers peuvent également voir les lieux de prise en charge et de dépose des uns et des autres afin de connaître litinéraire tout en partageant le trajet.<br />\n                <br />\n                <strong>Courses demandées ou payées par dautres.</strong> Certaines courses que vous effectuez peuvent être demandées ou payées par dautres. Si vous effectuez lun de ces trajets en utilisant votre compte de profil dentreprise Mi Softwares, un code ou un coupon, un programme subventionné (par exemple, transport en commun ou gouvernement) ou une carte de crédit dentreprise liée à un autre compte, ou si un autre utilisateur demande ou paie autrement un un trajet pour vous, nous pouvons partager tout ou partie des détails de votre trajet avec cette autre partie, y compris la date, lheure, le tarif, la note attribuée, la région du voyage et le lieu de prise en charge et de retour de votre trajet.<br />\n                <br />\n                <strong>Programmes de parrainage.</strong> Si vous parrainez quelquun vers la plateforme Mi Softwares, nous lui ferons savoir que vous avez généré la parrainage. Si un autre utilisateur vous a recommandé, nous pouvons partager des informations sur votre utilisation de la plateforme Mi Softwares avec cet utilisateur. Par exemple, une source de référence peut recevoir un bonus lorsque vous rejoignez la plateforme Mi Softwares ou effectuez un certain nombre de courses et recevra de telles informations.</p>\n                \n                <p>B. Partage avec des fournisseurs de services tiers à des fins professionnelles</p>\n                \n                <p>Selon que vous êtes un pilote ou un conducteur, Mi Softwares peut partager les catégories suivantes de vos informations personnelles à des fins commerciales afin de vous fournir une variété de fonctionnalités et de services de la plateforme Mi Softwares :</p>\n                \n                <ul>\n                <li>Identifiants personnels, tels que votre nom, votre adresse, votre adresse e-mail, votre numéro de téléphone, votre date de naissance, votre numéro didentification gouvernemental (tel que votre numéro de sécurité sociale), les informations de votre permis de conduire, les informations sur votre véhicule et vos informations dassurance automobile ;</li>\n                <li>Informations financières, telles que les numéros dacheminement bancaires, les informations fiscales et toute autre information de paiement que vous nous fournissez ;</li>\n                <li>Informations commerciales, telles que les informations sur les trajets, les statistiques et commentaires du conducteur/passager, ainsi que lhistorique des transactions du conducteur/passager ;</li>\n                <li>Informations sur lactivité Internet ou dautres réseaux électroniques, telles que votre adresse IP, le type de navigateur, la version du système dexploitation, lopérateur et/ou le fabricant, les identifiants de lappareil et les identifiants de publicité mobile ; et</li>\n                <li>Données de localisation.</li>\n                </ul>\n                \n                <p>Nous divulguons ces catégories dinformations personnelles à des prestataires de services pour atteindre les objectifs commerciaux suivants :</p>\n                \n                <ul>\n                <li>Maintenir et gérer votre compte Mi Softwares ;</li>\n                <li>Traitement ou exécution des courses ;</li>\n                <li>Vous fournir un service client ;</li>\n                <li>Traitement des transactions Rider ;</li>\n                <li>Traitement des demandes et des paiements des chauffeurs ;</li>\n                <li>Vérifier lidentité des utilisateurs ;</li>\n                <li>Détecter et prévenir la fraude ;</li>\n                <li>Traitement des réclamations dassurance ;</li>\n                <li>Proposer des programmes de fidélisation et de promotion des chauffeurs ;</li>\n                <li>Fournir des services de marketing et de publicité à Mi Softwares ;</li>\n                <li>Fournir un financement ;</li>\n                <li>Fournir les services durgence demandés ;</li>\n                <li>Fournir des services danalyse à Mi Softwares ; et</li>\n                <li>Entreprendre des recherches internes pour développer la plate-forme Mi Softwares.</li>\n                </ul>\n                \n                <p>C. Pour des raisons juridiques et pour protéger la plateforme Mi Softwares</p>\n                \n                <ul>\n                <li>Se conformer à toute loi ou réglementation fédérale, étatique ou locale applicable, enquête civile, pénale ou réglementaire, enquête ou procédure judiciaire, ou demande gouvernementale exécutoire ;</li>\n                <li>Répondre à une procédure judiciaire (telle quun mandat de perquisition, une assignation à comparaître, une assignation ou une ordonnance du tribunal) ;</li>\n                <li>Appliquer nos conditions dutilisation ;</li>\n                <li>Coopérer avec les forces de lordre concernant une conduite ou une activité qui, selon nous, peut raisonnablement et de bonne foi, violer la loi fédérale, étatique ou locale ; ou</li>\n                <li>Exercer ou défendre des actions en justice, protéger contre toute atteinte à nos droits, à nos biens, à nos intérêts ou à notre sécurité ou à vos droits, à vos biens, à vos intérêts ou à votre sécurité, à celle de tiers ou du public, comme lexige ou le permet la loi.</ li>\n                </ul>\n                \n                <p>D. Dans le cadre dune vente ou dune fusion</p>\n                \n                <p>Nous pouvons partager vos informations personnelles lors de négociations ou en relation avec un changement de contrôle de lentreprise tel quune restructuration, une fusion ou la vente de nos actifs.</p>\n                \n                <p>E. Selon vos instructions ultérieures</p>\n                \n                <p>Avec votre autorisation ou selon vos instructions, nous pouvons divulguer vos informations personnelles pour interagir avec un tiers ou à dautres fins.</p>\n                \n                <p>Comment nous stockons et protégeons vos informations</p>\n                \n                <p>Nous conservons vos informations aussi longtemps que nécessaire pour vous fournir, ainsi quà nos autres utilisateurs, la plateforme Mi Softwares. Cela signifie que nous conservons les informations de votre profil aussi longtemps que vous conservez un compte. Nous conservons les informations transactionnelles telles que les courses et les paiements pendant au moins sept ans pour garantir que nous pouvons exercer des fonctions commerciales légitimes, telles que la comptabilité des obligations fiscales. Si vous demandez la suppression de votre compte, nous supprimerons vos informations comme indiqué dans la section « Suppression de votre compte » ci-dessous. Nous prenons des mesures raisonnables et appropriées conçues pour protéger vos informations personnelles. Mais aucune mesure de sécurité ne peut être efficace à 100 %, et nous ne pouvons garantir la sécurité de vos informations, y compris contre les intrusions non autorisées ou les actes de tiers.</p>\n                \n                <p>Vos droits et choix concernant vos données</p>\n                \n                <p>Mi Softwares vous offre des moyens daccéder et de supprimer vos informations personnelles ainsi que dexercer dautres droits en matière de données qui vous donnent un certain contrôle sur vos informations personnelles.</p>\n                \n                <p>A. Tous les utilisateurs</p>\n                \n                <p>Abonnements par e-mail. Vous pouvez toujours vous désinscrire de nos e-mails commerciaux ou promotionnels en cliquant sur se désinscrire dans ces messages. Nous vous enverrons toujours des e-mails transactionnels et relationnels concernant votre utilisation de la plateforme Mi Softwares.<br />\n                <br />\n                <strong>Messages texte.</strong> Vous pouvez refuser de recevoir des SMS commerciaux ou promotionnels. Vous pouvez également refuser de recevoir tous les SMS des logiciels Mi (y compris les messages transactionnels ou relationnels. Notez que le fait de refuser de recevoir tous les SMS peut avoir un impact sur votre utilisation de la plateforme Mi Softwares. Les conducteurs peuvent également se désinscrire des messages spécifiques au conducteur en envoyant un SMS STOP. en réponse à un SMS du conducteur Pour réactiver les SMS, vous pouvez envoyer un SMS à START en réponse à un SMS de confirmation de désabonnement.<br />\n                <br />\n                <strong>Notifications push.</strong> Vous pouvez refuser de recevoir des notifications push via les paramètres de votre appareil. Veuillez noter que le fait de ne plus recevoir de notifications push peut avoir un impact sur votre utilisation de la plateforme Mi Softwares (par exemple, recevoir une notification indiquant que votre trajet est arrivé).<br />\n                <br />\n                <strong>Informations de profil</strong>. Vous pouvez consulter et modifier certaines informations de compte que vous avez choisi dajouter à votre profil en vous connectant aux paramètres de votre compte et à votre profil.<br />\n                <br />\n                <strong>Informations de localisation.</strong> Vous pouvez empêcher votre appareil de partager des informations de localisation via les paramètres système de votre appareil. Mais si vous le faites, cela pourrait avoir un impact sur la capacité de Mi Softwares à vous fournir notre gamme complète de fonctionnalités et de services.<br />\n                <br />\n                <strong>Suivi des cookies.</strong> Vous pouvez modifier vos paramètres de cookies sur votre navigateur, mais si vous supprimez ou choisissez de ne pas accepter nos cookies, vous risquez de manquer certaines fonctionnalités de la plateforme Mi Softwares.<br />\n                <br />\n                <strong>Ne pas suivre.</strong> Votre navigateur peut vous proposer une option « Ne pas suivre », qui vous permet de signaler aux opérateurs de sites Web et dapplications et services Web que vous ne souhaitez pas quils suivent vos activités en ligne. La plate-forme Mi Softwares ne prend actuellement pas en charge les demandes Do Not Track pour le moment.<br />\n                <br />\n                <strong>Suppression de votre compte.</strong> Si vous souhaitez supprimer votre compte Mi Softwares, veuillez visiter notre page daccueil de confidentialité. Dans certains cas, nous ne pourrons pas supprimer votre compte, par exemple sil y a un problème avec votre compte lié à la confiance, à la sécurité ou à la fraude. Lorsque nous supprimons votre compte, nous pouvons conserver certaines informations à des fins commerciales légitimes ou pour nous conformer à des obligations légales ou réglementaires. Par exemple, nous pouvons conserver vos informations pour résoudre des réclamations dassurance en cours, ou nous pouvons être obligés de conserver vos informations dans le cadre dune réclamation légale en cours. Lorsque nous conservons ces données, nous le faisons de manière à empêcher leur utilisation à dautres fins.<br />\n                <br />\n                <strong>Droit de savoir.</strong> Vous avez le droit de savoir et de voir quelles données nous avons collectées, notamment :</p>\n                \n                <ul>\n                <li>Les catégories dinformations personnelles que nous avons collectées à votre sujet ;</li>\n                <li>Les catégories de sources à partir desquelles les informations personnelles sont collectées ;</li>\n                <li>La finalité commerciale de la collecte de vos informations personnelles ;</li>\n                <li>Les catégories de tiers avec lesquels nous avons partagé vos informations personnelles ; et</li>\n                <li>Les informations personnelles spécifiques que nous avons collectées à votre sujet.</li>\n                </ul>\n                \n                <p><strong>Droit de suppression.</strong> Vous avez le droit de demander que nous supprimions les informations personnelles que nous avons collectées auprès de vous (et dordonner à nos prestataires de services de faire de même). Il existe cependant un certain nombre dexceptions, qui incluent, sans sy limiter, lorsque les informations sont nécessaires pour nous ou un tiers pour effectuer lune des opérations suivantes :</p>\n                \n                <ul>\n                <li>Terminez votre transaction ;</li>\n                <li>Vous fournir un bien ou un service ;</li>\n                <li>Exécuter un contrat entre nous et vous ;</li>\n                <li>Protégez votre sécurité et poursuivez les responsables de violations ;</li>\n                <li>Réparer notre système en cas de bug ;</li>\n                <li>Protéger vos droits à la liberté dexpression ou ceux des autres utilisateurs ;</li>\n                <li>Participer à des recherches scientifiques, historiques ou statistiques publiques ou évaluées par des pairs dans lintérêt public et dans le respect de toutes les autres lois applicables en matière déthique et de confidentialité ;</li>\n                <li>Se conformer à une obligation légale ; ou</li>\n                <li>Effectuer dautres utilisations internes et licites des informations, compatibles avec le contexte dans lequel vous les avez fournies.</li>\n                </ul>\n                \n                <p><strong>Autres droits.</strong> Vous pouvez demander certaines informations sur notre divulgation dinformations personnelles à des tiers à des fins de marketing direct au cours de lannée civile précédente. Cette demande est gratuite et peut être effectuée une fois par an. Vous avez également le droit de ne pas être victime de discrimination pour lexercice de lun des droits énumérés ci-dessus.<br />\n                <br />\n                <strong>Site Web :</strong> Vous pouvez visiter notre page daccueil relative à la confidentialité pour vous authentifier et exercer vos droits via notre site Web.<br />\n                <br />\n                <strong>Formulaire Web par e-mail :</strong> Vous pouvez nous écrire pour exercer vos droits. Pour répondre à certains droits, nous devrons vérifier votre demande soit en vous demandant de vous connecter et dauthentifier votre compte, soit de vérifier votre identité en fournissant des informations sur vous-même ou sur votre compte. Les agents autorisés peuvent faire une demande en votre nom si vous leur avez donné une procuration légale ou si nous recevons une preuve dautorisation signée, une vérification de votre identité et une confirmation que vous avez donné à lagent lautorisation de soumettre la demande. Délai et format de réponse. Notre objectif est de répondre à une demande d’accès ou de suppression d’un consommateur dans les 45 jours suivant la réception de cette demande. Si nous avons besoin de plus de temps, nous vous informerons par écrit du motif et de la période de prolongation.</p>\n                \n                <p>Données sur les enfants</p>\n                \n                <p>Mi Softwares nest pas destiné aux enfants et nous ne collectons pas sciemment dinformations personnelles auprès denfants de moins de 13 ans. Si nous découvrons quun enfant de moins de 13 ans nous a fourni des informations personnelles, nous prendrons des mesures pour les supprimer. information. Si vous pensez quun enfant de moins de 13 ans nous a fourni des informations personnelles, veuillez nous contacter</p>\n                \n                <p>Liens vers des sites Web tiers</p>\n                \n                <p>La plateforme Mi Softwares peut contenir des liens vers des sites Web tiers. Ces sites Web peuvent avoir des politiques de confidentialité différentes des nôtres. Nous ne sommes pas responsables de ces sites Web et nous vous recommandons de consulter leurs politiques. Veuillez contacter directement ces sites Web si vous avez des questions concernant leurs politiques de confidentialité.</p>\n                \n                <p>Modifications apportées à cette politique de confidentialité</p>\n                \n                <p>Nous pouvons mettre à jour cette politique de temps en temps à mesure que la plateforme Mi Softwares change et que la loi sur la confidentialité évolue. Si nous le mettons à jour, nous le ferons en ligne, et si nous apportons des modifications importantes, nous vous en informerons via la plateforme Mi Softwares ou par une autre méthode de communication comme le courrier électronique. Lorsque vous utilisez Mi Softwares, vous acceptez les conditions les plus récentes de cette politique.</p>\n                \n                <p>Contactez-nous</p>\n                \n                <p>Si vous avez des questions ou des préoccupations concernant votre vie privée ou quoi que ce soit dans cette politique, y compris si vous avez besoin daccéder à cette politique dans un format alternatif, nous vous encourageons à nous contacter.</p>', 'Conditions générales', '<h2><strong>Conditions générales</strong></h2>\n\n                <p>CONTRAT DE LICENCE UTILISATEUR FINAL</p>\n\n                <p>Dernière mise à jour le 16 mai 2021</p>\n\n                <p>Mi Softwares,LLC vous est concédé sous licence (utilisateur final) par Mi Softwares, LLC, situé au 6255 Towncenter Drive Ste 819, Clemmons, Caroline du Nord 27012, États-Unis (ci-après : concédant de licence), pour une utilisation uniquement selon les termes du présent Contrat de Licence.<br />\n                <br />\n                En téléchargeant lapplication depuis lAppStore dApple et Google Play, ainsi que toute mise à jour de celle-ci (comme le permet le présent contrat de licence), vous indiquez que vous acceptez dêtre lié par tous les termes et conditions du présent contrat de licence et que vous acceptez ce Contrat de licence.<br />\n                <br />\n                Les parties au présent Contrat de licence reconnaissent quApple et/ou Google Play ne sont pas partie au présent Contrat de licence et ne sont liés par aucune disposition ou obligation concernant lApplication, telles que la garantie, la responsabilité, la maintenance et le support de celle-ci. Mi Softwares, LLC, et non Apple ou Google Play, est seul responsable de lapplication sous licence et de son contenu.<br />\n                <br />\n                Le présent Contrat de licence ne peut pas prévoir de règles dutilisation de lApplication qui seraient en conflit avec les dernières Conditions dutilisation de lApp Store. Mi Softwares, LLC reconnaît avoir eu la possibilité de consulter lesdites conditions et le présent accord de licence nest pas en conflit avec elles.<br />\n                <br />\n                Tous les droits qui ne vous sont pas expressément accordés sont réservés.</p>\n\n                <p>1. LA DEMANDE</p>\n\n                <p>Mi Softwares (ci-après : Application) est un logiciel qui constitue une plate-forme de covoiturage - et personnalisé pour les appareils mobiles Apple et Android. Il est utilisé pour connecter les coureurs aux conducteurs pour se rendre dun point A à un point B en appuyant simplement sur un bouton.<br />\n                <br />\n                LApplication nest pas conçue pour se conformer aux réglementations spécifiques à lindustrie (Health Insurance Portability and Accountability Act (HIPAA), Federal Information Security Management Act (FISMA), etc.), donc si vos interactions sont soumises à de telles lois, vous ne pouvez pas utilisez cette application. Vous ne pouvez pas utiliser lApplication dune manière qui violerait la loi Gramm-Leach-Bliley (GLBA).</p>\n\n                <p>2. PORTÉE DE LA LICENCE</p>\n\n                <p>2.1 Vous disposez dune licence non transférable, non exclusive et ne pouvant faire lobjet dune sous-licence pour installer et utiliser lapplication sous licence sur tout produit de marque Apple ou Google que vous (utilisateur final) possédez ou contrôlez et comme autorisé par le Règles dutilisation énoncées dans cette section et dans les conditions dutilisation de lApp Store, à lexception du fait que cette application sous licence peut être consultée et utilisée par dautres comptes associés à vous (utilisateur final, lacheteur) via le partage familial ou lachat en volume.<br />\n                <br />\n                2.2 Cette licence régira également toutes les mises à jour de lApplication fournies par le Concédant qui remplacent, réparent et/ou complètent la première Application, à moins quune licence distincte ne soit fournie pour une telle mise à jour, auquel cas les termes de cette nouvelle licence prévaudront.<br />\n                <br />\n                2.3 Vous ne pouvez pas partager ou mettre lApplication à la disposition de tiers (sauf dans la mesure permise par les Conditions générales dApple et avec le consentement écrit préalable de Mi Softwares, LLC), vendre, louer, prêter ou redistribuer de toute autre manière lApplication. <br />\n                <br />\n                2.4 Vous ne pouvez pas effectuer dingénierie inverse, traduire, désassembler, intégrer, décompiler, intégrer, supprimer, modifier, combiner, créer des œuvres dérivées ou des mises à jour, adapter ou tenter de dériver le code source de lApplication, ou toute partie de celle-ci (sauf avec consentement écrit préalable de Mi Softwares, LLC).<br />\n                <br />\n                2.5 Vous ne pouvez pas copier (sauf lorsque cela est expressément autorisé par cette licence et les règles dutilisation) ou modifier lapplication ou des parties de celle-ci. Vous pouvez créer et stocker des copies uniquement sur les appareils que vous possédez ou contrôlez à des fins de sauvegarde conformément aux termes de cette licence, aux conditions de service de lApp Store et à tous les autres termes et conditions applicables à lappareil ou au logiciel utilisé. Vous ne pouvez supprimer aucun avis de propriété intellectuelle. Vous reconnaissez quaucun tiers non autorisé ne peut avoir accès à ces copies à tout moment. <Br />\n                <br />\n                2.6 Les violations des obligations mentionnées ci-dessus, ainsi que la tentative dune telle violation, peuvent être soumises à des poursuites et à des dommages. <Br />\n                <br />\n                2.7 Licensor se réserve le droit de modifier les termes et conditions de licence. <Br />\n                <br />\n                2.8 Rien dans cette licence ne doit être interprété pour restreindre les termes tiers. Lorsque vous utilisez lapplication, vous devez vous assurer que vous respectez les termes et conditions tiers applicables. </p>\n\n                <p>3. Exigences techniques </p>\n\n                <p> 3.1 Le licence tente de maintenir lapplication à jour afin quil se conforme aux versions modifiées / nouvelles du micrologiciel et du nouveau matériel. Vous navez pas le droit de réclamer une telle mise à jour. <Br />\n                <br />\n                3.2 Vous reconnaissez quil est de votre responsabilité de confirmer et de déterminer que le périphérique de lutilisateur final de lapplication sur lequel vous avez lintention dutiliser lapplication satisfait les spécifications techniques mentionnées ci-dessus. <Br />\n                <br />\n                3.3 Le licence se réserve le droit de modifier les spécifications techniques telles quelle le juge appropriée à tout moment. </p>\n\n                <p>4. Maintenance et support </p>\n\n                <p> 4.1 Le concédent est seul responsable de fournir des services de maintenance et de support pour cette application sous licence. Vous pouvez atteindre le concédant de licence à ladresse e-mail répertoriée dans lApp Store ou Google Play Présentation de cette application sous licence. <Br />\n                <br />\n                4.2 MI Softwares, LLC et lutilisateur final reconnaissent quApple et / Google Play nont aucune obligation de fournir des services de maintenance et de soutien en ce qui concerne lapplication sous licence. </p>\n\n                <p>5. Utilisation des données </p>\n\n                <p> Vous reconnaissez que le concédant de licence pourra accéder et ajuster votre contenu de demande de licence téléchargé et vos informations personnelles, et que lutilisation par le concédant de ces documents et informations est soumise à vos accords juridiques avec la politique de confidentialité du concédant et du concédant: http: // www.mi Softwares.us/privacy. </p>\n\n                <p>6. Contributions générées par lutilisateur </p>\n\n                <p> Lapplication peut vous inviter à discuter, à contribuer ou à participer à des blogs, des babillards électroniques, des forums en ligne et dautres fonctionnalités, et peut vous offrir la possibilité de créer, soumettre, publier, afficher, transmettre, exécuter, publier , distribuer ou diffuser du contenu et des matériaux à nous ou dans lapplication, y compris, mais sans sy limiter, le texte, les écrits, la vidéo, laudio, les photographies, les graphiques, les commentaires, les suggestions ou les informations personnelles ou dautres documents (collectivement, \"contributions\"). Les contributions peuvent être visibles par dautres utilisateurs de lapplication et via des sites Web ou des applications tiers. En tant que tels, toute contribution que vous transmettez peut être traitée comme non confidentielle et non propriétaire. Lorsque vous créez ou mettez à disposition des contributions, vous représentez et garantissez ainsi que: <Br />\n                <br />\n                1. La création, la distribution, la transmission, laffichage publique ou la performance, et laccès, le téléchargement ou la copie de vos contributions nenfreindront pas et ne violeront pas les droits de propriété, y compris mais sans sy limiter ou droits moraux de tout tiers. <Br />\n                <br />\n                2. Vous êtes le créateur et le propriétaire de ou avez les licences, droits, consentements, versions et autorisations nécessaires à utiliser et à nous autoriser, lapplication et dautres utilisateurs de lapplication pour utiliser vos contributions de toute manière envisagée par lapplication et ces termes dutilisation. <Br />\n                <br />\n                3. Vous avez le consentement écrit, la libération et / ou lautorisation de chaque personne individuelle identifiable dans vos contributions pour utiliser le nom ou la ressemblance ou chaque personne identifiable de ces personnes identifiables pour permettre linclusion et lutilisation de vos contributions de quelque manière que ce soit envisagée par lapplication et ces conditions dutilisation. <Br />\n                <br />\n                4. Vos contributions ne sont pas fausses, inexactes ou trompeuses. <Br />\n                <br />\n                5. Vos contributions ne sont pas une publicité non sollicitée ou non autorisée, du matériel promotionnel, des schémas pyramidaux, des lettres de chaîne, du spam, des envois de masse ou dautres formes de sollicitation. <Br />\n                <br />\n                6. Vos contributions ne sont pas obscènes, obscènes, lascives, sales, violentes, harcelantes, diffamées, calomnieuses ou autrement répréhensibles (telles que déterminées par nous). <Br />\n                <br />\n                7. Vos contributions ne ridiculisent, ne se moquent pas, ne dénigrent pas, ne sont pas en train de vous en abuser. <Br />\n                <br />\n                8. Vos contributions ne sont pas utilisées pour harceler ou menacer (au sens juridique de ces termes) aucune autre personne et promouvoir la violence contre une personne ou une classe de personnes. <Br />\n                <br />\n                9. Vos contributions ne violent aucune loi, réglementation ou règle applicable. <Br />\n                <br />\n                10. Vos contributions ne violent pas les droits de confidentialité ou de publicité dun tiers. <Br />\n                <br />\n                11. Vos contributions ne contiennent aucun matériel qui sollicite des informations personnelles de toute personne de moins de 18 ans ou exploite les personnes de moins de 18 ans de manière sexuelle ou violente. <Br />\n                <br />\n                12. Vos contributions ne violent aucune loi applicable concernant la pornographie juvénile, ou autrement destinée à protéger la santé ou le bien-être des mineurs. <Br />\n                <br />\n                13. Vos contributions nincluent pas de commentaires offensants liés à la race, à lorigine nationale, au sexe, aux préférences sexuelles ou au handicap physique. <Br />\n                <br />\n                14. Vos contributions ne violent pas autrement, ni ne sont liées à des éléments qui violent, toute disposition des présentes conditions dutilisation, ni toute loi ou réglementation applicable. <Br />\n                <br />\n                Toute utilisation de la demande en violation de ce qui précède viole ces conditions dutilisation et peut entraîner, entre autres, la résiliation ou la suspension de vos droits dutiliser la demande. </p>\n\n                <p>7. Licence de contribution </p>\n\n                <p> En publiant vos contributions à toute partie de la demande ou en rendant les contributions accessibles à la demande en reliant votre compte à partir de la demande à lun de vos comptes de réseautage social, vous accordez automatiquement, et vous représentez et garantissez que vous avez le droit de Accordez-nous, un peu restreint, illimité, irrévocable, perpétuel, non exclusif, transférable, libre de droits, entièrement payé, à droite mondiale et licence pour héberger, utiliser la copie, reproduire, divulguer, vendre, revendre, publier, une plâtre large , retiser, archiver, magasin, cache, afficher publiquement, reformater, traduire, transmettre, extraire (en tout ou en partie), et distribuer de telles contributions (y compris, sans limitation, votre image et votre voix) à quelque fin que ce soit, la publicité commerciale ou autrement , et préparer des œuvres dérivées ou incorporer dans dautres œuvres, telles que les contributions, et accorder et autoriser les subli que ce qui précède. Lutilisation et la distribution peuvent se produire dans tous les formats multimédias et à travers tous les canaux multimédias. <Br />\n                <br />\n                Cette licence sappliquera à tous les formulaires, médias ou technologies désormais connus ou par la suite, et comprend notre utilisation de votre nom, nom de lentreprise et nom de franchise, selon lesquels vous êtes applicable, et lune des marques, des marques, des noms commerciaux, des logos, et les images personnelles et commerciales que vous fournissez. Vous renoncez à tous les droits moraux dans vos contributions, et vous garantissez que les droits moraux nont pas été autrement affirmés dans vos contributions. <Br />\n                <br />\n                Nous naffirmons aucune propriété sur vos contributions. Vous conservez la pleine propriété de toutes vos contributions et de tous les droits de propriété intellectuelle ou dautres droits de propriété associés à vos contributions. Nous ne sommes pas responsables des déclarations ou des représentations de vos contributions fournies par vous dans nimporte quel domaine de lapplication. Vous êtes seul responsable de vos contributions à la demande et vous acceptez expressément de nous exonérer de toutes les responsabilités et de vous abstenir de toute action en justice contre nous concernant vos contributions. <Br />\n                <br />\n                Nous avons le droit, à notre seule et absolue discrétion, (1) de modifier, de refuser ou de modifier autrement les contributions; (2) pour recommandé toute contribution pour les placer dans des endroits plus appropriés dans lapplication; et (3) pré-écran ou supprimer toute contribution à tout moment et pour quelque raison que ce soit, sans préavis. Nous navons aucune obligation de surveiller vos contributions. </p>\n\n                <p>8. Responsabilité </p>\n\n                <P> 8.1 La responsabilité du concédant en cas de violation des obligations et du délit est limitée à lintention et à la négligence grave. Ce nest quen cas de violation des tâches contractuelles essentielles (obligations cardinales), le concédant est également responsable en cas dune légère négligence. Dans tous les cas, la responsabilité est limitée aux dommages prévisibles et contractuellement typiques. La limitation mentionnée ci-dessus ne sapplique pas aux blessures à la vie, aux membres ou à la santé. <Br />\n                <br />\n                8.2 Le concédant de licence ne prend aucune responsabilité ou responsabilité des dommages causés en raison dune violation des fonctions conformément à larticle 2 du présent accord. Pour éviter la perte de données, vous devez utiliser les fonctions de sauvegarde de lapplication dans la mesure autorisée par les termes et conditions dutilisation tierces applicables. Vous savez quen cas de modifications ou de manipulations de la demande, vous naurez pas accès à une demande agréée. </p>\n\n                <p>9. Garantie </p>\n\n                <p> 9.1 Le concédant garantit que lapplication est gratuite de logiciels espions, de chevaux de Troie, de virus ou de tout autre logiciel malveillant au moment de votre téléchargement. Le concédant garantit que lapplication fonctionne comme décrit dans la documentation utilisateur. <Br />\n                <br />\n                9.2 Aucune garantie nest fournie pour lapplication qui nest pas exécutable sur lappareil, qui a été modifiée sans autorisation, gérée de manière inappropriée ou culpabilité, combinée ou installée avec un matériel ou un logiciel inapproprié, utilisé avec des accessoires inappropriés, indépendamment de vous-même ou par des tiers, ou sil y a dautres raisons en dehors des logiciels MI, la sphère dinfluence de LLC qui affecte lexécutabilité de lapplication. <Br />\n                <br />\n                9.3 Vous devez inspecter lapplication immédiatement après son installation et informer Mi Softwares, LLC sur les problèmes découverts sans délai par e-mail fourni dans les réclamations du produit. Le rapport des défauts sera pris en considération et a en outre étudié sil a été envoyé par la poste dans une période de quatre-vingt-dix (90) jours après la découverte. <Br />\n                <br />\n                9.4 Si nous confirmons que lapplication est défectueuse, MI Softwares, LLC se réserve un choix pour remédier à la situation en résolvant le défaut ou la livraison de remplacement. <Br />\n                <br />\n                9.5 En cas de non-non-conformité de la demande à toute garantie applicable, vous pouvez en informer lapplication-opérateur de lapplication et votre prix dachat de demande vous sera remboursé. Dans la mesure maximale autorisée par la loi applicable, lopérateur dapplication-stockage naura aucune autre obligation de garantie en ce qui concerne lapplication et toute autre perte, réclamation, dommages-intérêts, passifs, dépenses et coûts attribuables à toute négligence pour respecter tout Garantie. <Br />\n                <br />\n                9.6 Si lutilisateur est un entrepreneur, toute réclamation basée sur les défauts expire après une période de limitation statutaire sélevant à douze (12) mois après la mise à la disposition de lutilisateur de lapplication. Les périodes statutaires de limitation données par la loi sappliquent aux utilisateurs qui sont consommateurs. </p>\n\n                <p>10. Réclamations du produit </p>\n\n                <p> MI Softwares, LLC et lutilisateur final reconnaissent que Mi Softwares, LLC, et non Apple, est chargé de répondre à toute réclamation de lutilisateur final ou de tout tiers relatif à la demande agréée ou à la possession de lutilisateur final et / ou utiliser cette application sous licence, y compris, mais sans sy limiter: <r />\n                <br />\n                (i) Réclamations de responsabilité des produits; <Br />\n                <br />\n                (ii) toute réclamation selon laquelle la demande agréée ne se conforme pas à toute exigence légale ou réglementaire applicable; et <br />\n                <br />\n                (iii) les réclamations résultant de la protection des consommateurs, de la vie privée ou de la législation similaire, y compris dans le cadre de lutilisation de votre demande agréée. </p>\n\n                <p>11. Conformité juridique </p>\n\n                <p> Vous représentez et garantissez que vous nêtes pas situé dans un pays soumis à un embargo du gouvernement américain, ou qui a été désigné par le gouvernement américain comme un pays de \"soutien terroriste\"; et que vous nêtes répertorié sur aucune liste du gouvernement américain des parties interdites ou restreintes. </p>\n\n                <p>12. Coordonnées </p>\n\n                <p> Pour les enquêtes générales, les plaintes, les questions ou les réclamations concernant la demande agréée, veuillez contacter: <r />>\n                <br />\n                <strong> MI Softwares, LLC <Br />\n                6255 TownCenter Drive Ste 819 <Br />\n                Clemmons, NC 27012 <Br />\n                États-Unis <Br />\n                support @ mi softwares.us </strong> </p>\n\n                <p> 13. Terminaison </p>\n\n                <p> La licence est valide jusquà ce quelle soit terminée par Mi Softwares, LLC ou par vous. Vos droits en vertu de cette licence se termineront automatiquement et sans préavis de Mi Softwares, LLC si vous ne respectez aucun terme de cette licence. À la fin de la licence, vous devez arrêter toute utilisation de la demande et détruire toutes les copies, complètes ou partielles, de la demande. </p>\n\n                <p> 14. Conditions des accords et bénéficiaires tiers </p>\n\n                <p> MI Softwares, LLC représente et justifie que Mi Softwares, LLC se conformera aux conditions de laccord tierces applicables lors de lutilisation de lapplication sous licence. <Br />\n                <br />\n                Conformément à la section 9 des \"Instructions pour les conditions minimales du contrat de licence de lutilisateur final du développeur\", les filiales dApple et dApple seront des bénéficiaires tiers du présent contrat de licence utilisateur final et - lors de votre acceptation des termes et conditions de la présente licence Accord, Apple aura le droit (et sera réputé avoir accepté le droit) pour appliquer ce contrat de licence dutilisateur final contre vous en tant que bénéficiaire tiers de celui-ci. </p>\n\n                <p> 15. Droits de propriété intellectuelle </p>\n\n                <P> MI Softwares, LLC et lutilisateur final reconnaissent que, en cas de réclamation de tiers que la demande agréée ou la possession et lutilisation de cette demande de licence infligées aux droits de propriété intellectuelle du tiers, MI, MI Softwares, LLC, et non Apple, sera seul responsable de lenquête, de la défense, du règlement et de la libération ou de toutes ces réclamations dinfraction de propriété intellectuelle. </p>\n\n                <p> 16. Loi applicable </p>\n\n                <p> Cet accord de licence est régi par les lois de lÉtat de Caroline du Nord à lexclusion de ses règles de conflits de droit. </p>\n\n                <p> 17. Divers </p>\n\n                <p> 17.1 Si lun des termes du présent accord doit être ou devenir invalide, la validité des dispositions restantes ne sera pas affectée. Les termes non valides seront remplacés par des valides formulées dune manière qui atteindra lobjectif principal. <Br />\n                <br />\n                17.2 Les accords de garantie, les modifications et les modifications ne sont valables que sils sont établis par écrit. La clause précédente ne peut être annulée quen écriture. </p>', 'conformité', '<h3> <strong> Opportunité demploi égal et politique de non-discrimination </strong> </h3>\n\n                <h3> i. Présentation et portée </h3>\n\n                <p> Mi Softwares, LLC de 6255 TownCenter Drive Ste 819, Clemmons, Caroline du Nord 27012, a établi une politique de non-discrimination et dégalité des chances demploi (\"EEO\"). Cette politique EEO sapplique à tous les aspects de la relation entre les Softwares, LLC et ses employés, y compris, mais sans sy limiter, lemploi, le recrutement, les publicités pour lemploi, lembauche et le licenciement, la rémunération, la mission, la classification des employés, la cessation, la mise à niveau, Promotions, transfert, formation, conditions de travail, salaire et administration salariale, et avantages sociaux et application des politiques. Ces politiques sappliquent aux entrepreneurs indépendants, aux employés temporaires, à tout le personnel travaillant sur les lieux et à toute autre personne ou entreprise qui fait des affaires pour ou avec Mi Softwares, LLC. Tout utilisateur qui a violé cette interdiction perdra laccès à la plate-forme MI Softwares, LLC. Les lois applicables dans certaines juridictions peuvent exiger et / ou permettre la prestation de services par et pour le bénéfice dune catégorie spécifique de personnes. Dans de telles juridictions, les services fournis conformes à ces lois et les conditions applicables pertinentes sont autorisées en vertu de la présente politique. </p>\n\n                <h3> ii. Politiques </H3>\n\n                <p>1. Discrimination. </p>\n\n                <P> MI Softwares, LLC ne tolérera en aucune circonstance, sans exception, une forme de discrimination fondée sur la race, la croyance, la religion, la couleur, lâge, linvalidité, la grossesse, létat matrimonial, létat parental, lorientation sexuelle, lexpression des sexes, Identité de genre, statut de vétéran, statut militaire, statut de victime de violence domestique, origine nationale, affiliation politique, sexe, caractéristiques génétiques prédisposantes ou emplacement géographique et tout autre statut protégé par la loi. Cette liste nest pas exhaustive. Pour les personnes qualifiées handicapées, MI Softwares, LLC fera tout leur possible pour fournir des logements en milieu de travail raisonnables conformes aux lois applicables. </p>\n\n                <p> La discrimination dans la prestation de services de transport est strictement interdite </p>\n\n                <p> Les moteurs et les employés associés sont tenus de connaître les interdictions de non-discrimination. MI Softwares, LLC ne tolérera pas les adaptations publiques, qui comprend les services de taxigs pratiques discriminatoires illégales pour nier, directement ou indirectement, toute personne la jouissance complète et égale des biens, services, installations, privilèges, avantages et adaptations de tout endroit des logements publics (y compris les services de taxi) entièrement ou partiellement pour une raison discriminatoire basée sur le lieu de résidence ou dentreprise. </p>\n\n                <p> Conduite discriminatoire interdite: </p>\n\n                <p> mi Softwares, LLC reconnaît que les conducteurs associés ne doivent jamais discriminer certains clients en ne les ramassant pas, ne les prenant pas là où ils souhaitent aller ou en les traitant avec moins de respect en fonction des caractéristiques ou des traits protégés énumérés ci-dessus. Des exemples spécifiques de conduite discriminatoire, incluent les éléments suivants: <r />\n                <br />\n                Ne pas ramasser un passager sur la base dune caractéristique ou dun trait protégé, notamment en ne prenant pas un passager avec un animal dassistance · demandant quun passager sorte dun taxi sur la base dune caractéristique ou dun trait protégée · en utilisant un langage dérogatoire ou harcelant sur la base dune caractéristique ou dun trait protégé · refuser un ramassage dans une zone géographique spécifique. </p>\n\n                <p> Discrimination géographique: </p>\n\n                <P> MI Softwares, LLC ne tolère pas la discrimination géographique et reconnaît à quel point il est important damener le client à la destination demandée sans discriminer ce client en fonction de lendroit où il souhaite aller. Tous les moteurs, employés, gestionnaires, parties prenantes et agents associés de MI Softwares, LLC se conformeront à ces politiques anti-discrimination. Dans certains cas, les lois et réglementations locales peuvent fournir des protections plus importantes que celles décrites dans cette politique. </p>\n\n                <p>2. Harcèlement </p>\n\n                <p> Mi Softwares, LLC sengage à fournir un environnement de travail sans harcèlement. Tout comportement indésirable et offensant pour le destinataire, ce qui crée un environnement de travail intimidant, hostile ou humiliant pour cette personne viole la politique de MI Softwares, LLC. Le harcèlement peut se produire entre les membres du sexe opposé ou le même sexe. Le harcèlement, verbal ou non verbal, explicite ou implicite, basé sur le sexe, la race, lethnicité, lorigine nationale, lâge, lâge, la religion ou toute autre caractéristique légalement protégée ne seront pas tolérés. Tous les employés, y compris les superviseurs, dautres membres du personnel de gestion et les entrepreneurs indépendants, sont tenus de respecter cette politique. Aucune personne ne sera affectée négativement dans lemploi avec MI Softwares, LLC en raison de la portion de plaintes de harcèlement. </p>\n\n                <p>3. Harcèlement sexuel </p>\n\n                <p> Les avancées sexuelles non les bienvenues, les demandes de faveurs sexuelles et dautres conduites verbales ou physiques de nature sexuelle constituent du harcèlement lorsque (1) la soumission à une telle conduite est faite explicitement ou implicitement un terme ou une condition demploi; (2) la soumission ou le rejet ou le rejet dune telle conduite par un individu est utilisée comme base pour les décisions demploi, la promotion, le transfert, la sélection de formation, les évaluations du rendement, les avantages sociaux ou dautres termes et conditions demploi; ou (3) une telle conduite a le but ou leffet de la création dun environnement de travail intimidant, hostile ou offensif ou interfère considérablement avec le rendement du travail dun employé. MI Softwares, LLC interdit une conduite inappropriée de nature sexuelle au travail, sur les entreprises de lentreprise ou lors dévénements parrainés par lentreprise, y compris les suivants: commentaires, blagues, langage dégradant, objets sexuellement suggestifs, livres ou toute forme de média électronique ou dans formulaire dimpression. Le harcèlement sexuel est interdit de savoir sil se situe entre des membres du sexe opposé ou des membres du même sexe. </p>\n\n                <p>4. Déclaration sur laction positive </p>\n\n                <p> Un programme daction positive a été développé lorsque Mi Softwares, LLC cherche à augmenter la représentation et la participation des minorités </p>\n\n                <p>5. Discrimination et harcèlement de signalement </p>\n\n                <p> Si un employé estime quil a été harcelé comme décrit dans cette politique, il doit immédiatement déposer des griefs avec: Grieval Department, 6255 TownCenter Drive, Ste 819, Clemmons NC 27012, ou par e-mail à Compliance @ Mi Softwares. nous. Une fois laffaire signalée, elle sera rapidement étudiée et toute mesure corrective sera prise lorsquelle sera jugée appropriée. Toutes les plaintes ou harcèlement illégal en vertu de cette politique ou autrement seront traités de manière aussi confidentielle que possible. Les rapports en temps opportun sont encouragés à empêcher la réapparition ou à répondre autrement au comportement qui viole cette politique ou la loi. Les retards dans la déclaration dune plainte peuvent limiter le type defficacité dune réponse par Mi Softwares, LLC. La procédure de signalement des incidents de comportement discriminatoire ou de harcèlement nest pas destiné à empêcher le droit de tout employé de demander un recours en vertu de la loi de lÉtat ou de la loi disponible en rapportant immédiatement laffaire à lÉtat ou à lagence fédérale appropriée. </p>\n\n                <p>6. Représailles </p>\n\n                <p> représailles contre toute personne associée à Mi Softwares, LLC qui rapporte des cas de harcèlement - quil soit directement ou indirectement impliquée - est en violation des politiques de MI Softwares, LLC. Tous les incidents signalés sont supposés être faits de bonne foi. Toutes les allégations qui sont prouvées fausses seront traitées comme une affaire sérieuse. </p>\n\n                <p>7. Mesures disciplinaires de harcèlement </p>\n\n                <p> Tout employé adoptant des comportements qui viole cette politique sera soumis à des mesures disciplinaires, y compris la résiliation possible de lemploi, si une loi réelle a été violée ou non. </p>\n\n                <p>8. Remèdes </p>\n\n                <p> Remèdes pour tout cas de discrimination en matière demploi vérifiée, quil soit causé intentionnellement ou par des actions qui ont un effet discriminatoire, peuvent inclure le rémunération en arrière, lembauche, la promotion, la réintégration, le salaire avant, lhébergement raisonnable ou dautres actions jugées appropriées par les logiciels de lIM, SARL. Les recours peuvent également inclure le paiement des honoraires davocat, des frais de témoin expert, des frais de justice et dautres frais juridiques applicables. </p>\n\n                <p>9. Mise en œuvre de la politique </p>\n\n                Le PDG de MI Softwares, Lynn Graham, soutient pleinement la mise en œuvre de cette politique à compter du 19 avril 2021. </p>', 'dmv check', '<h2> <strong> dmv chèque et vérification des antécédents consentement </strong> </h2>\n\n                <p> </p>\n\n                <p> Consentement pour demander le dossier de conduite </p>\n\n                <p> Je comprends que Mi Softwares, LLC. («Société») utilisera Checkr., («Checkr, Inc.») pour obtenir un enregistrement des véhicules à moteur dans le cadre du processus de candidature pour être un conducteur sur la plate-forme MI Softwares (un «conducteur»). Je comprends également que si elle est acceptée en tant que conducteur, dans la mesure permise par la loi, la société peut obtenir dautres rapports de Checkr Inc. afin de mettre à jour, renouveler ou étendre mon statut de conducteur. Je donne par la présente la permission aux logiciels MI dobtenir mon dossier de conduite dÉtat (également connu sous le nom de dossier de véhicule à moteur ou MVR) conformément à la loi fédérale sur la protection de la vie privée («DPPA») et à la loi de lÉtat applicable. Je reconnais et comprends que mon dossier de conduite est un rapport de consommation qui contient des informations sur les enregistrements publics. Jautorise, sans réservation de partie ou dagence contactée par la société ou Checkr Inc. pour fournir à lentreprise une copie de mon dossier de conduite dÉtat. Cette autorisation restera dans le dossier par la Société pour la durée de mon temps en tant que chauffeur et servira dautorisation continue à lentreprise pour obtenir mon dossier de conduite dÉtat à tout moment pendant que je suis un chauffeur. </p>\n\n                <p> Consentement pour demander le rapport des consommateurs ou les informations sur le rapport des consommateurs denquête </p>\n\n                <p> Je comprends que Mi Softwares, LLC. («Company») utilisera Checkr Inc., </p>\n\n                <p> 1 Montgomery St, Ste 2000, San Francisco, CA 94104 </p>\n\n                <p> Pour obtenir un rapport de consommation ou un rapport de consommation dinvestigation dans le cadre du processus de demande, être un pilote sur la plate-forme MI Softwares (un «conducteur»). Je comprends également que si elle est acceptée en tant que conducteur, dans la mesure permise par la loi, la société peut obtenir dautres rapports de Checkr afin de mettre à jour, de renouveler ou détendre mon statut de conducteur. </p>\n\n                <p> Je comprends que lenquête de CheckR, Inc («Checkr») peut inclure lobtention dinformations concernant mon casier judiciaire, sous réserve de toute limitation imposée par la loi fédérale et étatique applicable. Je comprends que ces informations peuvent être obtenues par contact direct ou indirect avec des agences publiques ou dautres personnes qui peuvent avoir de telles connaissances. </p>\n\n                <p> La nature et la portée de lenquête recherchée comprendront une vérification des antécédents criminels et une trace SSN. </p>\n\n                <p> Je reconnais la réception du résumé ci-joint de mes droits en vertu de la Fair Credit Reporting Act et, comme lexige la loi, tout résumé des droits liés (collectivement «Résumé des droits»). </p>\n\n                <p> Ce consentement naffectera pas ma capacité à remettre en question ou à contester lexactitude des informations contenues dans un rapport. Je comprends que si lentreprise prend la décision conditionnelle de me disqualifier basée sur tout ou en partie sur mon rapport, je recevrai une copie du rapport et une autre copie des résumés des droits, et si je ne suis pas daccord avec lexactitude de la prétendue disqualification Informations Dans le rapport, je dois informer lentreprise dans les cinq jours ouvrables suivant ma réception du rapport que je conteste lexactitude de ces informations avec Checkr. </p>\n\n                <p> Je consentement à cette enquête et autorise la société à obtenir un rapport sur mes antécédents. </p>\n\n                <p> Afin de vérifier mon identité aux fins de la préparation du rapport, je publie volontairement ma date de naissance, le numéro de sécurité sociale et les autres informations et je comprends pleinement que toutes les décisions sont basées sur des raisons non discriminatoires légitimes. </ P >\n\n                <p> Le nom, ladresse et le numéro de téléphone de lunité la plus proche de lagence de rapports de consommation désignée pour gérer les demandes de renseignements concernant le rapport des consommateurs denquête est: </p>\n\n                <p> <strong> Checkr, Inc. <Br />\n                1 Montgomery St, Ste 2000, San Francisco, CA 94104 <Br />\n                844-824-3257 </strong> <br />\n                <br />\n                <Strong> California, Maine, Massachusetts, Minnesota, New Jersey & Oklahoma Demandeurs: </strong> Jai le droit de demander une copie de tout rapport obtenu par la société à partir de Checkr en vérifiant la case. (Vérifiez uniquement si vous souhaitez recevoir une copie) </p>\n\n                <p> Les candidats de New York uniquement </p>\n\n                <p> Je reconnais également que j’ai reçu la copie ci-jointe de l’article 23A de la loi sur la correction de New York. Je comprends en outre que je peux demander une copie de tout rapport de consommation denquête en contactant Checkr. Je comprends en outre que je serai conseillé si des chèques supplémentaires sont demandés et ont fourni le nom et ladresse de lagence de rapport de consommation. </p>\n\n                <p> California Demandeurs et résidents </p>\n\n                <p> Si je postule en Californie ou que je réside en Californie, je comprends que jai le droit dinspecter visuellement les fichiers me concernant maintenus par une agence de rapport de consommation denquête pendant les heures normales de bureau et sur un préavis raisonnable. Linspection peut être effectuée en personne et, si japparais en personne et fournisse une identification appropriée; Jai droit à une copie du dossier moyennant des frais de ne pas dépasser les coûts réels de la duplication. Jai le droit dêtre accompagné dune personne de mon choix, qui fournira une identification raisonnable. Linspection peut également être effectuée par courrier certifié si je fais une demande écrite, avec une identification appropriée, pour que des copies soient envoyées à un destinataire spécifié. Je peux également demander un résumé des informations à fournir par téléphone si je fais une demande écrite, avec une identification appropriée pour la divulgation téléphonique, et la charge de péage, le cas échéant, pour lappel téléphonique est prépayé par ou directement facturé. Je comprends en outre que lagence de déclaration des consommateurs dinvestigation doit fournir du personnel formé pour mexpliquer lune des informations me fournies; Je recevrai de lagence de reporting des consommateurs denquête une explication écrite de toute information codée contenue dans les fichiers maintenus sur moi. «Une identification appropriée» telle que utilisée dans ce paragraphe signifie que les informations sont généralement jugées suffisantes pour identifier une personne, y compris des documents tels quun permis de conduire valide, un numéro de compte de sécurité sociale, une carte didentification militaire et des cartes de crédit. Je comprends que je peux accéder au site Web suivant Checkr.com Privacy pour afficher les pratiques de confidentialité de Checkr, y compris les informations concernant la préparation et le traitement de Checkr des rapports de consommation denquête et de conseils quant à la question de savoir si mes informations personnelles seront envoyées en dehors des États-Unis ou de ses territoires .</p>\n\n                <p> Un résumé de vos droits en vertu de la Fair Credit Reporting Act </p>\n\n                <p> La Federal Fair Credit Reporting Act (FCRA) favorise lexactitude, léquité et la confidentialité des informations dans les dossiers des agences de rapport de consommation. Il existe de nombreux types dagences de déclaration des consommateurs, notamment des bureaux de crédit et des agences spécialisées (telles que les agences qui vendent des informations sur les antécédents de rédaction de chèques, les dossiers médicaux et les dossiers de lhistorique de location). Voici un résumé de vos principaux droits en vertu de la FCRA. <strong> Pour plus dinformations, y compris des informations sur les droits supplémentaires, rendez-vous sur www.consumerfinance.gov/Learnmore ou écrivez à: </strong> </p>\n\n                <p> Bureau de protection financière des consommateurs <br />\n                1700 G Street NW, Washington, DC 20552 </p>\n\n                <p> </p>\n\n                <ul>\n                <li> Vous devez vous dire si des informations dans votre fichier ont été utilisées contre vous. Quiconque utilise un rapport de crédit ou un autre type de rapport de consommation pour refuser votre demande de crédit, dassurance ou demploi - ou pour prendre une autre action défavorable contre vous - doit vous le dire et doit vous donner le nom, ladresse et le numéro de téléphone de lagence qui a fourni les informations. </li>\n                <li> Vous avez le droit de savoir ce quil y a dans votre fichier. Vous pouvez demander et obtenir toutes les informations vous concernant dans les fichiers dune agence de rapports de consommation (votre «divulgation de fichiers»). Vous devrez fournir une identification appropriée, qui peut inclure votre numéro de sécurité sociale. Dans de nombreux cas, la divulgation sera gratuite. Vous avez droit à une divulgation de fichiers gratuite si:\n                <ol>\n                <li> Une personne a pris des mesures défavorables contre vous en raison des informations dans votre rapport de crédit; </li>\n                <li> Vous êtes victime dun vol didentité et placez une alerte de fraude dans votre dossier; </li>\n                <li> Votre fichier contient des informations inexactes à la suite dune fraude; </li>\n                <li> Vous êtes sous aide publique; </li>\n                <li> Vous êtes au chômage, mais vous attendez à demander un emploi dans les 60 jours. </li>\n                </ol>\n                En outre, tous les consommateurs ont droit à une divulgation gratuite tous les 12 mois après la demande de chaque bureau de crédit national et des agences de rapports de consommateurs spécialisées à léchelle nationale. Voir www.consumerfinance.gov/Learnmore pour plus dinformations. </li>\n                <li> Vous avez le droit de demander une cote de crédit. Les cotes de crédit sont des résumés numériques de votre solvabilité sur la base des informations des bureaux de crédit. You may request a credit score from consumer reporting agencies that create scores or distribute scores used in residential real property loans, but you will have to pay for it. In some mortgage transactions, you will receive credit score information for free from the mortgage lender.</li>\n                <li>You have the right to dispute incomplete or inaccurate information. If you identify information in your file that is incomplete or inaccurate, and report it to the consumer reporting agency, the agency must investigate unless your dispute is frivolous. See www.consumerfinance.gov/learnmore for an explanation of dispute procedures.</li>\n                <li>Consumer reporting agencies must correct or delete inaccurate, incomplete, or unverifiable information. Inaccurate, incomplete or unverifiable information must be removed or corrected, usually within 30 days. However, a consumer reporting agency may continue to report information it has verified as accurate.</li>\n                <li>Consumer reporting agencies may not report outdated negative information. In most cases, a consumer reporting agency may not report negative information that is more than seven years old, or bankruptcies that are more than 10 years old.</li>\n                <li>Access to your file is limited. A consumer reporting agency may provide information about you only to people with a valid need – usually to consider an application with a creditor, insurer, employer, landlord, or other business. The FCRA specifies those with a valid need for access.</li>\n                <li>You must give your consent for reports to be provided to employers. A consumer reporting agency may not give out information about you to your employer, or a potential employer, without your written consent given to the employer. Written consent generally is not required in the trucking industry. For more information, go to www.consumerfinance.gov/learnmore</li>\n                <li>You may limit “prescreened” offers of credit and insurance you get based on information in your credit report. Unsolicited “prescreened” offers for credit and insurance must include a toll-free phone number you can call if you choose to remove your name and address from the lists these offers are based on. You may opt-out with the nationwide credit bureaus at 1-888-567-8688.</li>\n                <li>You may seek damages from violators. If a consumer reporting agency, or, in some cases, a user of consumer reports or a furnisher of information to a consumer reporting agency violates the FCRA, you may be able to sue in state or federal court.</li>\n                <li>Identity theft victims and active duty military personnel have additional rights. For more information, visit www.consumerfinance.gov/learnmore.</li>\n                </ul>\n\n                <p>States may enforce the FCRA, and many states have their own consumer reporting laws. In some cases, you may have more rights under state law. For more information, contact your state or local consumer protection agency or your state Attorney General. For information about your federal rights, contact:</p>\n\n                <p> </p>\n\n                <table>\n                <thead>\n                <tr>\n                <th>\n                <p>Type of business</p>\n                </th>\n                <th>\n                <p>Contact</p>\n                </th>\n                </tr>\n                </thead>\n                <tbody>\n                <tr>\n                <td>1.a. Banks, savings associations, and credit unions with total assets of over $10 billion and their affiliates.</td>\n                <td>a. Consumer Financial Protection Bureau 1700 G Street NW, Washington, DC 20552</td>\n                </tr>\n                <tr>\n                <td>1.b. Such affiliates that are not banks, savings associations, or credit unions also should list, in addition to the CFPB:</td>\n                <td>b. Federal Trade Commission: Consumer Response Center – FCRA Washington, DC 20580 877-382-4357</td>\n                </tr>\n                </tbody>\n                <tbody>\n                <tr>\n                <td colspan=\"2\">\n                <p>To the extent not included in item 1 above</p>\n                </td>\n                </tr>\n                </tbody>\n                <tbody>\n                <tr>\n                <td>2.a. National banks, federal savings associations, and federal branches and federal agencies of foreign banks</td>\n                <td>a. Office of the Comptroller of the Currency Customer Assistance Group 1301 McKinney Street Suite 3450, Houston, TX 77010-9050</td>\n                </tr>\n                <tr>\n                <td>2.b. State member banks, branches and agencies of foreign banks (other than federal branches, federal agencies, and Insured State Branches of Foreign Banks), commercial lending companies owned or controlled by foreign banks, and organizations operating under section 25 or 25A of the Federal Reserve Act</td>\n                <td>b. Federal Reserve Consumer Help Center P.O. Box 1200 Minneapolis, MN 55480</td>\n                </tr>\n                <tr>\n                <td>2.c. Nonmember Insured Banks, Insured State Branches of Foreign Banks, and insured state savings associations</td>\n                <td>c. FDIC Consumer Response Center 1100 Walnut Street Box #11, Kansas City, MO 64106</td>\n                </tr>\n                <tr>\n                <td>2.d. Federal Credit Unions</td>\n                <td>d. National Credit Union Administration Office of Consumer Protection (OCP), Division of Consumer Compliance and Outreach (DCCO) 1775 Duke Street, Alexandria, VA 22314</td>\n                </tr>\n                </tbody>\n                <tbody>\n                <tr>\n                <td>3. Air carriers</td>\n                <td>Asst. General Counsel for Aviation Enforcement & Proceedings Aviation Consumer Protection Division Department of Transportation 1200 New Jersey Avenue SE, Washington, DC 20590</td>\n                </tr>\n                </tbody>\n                <tbody>\n                <tr>\n                <td>4. Creditors Subject to Surface Transportation Board</td>\n                <td>Office of Proceedings, Surface Transportation Board, Department of Transportation 395 E Street SW, Washington, DC 20423</td>\n                </tr>\n                </tbody>\n                <tbody>\n                <tr>\n                <td>5. Creditors Subject to Packers and Stockyards Act, 1921</td>\n                <td>Nearest Packers and Stockyards Administration area supervisor</td>\n                </tr>\n                </tbody>\n                <tbody>\n                <tr>\n                <td>6. Small Business Investment Companies</td>\n                <td>Associate Deputy Administrator for Capital Access, United States Small Business Administration 409 Third Street SW 8th Floor, Washington, DC 20416</td>\n                </tr>\n                </tbody>\n                <tbody>\n                <tr>\n                <td>7. Brokers and Dealers</td>\n                <td>Securities and Exchange Commission 100 F St NE, Washington, DC 20549</td>\n                </tr>\n                </tbody>\n                <tbody>\n                <tr>\n                <td>8. Federal Land Banks, Federal Land Bank Associations, Federal Intermediate Credit Banks, and Production Credit Associations</td>\n                <td>Farm Credit Administration, 1501 Farm Credit Drive, McLean, VA 22102-5090</td>\n                </tr>\n                </tbody>\n                <tbody>\n                <tr>\n                <td>9. Retailers, Finance Companies, and All Other Creditors Not Listed Above</td>\n                <td>FTC Regional Office for region in which the creditor operates or Federal Trade Commission: Consumer Response Center – FCRA Washington, DC 20580 877-382-4357</td>\n                </tr>\n                </tbody>\n                </table>', 'fr', 'French', 'ltr', NULL, NULL);
