-- Table structure for table `referrals`
--

CREATE TABLE `referrals` (
  `id` bigint UNSIGNED NOT NULL,
  `referrer_id` int UNSIGNED NOT NULL,
  `referred_user_id` int UNSIGNED NOT NULL,
  `referral_type` varchar(191) CHARACTER SET utf8mb4 COLLATE utf8mb4_unicode_ci DEFAULT NULL,
  `referrer_amount` decimal(12,2) NOT NULL DEFAULT '0.00',
  `new_amount` decimal(12,2) NOT NULL DEFAULT '0.00',
  `status` enum('pending','credited','cancelled') CHARACTER SET utf8mb4 COLLATE utf8mb4_unicode_ci NOT NULL DEFAULT 'pending',
  `meta` json DEFAULT NULL,
  `created_at` timestamp NULL DEFAULT NULL,
  `updated_at` timestamp NULL DEFAULT NULL
) ENGINE=InnoDB DEFAULT CHARSET=utf8mb4 COLLATE=utf8mb4_unicode_ci;

-- --------------------------------------------------------

--
-- Table structure for table `referral_conditions`
--

CREATE TABLE `referral_conditions` (
  `id` int UNSIGNED NOT NULL,
  `referral_type` varchar(191) CHARACTER SET utf8mb4 COLLATE utf8mb4_unicode_ci NOT NULL,
  `label_referral` text CHARACTER SET utf8mb4 COLLATE utf8mb4_unicode_ci,
  `description` longtext CHARACTER SET utf8mb4 COLLATE utf8mb4_unicode_ci,
  `translation_dataset` text CHARACTER SET utf8mb4 COLLATE utf8mb4_unicode_ci,
  `created_at` timestamp NULL DEFAULT NULL,
  `updated_at` timestamp NULL DEFAULT NULL
) ENGINE=InnoDB DEFAULT CHARSET=utf8mb4 COLLATE=utf8mb4_unicode_ci;

--
-- Dumping data for table `referral_conditions`
--

INSERT INTO `referral_conditions` (`id`, `referral_type`, `label_referral`, `description`, `translation_dataset`, `created_at`, `updated_at`) VALUES
(1, 'instant_referrer_user', 'user', '\n            <ul>\n                <li>\n                    <strong>Share your code</strong>\n                    <ul>\n                        <li>The referrer user will get {referred_user_amount} instantly as a reward after a new user or driver signs up.</li>\n                    </ul>\n                </li>\n\n                <li>\n                    <strong>Ask friend to download the app</strong>\n                    <ul>\n                        <li>Ask your friends to download the redBus app.</li>\n                    </ul>\n                </li>\n\n                <li>\n                    <strong>Get rewarded</strong>\n                    <ul>\n                        <li>Earn cash back when your friends register and travel with redBus.</li>\n                    </ul>\n                </li>\n            </ul>', '{\"en\":{\"locale\":\"en\",\"description\":\"\\n            <ul>\\n                <li>\\n                    <strong>Share your code<\\/strong>\\n                    <ul>\\n                        <li>The referrer user will get {referred_user_amount} instantly as a reward after a new user or driver signs up.<\\/li>\\n                    <\\/ul>\\n                <\\/li>\\n\\n                <li>\\n                    <strong>Ask friend to download the app<\\/strong>\\n                    <ul>\\n                        <li>Ask your friends to download the redBus app.<\\/li>\\n                    <\\/ul>\\n                <\\/li>\\n\\n                <li>\\n                    <strong>Get rewarded<\\/strong>\\n                    <ul>\\n                        <li>Earn cash back when your friends register and travel with redBus.<\\/li>\\n                    <\\/ul>\\n                <\\/li>\\n            <\\/ul>\"}}', '2026-01-26 08:21:15', '2026-01-26 08:21:15'),
(2, 'instant_referrer_user_and_new_user', 'user', '<ul>\n                <li>\n                    <strong>Share your code</strong>\n                    <ul>\n                        <li>The referrer user receives {referred_user_amount} as a reward for referring a new driver or user, the new user receives {new_user_amount} and new driver gets {new_driver_amount} as a reward immediately after signing up.</li>\n                    </ul>\n                </li>\n\n                <li>\n                    <strong>Ask friend to download the app</strong>\n                    <ul>\n                        <li>Ask your friends to download the redBus app.</li>\n                    </ul>\n                </li>\n\n                <li>\n                    <strong>Get rewarded</strong>\n                    <ul>\n                        <li>Earn cash back when your friends register and travel with redBus.</li>\n                    </ul>\n                </li>\n            </ul>', '{\"en\":{\"locale\":\"en\",\"description\":\"<ul>\\n                <li>\\n                    <strong>Share your code<\\/strong>\\n                    <ul>\\n                        <li>The referrer user receives {referred_user_amount} as a reward for referring a new driver or user, the new user receives {new_user_amount} and new driver gets {new_driver_amount} as a reward immediately after signing up.<\\/li>\\n                    <\\/ul>\\n                <\\/li>\\n\\n                <li>\\n                    <strong>Ask friend to download the app<\\/strong>\\n                    <ul>\\n                        <li>Ask your friends to download the redBus app.<\\/li>\\n                    <\\/ul>\\n                <\\/li>\\n\\n                <li>\\n                    <strong>Get rewarded<\\/strong>\\n                    <ul>\\n                        <li>Earn cash back when your friends register and travel with redBus.<\\/li>\\n                    <\\/ul>\\n                <\\/li>\\n            <\\/ul>\"}}', '2026-01-26 08:21:15', '2026-01-26 08:21:15'),
(3, 'conditional_for_referrer_user_ride_count', 'user', '<ul>\n                <li>\n                    <strong>Share your code</strong>\n                    <ul>\n                        <li>The referrer user get {referred_user_amount} when your referred user completes {user_ride_count} rides and the driver finishes {driver_ride_count} rides.</li>\n                    </ul>\n                </li>\n\n                <li>\n                    <strong>Ask friend to download the app</strong>\n                    <ul>\n                        <li>Ask your friends to download the redBus app.</li>\n                    </ul>\n                </li>\n\n                <li>\n                    <strong>Get rewarded</strong>\n                    <ul>\n                        <li>Earn cash back when your friends register and travel with redBus.</li>\n                    </ul>\n                </li>\n            </ul>', '{\"en\":{\"locale\":\"en\",\"description\":\"<ul>\\n                <li>\\n                    <strong>Share your code<\\/strong>\\n                    <ul>\\n                        <li>The referrer user get {referred_user_amount} when your referred user completes {user_ride_count} rides and the driver finishes {driver_ride_count} rides.<\\/li>\\n                    <\\/ul>\\n                <\\/li>\\n\\n                <li>\\n                    <strong>Ask friend to download the app<\\/strong>\\n                    <ul>\\n                        <li>Ask your friends to download the redBus app.<\\/li>\\n                    <\\/ul>\\n                <\\/li>\\n\\n                <li>\\n                    <strong>Get rewarded<\\/strong>\\n                    <ul>\\n                        <li>Earn cash back when your friends register and travel with redBus.<\\/li>\\n                    <\\/ul>\\n                <\\/li>\\n            <\\/ul>\"}}', '2026-01-26 08:21:15', '2026-01-26 08:21:15'),
(4, 'conditional_for_referrer_user_earnings', 'user', '\n            <ul>\n                <li>\n                    <strong>Share your code</strong>\n                    <ul>\n                      <li>The referrer user receives {referred_user_amount} when the user meets the spending requirement of {user_spent_amount} and the driver meets the earning requirement of {driver_earning_amount}.</li>\n                    </ul>\n                </li>\n\n                <li>\n                    <strong>Ask friend to download the app</strong>\n                    <ul>\n                        <li>Ask your friends to download the redBus app.</li>\n                    </ul>\n                </li>\n\n                <li>\n                    <strong>Get rewarded</strong>\n                    <ul>\n                        <li>Earn cash back when your friends register and travel with redBus.</li>\n                    </ul>\n                </li>\n            </ul>', '{\"en\":{\"locale\":\"en\",\"description\":\"\\n            <ul>\\n                <li>\\n                    <strong>Share your code<\\/strong>\\n                    <ul>\\n                      <li>The referrer user receives {referred_user_amount} when the user meets the spending requirement of {user_spent_amount} and the driver meets the earning requirement of {driver_earning_amount}.<\\/li>\\n                    <\\/ul>\\n                <\\/li>\\n\\n                <li>\\n                    <strong>Ask friend to download the app<\\/strong>\\n                    <ul>\\n                        <li>Ask your friends to download the redBus app.<\\/li>\\n                    <\\/ul>\\n                <\\/li>\\n\\n                <li>\\n                    <strong>Get rewarded<\\/strong>\\n                    <ul>\\n                        <li>Earn cash back when your friends register and travel with redBus.<\\/li>\\n                    <\\/ul>\\n                <\\/li>\\n            <\\/ul>\"}}', '2026-01-26 08:21:15', '2026-01-26 08:21:15'),
(5, 'dual_conditional_for_referrer_user_and_new_user_ride_count', 'user', '<ul>\n                <li>\n                    <strong>Share your code</strong>\n                    <ul>\n                        <li>The referrer user gets {referred_user_amount} when the referred user completes {user_ride_count} rides and the referred driver finishes {driver_ride_count} rides. The new user earns {new_user_amount}, and the new driver earns {new_driver_amount}.</li>\n                    </ul>\n                </li>\n\n                <li>\n                    <strong>Ask friend to download the app</strong>\n                    <ul>\n                        <li>Ask your friends to download the redBus app.</li>\n                    </ul>\n                </li>\n\n                <li>\n                    <strong>Get rewarded</strong>\n                    <ul>\n                        <li>Earn cash back when your friends register and travel with redBus.</li>\n                    </ul>\n                </li>\n            </ul>', '{\"en\":{\"locale\":\"en\",\"description\":\"<ul>\\n                <li>\\n                    <strong>Share your code<\\/strong>\\n                    <ul>\\n                        <li>The referrer user gets {referred_user_amount} when the referred user completes {user_ride_count} rides and the referred driver finishes {driver_ride_count} rides. The new user earns {new_user_amount}, and the new driver earns {new_driver_amount}.<\\/li>\\n                    <\\/ul>\\n                <\\/li>\\n\\n                <li>\\n                    <strong>Ask friend to download the app<\\/strong>\\n                    <ul>\\n                        <li>Ask your friends to download the redBus app.<\\/li>\\n                    <\\/ul>\\n                <\\/li>\\n\\n                <li>\\n                    <strong>Get rewarded<\\/strong>\\n                    <ul>\\n                        <li>Earn cash back when your friends register and travel with redBus.<\\/li>\\n                    <\\/ul>\\n                <\\/li>\\n            <\\/ul>\"}}', '2026-01-26 08:21:15', '2026-01-26 08:21:15'),
(6, 'dual_conditional_for_referrer_user_and_new_user_earnings', 'user', '<ul>\n                <li>\n                    <strong>Share your code</strong>\n                    <ul>\n                        <li>The referrer user gets {referred_user_amount} when the referred user meets the spending requirement of {user_spent_amount} and the driver meets the earning requirement of {driver_earning_amount}. The new user earns {new_user_amount}, and the new driver earns {new_driver_amount}.</li>\n                    </ul>\n                </li>\n\n                <li>\n                    <strong>Ask friend to download the app</strong>\n                    <ul>\n                        <li>Ask your friends to download the redBus app.</li>\n                    </ul>\n                </li>\n\n                <li>\n                    <strong>Get rewarded</strong>\n                    <ul>\n                        <li>Earn cash back when your friends register and travel with redBus.</li>\n                    </ul>\n                </li>\n            </ul>', '{\"en\":{\"locale\":\"en\",\"description\":\"<ul>\\n                <li>\\n                    <strong>Share your code<\\/strong>\\n                    <ul>\\n                        <li>The referrer user gets {referred_user_amount} when the referred user meets the spending requirement of {user_spent_amount} and the driver meets the earning requirement of {driver_earning_amount}. The new user earns {new_user_amount}, and the new driver earns {new_driver_amount}.<\\/li>\\n                    <\\/ul>\\n                <\\/li>\\n\\n                <li>\\n                    <strong>Ask friend to download the app<\\/strong>\\n                    <ul>\\n                        <li>Ask your friends to download the redBus app.<\\/li>\\n                    <\\/ul>\\n                <\\/li>\\n\\n                <li>\\n                    <strong>Get rewarded<\\/strong>\\n                    <ul>\\n                        <li>Earn cash back when your friends register and travel with redBus.<\\/li>\\n                    <\\/ul>\\n                <\\/li>\\n            <\\/ul>\"}}', '2026-01-26 08:21:15', '2026-01-26 08:21:15'),
(7, 'user_banner_text', 'user', 'Refer and Earn', '{\"en\":{\"locale\":\"en\",\"description\":\"Refer and Earn\"}}', '2026-01-26 08:21:15', '2026-01-26 08:21:15'),
(8, 'instant_referrer_driver', 'driver', '<ul>\n                <li>\n                    <strong>Share your code</strong>\n                    <ul>\n                        <li>The referrer driver will get {referred_driver_amount} instantly as a reward after a new driver or user signs up.</li>\n                    </ul>\n                </li>\n\n                <li>\n                    <strong>Ask friend to download the app</strong>\n                    <ul>\n                        <li>Ask your friends to download the redBus app.</li>\n                    </ul>\n                </li>\n\n                <li>\n                    <strong>Get rewarded</strong>\n                    <ul>\n                        <li>Earn cash back when your friends register and travel with redBus.</li>\n                    </ul>\n                </li>\n            </ul>', '{\"en\":{\"locale\":\"en\",\"description\":\"<ul>\\n                <li>\\n                    <strong>Share your code<\\/strong>\\n                    <ul>\\n                        <li>The referrer driver will get {referred_driver_amount} instantly as a reward after a new driver or user signs up.<\\/li>\\n                    <\\/ul>\\n                <\\/li>\\n\\n                <li>\\n                    <strong>Ask friend to download the app<\\/strong>\\n                    <ul>\\n                        <li>Ask your friends to download the redBus app.<\\/li>\\n                    <\\/ul>\\n                <\\/li>\\n\\n                <li>\\n                    <strong>Get rewarded<\\/strong>\\n                    <ul>\\n                        <li>Earn cash back when your friends register and travel with redBus.<\\/li>\\n                    <\\/ul>\\n                <\\/li>\\n            <\\/ul>\"}}', '2026-01-26 08:21:15', '2026-01-26 08:21:15'),
(9, 'instant_referrer_driver_and_new_driver', 'driver', '<ul>\n                <li>\n                    <strong>Share your code</strong>\n                    <ul>\n                        <li>The referrer driver receives {referred_driver_amount} as a reward for referring a new driver and user. The new driver gets {new_driver_amount} and the new user receives {new_user_amount} as a reward immediately after signing up.</li>\n                    </ul>\n                </li>\n\n                <li>\n                    <strong>Ask friend to download the app</strong>\n                    <ul>\n                        <li>Ask your friends to download the redBus app.</li>\n                    </ul>\n                </li>\n\n                <li>\n                    <strong>Get rewarded</strong>\n                    <ul>\n                        <li>Earn cash back when your friends register and travel with redBus.</li>\n                    </ul>\n                </li>\n            </ul>', '{\"en\":{\"locale\":\"en\",\"description\":\"<ul>\\n                <li>\\n                    <strong>Share your code<\\/strong>\\n                    <ul>\\n                        <li>The referrer driver receives {referred_driver_amount} as a reward for referring a new driver and user. The new driver gets {new_driver_amount} and the new user receives {new_user_amount} as a reward immediately after signing up.<\\/li>\\n                    <\\/ul>\\n                <\\/li>\\n\\n                <li>\\n                    <strong>Ask friend to download the app<\\/strong>\\n                    <ul>\\n                        <li>Ask your friends to download the redBus app.<\\/li>\\n                    <\\/ul>\\n                <\\/li>\\n\\n                <li>\\n                    <strong>Get rewarded<\\/strong>\\n                    <ul>\\n                        <li>Earn cash back when your friends register and travel with redBus.<\\/li>\\n                    <\\/ul>\\n                <\\/li>\\n            <\\/ul>\"}}', '2026-01-26 08:21:15', '2026-01-26 08:21:15'),
(10, 'conditional_for_referrer_driver_ride_count', 'driver', '\n            <ul>\n                <li>\n                    <strong>Share your code</strong>\n                    <ul>\n                        <li>The referrer driver get {referred_driver_amount} when your referred user completes {user_ride_count} rides and the driver finishes {driver_ride_count} rides.</li>\n                    </ul>\n                </li>\n\n                <li>\n                    <strong>Ask friend to download the app</strong>\n                    <ul>\n                        <li>Ask your friends to download the redBus app.</li>\n                    </ul>\n                </li>\n\n                <li>\n                    <strong>Get rewarded</strong>\n                    <ul>\n                        <li>Earn cash back when your friends register and travel with redBus.</li>\n                    </ul>\n                </li>\n            </ul>', '{\"en\":{\"locale\":\"en\",\"description\":\"\\n            <ul>\\n                <li>\\n                    <strong>Share your code<\\/strong>\\n                    <ul>\\n                        <li>The referrer driver get {referred_driver_amount} when your referred user completes {user_ride_count} rides and the driver finishes {driver_ride_count} rides.<\\/li>\\n                    <\\/ul>\\n                <\\/li>\\n\\n                <li>\\n                    <strong>Ask friend to download the app<\\/strong>\\n                    <ul>\\n                        <li>Ask your friends to download the redBus app.<\\/li>\\n                    <\\/ul>\\n                <\\/li>\\n\\n                <li>\\n                    <strong>Get rewarded<\\/strong>\\n                    <ul>\\n                        <li>Earn cash back when your friends register and travel with redBus.<\\/li>\\n                    <\\/ul>\\n                <\\/li>\\n            <\\/ul>\"}}', '2026-01-26 08:21:15', '2026-01-26 08:21:15'),
(11, 'conditional_for_referrer_driver_earnings', 'driver', '\n               <ul>\n                <li>\n                    <strong>Share your code</strong>\n                    <ul>\n                        <li>The referrer driver receives {referred_driver_amount} when the user meets the spending requirement of {user_spent_amount} and the driver meets the earning requirement of {driver_earning_amount}.</li>\n                    </ul>\n                </li>\n\n                <li>\n                    <strong>Ask friend to download the app</strong>\n                    <ul>\n                        <li>Ask your friends to download the redBus app.</li>\n                    </ul>\n                </li>\n\n                <li>\n                    <strong>Get rewarded</strong>\n                    <ul>\n                        <li>Earn cash back when your friends register and travel with redBus.</li>\n                    </ul>\n                </li>\n            </ul>', '{\"en\":{\"locale\":\"en\",\"description\":\"\\n               <ul>\\n                <li>\\n                    <strong>Share your code<\\/strong>\\n                    <ul>\\n                        <li>The referrer driver receives {referred_driver_amount} when the user meets the spending requirement of {user_spent_amount} and the driver meets the earning requirement of {driver_earning_amount}.<\\/li>\\n                    <\\/ul>\\n                <\\/li>\\n\\n                <li>\\n                    <strong>Ask friend to download the app<\\/strong>\\n                    <ul>\\n                        <li>Ask your friends to download the redBus app.<\\/li>\\n                    <\\/ul>\\n                <\\/li>\\n\\n                <li>\\n                    <strong>Get rewarded<\\/strong>\\n                    <ul>\\n                        <li>Earn cash back when your friends register and travel with redBus.<\\/li>\\n                    <\\/ul>\\n                <\\/li>\\n            <\\/ul>\"}}', '2026-01-26 08:21:15', '2026-01-26 08:21:15'),
(12, 'dual_conditional_for_referrer_driver_and_new_driver_or_new_user_ride_count', 'driver', '\n            <ul>\n                <li>\n                    <strong>Share your code</strong>\n                    <ul>\n                        <li>The referrer driver gets {referred_driver_amount} when the referred user completes {user_ride_count} rides and the referred driver finishes {driver_ride_count} rides. The new driver earns {new_driver_amount}, and the new user earns {new_user_amount}.</li>\n                    </ul>\n                </li>\n\n                <li>\n                    <strong>Ask friend to download the app</strong>\n                    <ul>\n                        <li>Ask your friends to download the redBus app.</li>\n                    </ul>\n                </li>\n\n                <li>\n                    <strong>Get rewarded</strong>\n                    <ul>\n                        <li>Earn cash back when your friends register and travel with redBus.</li>\n                    </ul>\n                </li>\n            </ul>', '{\"en\":{\"locale\":\"en\",\"description\":\"\\n            <ul>\\n                <li>\\n                    <strong>Share your code<\\/strong>\\n                    <ul>\\n                        <li>The referrer driver gets {referred_driver_amount} when the referred user completes {user_ride_count} rides and the referred driver finishes {driver_ride_count} rides. The new driver earns {new_driver_amount}, and the new user earns {new_user_amount}.<\\/li>\\n                    <\\/ul>\\n                <\\/li>\\n\\n                <li>\\n                    <strong>Ask friend to download the app<\\/strong>\\n                    <ul>\\n                        <li>Ask your friends to download the redBus app.<\\/li>\\n                    <\\/ul>\\n                <\\/li>\\n\\n                <li>\\n                    <strong>Get rewarded<\\/strong>\\n                    <ul>\\n                        <li>Earn cash back when your friends register and travel with redBus.<\\/li>\\n                    <\\/ul>\\n                <\\/li>\\n            <\\/ul>\"}}', '2026-01-26 08:21:15', '2026-01-26 08:21:15'),
(13, 'dual_conditional_for_referrer_driver_and_new_driver_or_new_user_earnings', 'driver', '\n            <ul>\n                <li>\n                    <strong>Share your code</strong>\n                    <ul>\n                        <li>The referrer driver gets {referred_driver_amount} when the referred user meets the spending requirement of {user_spent_amount} and the driver meets the earning requirement of {driver_earning_amount}. The new driver earns {new_driver_amount}, and the new user earns {new_user_amount}.</li>\n                    </ul>\n                </li>\n\n                <li>\n                    <strong>Ask friend to download the app</strong>\n                    <ul>\n                        <li>Ask your friends to download the redBus app.</li>\n                    </ul>\n                </li>\n\n                <li>\n                    <strong>Get rewarded</strong>\n                    <ul>\n                        <li>Earn cash back when your friends register and travel with redBus.</li>\n                    </ul>\n                </li>\n            </ul>\n            ', '{\"en\":{\"locale\":\"en\",\"description\":\"\\n            <ul>\\n                <li>\\n                    <strong>Share your code<\\/strong>\\n                    <ul>\\n                        <li>The referrer driver gets {referred_driver_amount} when the referred user meets the spending requirement of {user_spent_amount} and the driver meets the earning requirement of {driver_earning_amount}. The new driver earns {new_driver_amount}, and the new user earns {new_user_amount}.<\\/li>\\n                    <\\/ul>\\n                <\\/li>\\n\\n                <li>\\n                    <strong>Ask friend to download the app<\\/strong>\\n                    <ul>\\n                        <li>Ask your friends to download the redBus app.<\\/li>\\n                    <\\/ul>\\n                <\\/li>\\n\\n                <li>\\n                    <strong>Get rewarded<\\/strong>\\n                    <ul>\\n                        <li>Earn cash back when your friends register and travel with redBus.<\\/li>\\n                    <\\/ul>\\n                <\\/li>\\n            <\\/ul>\\n            \"}}', '2026-01-26 08:21:15', '2026-01-26 08:21:15'),
(14, 'driver_banner_text', 'driver', 'Refer and Earn', '{\"en\":{\"locale\":\"en\",\"description\":\"Refer and Earn\"}}', '2026-01-26 08:21:15', '2026-01-26 08:21:15');

-- --------------------------------------------------------

--
-- Table structure for table `referral_condition_translations`
--

CREATE TABLE `referral_condition_translations` (
  `id` int UNSIGNED NOT NULL,
  `referral_id` int UNSIGNED NOT NULL,
  `description` longtext CHARACTER SET utf8mb4 COLLATE utf8mb4_unicode_ci NOT NULL,
  `locale` varchar(191) CHARACTER SET utf8mb4 COLLATE utf8mb4_unicode_ci NOT NULL,
  `created_at` timestamp NULL DEFAULT NULL,
  `updated_at` timestamp NULL DEFAULT NULL
) ENGINE=InnoDB DEFAULT CHARSET=utf8mb4 COLLATE=utf8mb4_unicode_ci;

--
-- Dumping data for table `referral_condition_translations`
--

INSERT INTO `referral_condition_translations` (`id`, `referral_id`, `description`, `locale`, `created_at`, `updated_at`) VALUES
(1, 1, '\n            <ul>\n                <li>\n                    <strong>Share your code</strong>\n                    <ul>\n                        <li>The referrer user will get {referred_user_amount} instantly as a reward after a new user or driver signs up.</li>\n                    </ul>\n                </li>\n\n                <li>\n                    <strong>Ask friend to download the app</strong>\n                    <ul>\n                        <li>Ask your friends to download the redBus app.</li>\n                    </ul>\n                </li>\n\n                <li>\n                    <strong>Get rewarded</strong>\n                    <ul>\n                        <li>Earn cash back when your friends register and travel with redBus.</li>\n                    </ul>\n                </li>\n            </ul>', 'en', NULL, NULL),
(2, 2, '<ul>\n                <li>\n                    <strong>Share your code</strong>\n                    <ul>\n                        <li>The referrer user receives {referred_user_amount} as a reward for referring a new driver or user, the new user receives {new_user_amount} and new driver gets {new_driver_amount} as a reward immediately after signing up.</li>\n                    </ul>\n                </li>\n\n                <li>\n                    <strong>Ask friend to download the app</strong>\n                    <ul>\n                        <li>Ask your friends to download the redBus app.</li>\n                    </ul>\n                </li>\n\n                <li>\n                    <strong>Get rewarded</strong>\n                    <ul>\n                        <li>Earn cash back when your friends register and travel with redBus.</li>\n                    </ul>\n                </li>\n            </ul>', 'en', NULL, NULL),
(3, 3, '<ul>\n                <li>\n                    <strong>Share your code</strong>\n                    <ul>\n                        <li>The referrer user get {referred_user_amount} when your referred user completes {user_ride_count} rides and the driver finishes {driver_ride_count} rides.</li>\n                    </ul>\n                </li>\n\n                <li>\n                    <strong>Ask friend to download the app</strong>\n                    <ul>\n                        <li>Ask your friends to download the redBus app.</li>\n                    </ul>\n                </li>\n\n                <li>\n                    <strong>Get rewarded</strong>\n                    <ul>\n                        <li>Earn cash back when your friends register and travel with redBus.</li>\n                    </ul>\n                </li>\n            </ul>', 'en', NULL, NULL),
(4, 4, '\n            <ul>\n                <li>\n                    <strong>Share your code</strong>\n                    <ul>\n                      <li>The referrer user receives {referred_user_amount} when the user meets the spending requirement of {user_spent_amount} and the driver meets the earning requirement of {driver_earning_amount}.</li>\n                    </ul>\n                </li>\n\n                <li>\n                    <strong>Ask friend to download the app</strong>\n                    <ul>\n                        <li>Ask your friends to download the redBus app.</li>\n                    </ul>\n                </li>\n\n                <li>\n                    <strong>Get rewarded</strong>\n                    <ul>\n                        <li>Earn cash back when your friends register and travel with redBus.</li>\n                    </ul>\n                </li>\n            </ul>', 'en', NULL, NULL),
(5, 5, '<ul>\n                <li>\n                    <strong>Share your code</strong>\n                    <ul>\n                        <li>The referrer user gets {referred_user_amount} when the referred user completes {user_ride_count} rides and the referred driver finishes {driver_ride_count} rides. The new user earns {new_user_amount}, and the new driver earns {new_driver_amount}.</li>\n                    </ul>\n                </li>\n\n                <li>\n                    <strong>Ask friend to download the app</strong>\n                    <ul>\n                        <li>Ask your friends to download the redBus app.</li>\n                    </ul>\n                </li>\n\n                <li>\n                    <strong>Get rewarded</strong>\n                    <ul>\n                        <li>Earn cash back when your friends register and travel with redBus.</li>\n                    </ul>\n                </li>\n            </ul>', 'en', NULL, NULL),
(6, 6, '<ul>\n                <li>\n                    <strong>Share your code</strong>\n                    <ul>\n                        <li>The referrer user gets {referred_user_amount} when the referred user meets the spending requirement of {user_spent_amount} and the driver meets the earning requirement of {driver_earning_amount}. The new user earns {new_user_amount}, and the new driver earns {new_driver_amount}.</li>\n                    </ul>\n                </li>\n\n                <li>\n                    <strong>Ask friend to download the app</strong>\n                    <ul>\n                        <li>Ask your friends to download the redBus app.</li>\n                    </ul>\n                </li>\n\n                <li>\n                    <strong>Get rewarded</strong>\n                    <ul>\n                        <li>Earn cash back when your friends register and travel with redBus.</li>\n                    </ul>\n                </li>\n            </ul>', 'en', NULL, NULL),
(7, 7, 'Refer and Earn', 'en', NULL, NULL),
(8, 8, '<ul>\n                <li>\n                    <strong>Share your code</strong>\n                    <ul>\n                        <li>The referrer driver will get {referred_driver_amount} instantly as a reward after a new driver or user signs up.</li>\n                    </ul>\n                </li>\n\n                <li>\n                    <strong>Ask friend to download the app</strong>\n                    <ul>\n                        <li>Ask your friends to download the redBus app.</li>\n                    </ul>\n                </li>\n\n                <li>\n                    <strong>Get rewarded</strong>\n                    <ul>\n                        <li>Earn cash back when your friends register and travel with redBus.</li>\n                    </ul>\n                </li>\n            </ul>', 'en', NULL, NULL),
(9, 9, '<ul>\n                <li>\n                    <strong>Share your code</strong>\n                    <ul>\n                        <li>The referrer driver receives {referred_driver_amount} as a reward for referring a new driver and user. The new driver gets {new_driver_amount} and the new user receives {new_user_amount} as a reward immediately after signing up.</li>\n                    </ul>\n                </li>\n\n                <li>\n                    <strong>Ask friend to download the app</strong>\n                    <ul>\n                        <li>Ask your friends to download the redBus app.</li>\n                    </ul>\n                </li>\n\n                <li>\n                    <strong>Get rewarded</strong>\n                    <ul>\n                        <li>Earn cash back when your friends register and travel with redBus.</li>\n                    </ul>\n                </li>\n            </ul>', 'en', NULL, NULL),
(10, 10, '\n            <ul>\n                <li>\n                    <strong>Share your code</strong>\n                    <ul>\n                        <li>The referrer driver get {referred_driver_amount} when your referred user completes {user_ride_count} rides and the driver finishes {driver_ride_count} rides.</li>\n                    </ul>\n                </li>\n\n                <li>\n                    <strong>Ask friend to download the app</strong>\n                    <ul>\n                        <li>Ask your friends to download the redBus app.</li>\n                    </ul>\n                </li>\n\n                <li>\n                    <strong>Get rewarded</strong>\n                    <ul>\n                        <li>Earn cash back when your friends register and travel with redBus.</li>\n                    </ul>\n                </li>\n            </ul>', 'en', NULL, NULL),
(11, 11, '\n               <ul>\n                <li>\n                    <strong>Share your code</strong>\n                    <ul>\n                        <li>The referrer driver receives {referred_driver_amount} when the user meets the spending requirement of {user_spent_amount} and the driver meets the earning requirement of {driver_earning_amount}.</li>\n                    </ul>\n                </li>\n\n                <li>\n                    <strong>Ask friend to download the app</strong>\n                    <ul>\n                        <li>Ask your friends to download the redBus app.</li>\n                    </ul>\n                </li>\n\n                <li>\n                    <strong>Get rewarded</strong>\n                    <ul>\n                        <li>Earn cash back when your friends register and travel with redBus.</li>\n                    </ul>\n                </li>\n            </ul>', 'en', NULL, NULL),
(12, 12, '\n            <ul>\n                <li>\n                    <strong>Share your code</strong>\n                    <ul>\n                        <li>The referrer driver gets {referred_driver_amount} when the referred user completes {user_ride_count} rides and the referred driver finishes {driver_ride_count} rides. The new driver earns {new_driver_amount}, and the new user earns {new_user_amount}.</li>\n                    </ul>\n                </li>\n\n                <li>\n                    <strong>Ask friend to download the app</strong>\n                    <ul>\n                        <li>Ask your friends to download the redBus app.</li>\n                    </ul>\n                </li>\n\n                <li>\n                    <strong>Get rewarded</strong>\n                    <ul>\n                        <li>Earn cash back when your friends register and travel with redBus.</li>\n                    </ul>\n                </li>\n            </ul>', 'en', NULL, NULL),
(13, 13, '\n            <ul>\n                <li>\n                    <strong>Share your code</strong>\n                    <ul>\n                        <li>The referrer driver gets {referred_driver_amount} when the referred user meets the spending requirement of {user_spent_amount} and the driver meets the earning requirement of {driver_earning_amount}. The new driver earns {new_driver_amount}, and the new user earns {new_user_amount}.</li>\n                    </ul>\n                </li>\n\n                <li>\n                    <strong>Ask friend to download the app</strong>\n                    <ul>\n                        <li>Ask your friends to download the redBus app.</li>\n                    </ul>\n                </li>\n\n                <li>\n                    <strong>Get rewarded</strong>\n                    <ul>\n                        <li>Earn cash back when your friends register and travel with redBus.</li>\n                    </ul>\n                </li>\n            </ul>\n            ', 'en', NULL, NULL),
(14, 14, 'Refer and Earn', 'en', NULL, NULL);

-- --------------------------------------------------------

--
-- Table structure for table `requests`
--

CREATE TABLE `requests` (
  `id` char(36) CHARACTER SET utf8mb4 COLLATE utf8mb4_unicode_ci NOT NULL,
  `company_key` varchar(191) CHARACTER SET utf8mb4 COLLATE utf8mb4_unicode_ci DEFAULT NULL,
  `request_number` varchar(191) CHARACTER SET utf8mb4 COLLATE utf8mb4_unicode_ci NOT NULL,
  `is_later` tinyint(1) NOT NULL DEFAULT '0',
  `poly_line` longtext CHARACTER SET utf8mb4 COLLATE utf8mb4_unicode_ci,
  `on_search` tinyint(1) NOT NULL DEFAULT '1',
  `assign_method` varchar(191) CHARACTER SET utf8mb4 COLLATE utf8mb4_unicode_ci NOT NULL DEFAULT '0',
  `is_rental` tinyint(1) NOT NULL DEFAULT '0',
  `rental_package_id` int UNSIGNED DEFAULT NULL,
  `is_out_station` tinyint(1) NOT NULL DEFAULT '0',
  `ride_otp` int DEFAULT NULL,
  `instant_ride` tinyint(1) NOT NULL DEFAULT '0',
  `book_for_other` tinyint(1) NOT NULL DEFAULT '0',
  `book_for_other_contact` varchar(191) CHARACTER SET utf8mb4 COLLATE utf8mb4_unicode_ci NOT NULL DEFAULT '0',
  `attempt_for_schedule` int NOT NULL DEFAULT '0',
  `user_id` int UNSIGNED DEFAULT NULL,
  `transport_type` enum('taxi','delivery') CHARACTER SET utf8mb4 COLLATE utf8mb4_unicode_ci DEFAULT NULL,
  `is_without_destination` tinyint(1) NOT NULL DEFAULT '0',
  `goods_type_id` int UNSIGNED DEFAULT NULL,
  `goods_type_quantity` varchar(191) CHARACTER SET utf8mb4 COLLATE utf8mb4_unicode_ci DEFAULT NULL,
  `service_location_id` char(36) CHARACTER SET utf8mb4 COLLATE utf8mb4_unicode_ci NOT NULL,
  `zone_type_id` char(36) CHARACTER SET utf8mb4 COLLATE utf8mb4_unicode_ci DEFAULT NULL,
  `driver_id` int UNSIGNED DEFAULT NULL,
  `fleet_id` char(36) CHARACTER SET utf8mb4 COLLATE utf8mb4_unicode_ci DEFAULT NULL,
  `owner_id` char(36) CHARACTER SET utf8mb4 COLLATE utf8mb4_unicode_ci DEFAULT NULL,
  `trip_start_time` timestamp NULL DEFAULT NULL,
  `return_time` timestamp NULL DEFAULT NULL,
  `discounted_total` double(10,2) DEFAULT NULL,
  `is_round_trip` tinyint(1) DEFAULT NULL,
  `arrived_at` timestamp NULL DEFAULT NULL,
  `accepted_at` timestamp NULL DEFAULT NULL,
  `completed_at` timestamp NULL DEFAULT NULL,
  `cancelled_at` timestamp NULL DEFAULT NULL,
  `is_driver_started` tinyint(1) NOT NULL DEFAULT '0',
  `is_driver_arrived` tinyint(1) NOT NULL DEFAULT '0',
  `is_trip_start` tinyint(1) NOT NULL DEFAULT '0',
  `is_completed` tinyint(1) NOT NULL DEFAULT '0',
  `is_airport` tinyint(1) NOT NULL DEFAULT '0',
  `is_parcel` tinyint(1) NOT NULL DEFAULT '0',
  `parcel_type` varchar(191) CHARACTER SET utf8mb4 COLLATE utf8mb4_unicode_ci DEFAULT NULL,
  `paid_at` varchar(191) CHARACTER SET utf8mb4 COLLATE utf8mb4_unicode_ci DEFAULT NULL,
  `is_cancelled` tinyint(1) NOT NULL DEFAULT '0',
  `is_pet_available` tinyint(1) DEFAULT '0',
  `is_luggage_available` tinyint(1) DEFAULT '0',
  `reason` char(36) CHARACTER SET utf8mb4 COLLATE utf8mb4_unicode_ci DEFAULT NULL,
  `custom_reason` varchar(191) CHARACTER SET utf8mb4 COLLATE utf8mb4_unicode_ci DEFAULT NULL,
  `cancel_method` enum('0','1','2','3') CHARACTER SET utf8mb4 COLLATE utf8mb4_unicode_ci NOT NULL COMMENT '0 => Automatic,1 => User,2 => Driver,3=> Dispatcher',
  `total_distance` double(15,2) NOT NULL DEFAULT '0.00',
  `total_time` double(15,2) NOT NULL DEFAULT '0.00',
  `is_surge_applied` tinyint(1) NOT NULL DEFAULT '0',
  `payment_opt` varchar(191) CHARACTER SET utf8mb4 COLLATE utf8mb4_unicode_ci NOT NULL COMMENT '0 => card,1 => cash,2 => wallet,3=>wallet/cash',
  `payment_intent_id` varchar(191) CHARACTER SET utf8mb4 COLLATE utf8mb4_unicode_ci DEFAULT NULL,
  `card_token` varchar(191) CHARACTER SET utf8mb4 COLLATE utf8mb4_unicode_ci DEFAULT NULL,
  `is_paid` tinyint(1) NOT NULL DEFAULT '0',
  `request_eta_amount` double(15,2) NOT NULL DEFAULT '0.00',
  `offerred_ride_fare` double(15,2) NOT NULL DEFAULT '0.00',
  `is_bid_ride` tinyint(1) NOT NULL DEFAULT '0',
  `shared_ride` tinyint(1) NOT NULL DEFAULT '0',
  `seats_taken` int NOT NULL DEFAULT '0',
  `is_trip_meter` tinyint(1) NOT NULL DEFAULT '0',
  `accepted_ride_fare` double(15,2) NOT NULL DEFAULT '0.00',
  `user_rated` tinyint(1) NOT NULL DEFAULT '0',
  `driver_rated` tinyint(1) NOT NULL DEFAULT '0',
  `promo_id` char(36) CHARACTER SET utf8mb4 COLLATE utf8mb4_unicode_ci DEFAULT NULL,
  `timezone` varchar(191) CHARACTER SET utf8mb4 COLLATE utf8mb4_unicode_ci DEFAULT NULL,
  `requested_currency_code` varchar(191) CHARACTER SET utf8mb4 COLLATE utf8mb4_unicode_ci DEFAULT NULL,
  `requested_currency_symbol` varchar(191) CHARACTER SET utf8mb4 COLLATE utf8mb4_unicode_ci DEFAULT NULL,
  `additional_charges_reason` varchar(191) CHARACTER SET utf8mb4 COLLATE utf8mb4_unicode_ci DEFAULT NULL,
  `additional_charges_amount` double(10,2) NOT NULL DEFAULT '0.00',
  `unit` enum('1','2') CHARACTER SET utf8mb4 COLLATE utf8mb4_unicode_ci NOT NULL COMMENT '1 => kilometers,2 => miles',
  `if_dispatch` tinyint(1) NOT NULL DEFAULT '0',
  `dispatcher_id` char(36) CHARACTER SET utf8mb4 COLLATE utf8mb4_unicode_ci DEFAULT NULL,
  `booked_by` int UNSIGNED DEFAULT NULL,
  `web_booking` tinyint DEFAULT '0',
  `created_at` timestamp NULL DEFAULT NULL,
  `updated_at` timestamp NULL DEFAULT NULL,
  `deleted_at` timestamp NULL DEFAULT NULL
) ENGINE=InnoDB DEFAULT CHARSET=utf8mb4 COLLATE=utf8mb4_unicode_ci;

--
-- Dumping data for table `requests`
--

INSERT INTO `requests` (`id`, `company_key`, `request_number`, `is_later`, `poly_line`, `on_search`, `assign_method`, `is_rental`, `rental_package_id`, `is_out_station`, `ride_otp`, `instant_ride`, `book_for_other`, `book_for_other_contact`, `attempt_for_schedule`, `user_id`, `transport_type`, `is_without_destination`, `goods_type_id`, `goods_type_quantity`, `service_location_id`, `zone_type_id`, `driver_id`, `fleet_id`, `owner_id`, `trip_start_time`, `return_time`, `discounted_total`, `is_round_trip`, `arrived_at`, `accepted_at`, `completed_at`, `cancelled_at`, `is_driver_started`, `is_driver_arrived`, `is_trip_start`, `is_completed`, `is_airport`, `is_parcel`, `parcel_type`, `paid_at`, `is_cancelled`, `is_pet_available`, `is_luggage_available`, `reason`, `custom_reason`, `cancel_method`, `total_distance`, `total_time`, `is_surge_applied`, `payment_opt`, `payment_intent_id`, `card_token`, `is_paid`, `request_eta_amount`, `offerred_ride_fare`, `is_bid_ride`, `shared_ride`, `seats_taken`, `is_trip_meter`, `accepted_ride_fare`, `user_rated`, `driver_rated`, `promo_id`, `timezone`, `requested_currency_code`, `requested_currency_symbol`, `additional_charges_reason`, `additional_charges_amount`, `unit`, `if_dispatch`, `dispatcher_id`, `booked_by`, `web_booking`, `created_at`, `updated_at`, `deleted_at`) VALUES
('212cef1f-8b66-43aa-bd7b-0945e2958084', NULL, 'REQ_177072045924', 0, 'eci~Ck}xnPFq@iBQ{A@yBRgF@}@B}AEcBOyASe@C{BPuD@_BIKCyEOuBJiDEi@J}Bz@aAR{CXaBJoD\\gBTMNGn@IbD?r@Y@Rro@AfCIbB', 1, '0', 0, NULL, 0, 8713, 0, 0, '0', 0, 33, 'taxi', 0, NULL, NULL, '4c0beb64-d574-4fc3-9458-be37c87af335', 'f75280d2-db9a-4838-b19b-685d651bd0bb', 9, NULL, NULL, '2026-02-10 10:48:00', NULL, NULL, NULL, '2026-02-10 10:47:56', '2026-02-10 10:47:51', '2026-02-10 10:48:05', NULL, 1, 1, 1, 1, 0, 0, NULL, NULL, 0, 0, 0, NULL, NULL, '0', 2.56, 5.80, 0, '1', NULL, NULL, 1, 33.05, 0.00, 0, 0, 0, 0, 0.00, 0, 1, NULL, 'Europe/Tirane', 'EUR', '€', NULL, 0.00, '1', 0, NULL, NULL, 0, '2026-02-10 10:47:39', '2026-02-10 10:48:14', NULL),
('389250bb-a642-4e71-9a52-0c6d413b8e66', NULL, 'REQ_177072574214', 0, 'etqwFsfkvByFDcAKgBE{JF}CDyCAe@?oDW}HF?^cGAoE@aCG{C@gBFse@TOLERIpBS^SLSHIN]Hk@AYOQYMW[gB?cBCwBQuFi@yHaAgIe@oCaAiE{@iDwBsG{@uBgB_E{CoFkAeBiB_CsLoNeQuSmAeBu@eBiAcDi@kAeA_BiAeBiAmBy@eBwBoFgBmDuAoBoAwAo@o@oCgBiB_AqKkEuF_CyIkDaDcAa@QeBc@mImCoCeAwCqAgL{Fq^eOmUgJkUkJwNiGcHsDgBgA}GwE{E}DgIyH}KsKuCeCuDsC_EeCmCqAkEgBsDmAcGqAmn@iKmYcFsD{@oBm@aDsAyBgAmDoBqF_EyS}O{\\aWQGe@?qA^S@KEa@gAEQEIYgA_@u@w@aAyBeB_@Wig@w`@sDwCuWmSqVaRaRiNmQ_NmK}HoFkE}FkFkToTqDaDaAy@yUmQgIeGcEqDeBiBcBoBcEuFe@s@wG_NiDgH_FeKyDsGuBwC{DqEiFyFiDiDkCcCkDoCknBquAmk@qa@q`@cYqt@qh@cBiAi@O_AAk@?c@Sc@WOKU?QNU~@Wp@e@dAkGnKyPjYeDxFcFhHuKdMaMdOcElEaE|D}HxFkBhAeFhCsBv@mFjBkFpAeFz@aIl@{JPyDAuBGiCSqASaCg@gCw@_G{CmCmBkBgBu@u@_DqD{@{@eByAyAw@oBg@sAOqDQ}@[S?k@VcBZi@No@XyBpA}BlBkMxJiTnPaLlIaKbI_BfA_I|EsJrFkQtK{FpDqDnB_DtAwCdAeD`AwCt@{F|@iEf@k@LuEtB}A`@SB_@OqASsDqAiCi@oBCeLHoI@cBHqCPgG~@eCl@uAXcD`AoE~A}B~@gBn@wCt@kHzA}EzAaIjCmCp@kC`@cH|@sHtAgB`@yARuBP_EF{EA{NM{FPyFd@sEr@sB`@gGjBcG~BwMnGoBv@aEnAkCl@kG~@}CVgJ`@iBJgPLmXfAuVrAiFj@cBp@aEfAgAZ{CnA}WrNyW|NcCrAaA^SMUBQPGVi@f@iAp@kEzB_UpKo@XkGtBiI~AiIzAcKpBqC|@wD`Ci@d@q@n@sDvEgJpMqF`I{AnB}AzAs@\\m@LaA@UY[IWBQTI^@`@LZFh@GpBC\\uA|Ha@pB_AhDwAtD_FbL{@hBcDtH}AlCeAxAqAvA}GdGuBfCiVb]kBlC}@jA_BbC{LhT_GdKgBdCmC|CcA|@_CdBsCbBqBz@qAf@kB`@}Ch@kALiCHsB?iPcAyDYiBGiGAeBBgDNcGb@sH^cDZ{EdAah@|PkDjA}L|DcBl@kD|@yBp@yIjE_F~B}H`D{WlKqFnBiCz@{TpIiC|@mAf@aA\\}GfCwAj@_IpBcU~IkGhCySbIkHhCcCjAyAdA{@t@eCvCaBdCoA~AyArAkNdJqIzFsApAmBvBiDrFoGpKwLlTmBlDaKlPiFhJwAbCi@z@iAxB_GdKa@~@eBxCkA~BsDnG_DrFoD`GqFtKeHxMqHrNcCnE}AjCoAjBcEdF_EnDyAhAgMjKoSpP{AhA_CvAsCnAaQjF{YvIs[xJwYbJkKfDkCt@S@aCt@mExAmDfAoB`@wEn@iGrAqNnEoJtCcw@pVoY|IcX`JmD`A}G|@kBEaBDcFUwpAkIoc@cCqIc@yC@_AHcFz@uQtDiNdDs@JiBh@qBz@kBpAe]jWsGzFmA|@sCzAq@ZuA`@qI`BsAZeA^mN~GoAh@w@VkAVuAPwAFwFKuEC}FRiBRiMzBcGv@cDt@cA^}@l@y@x@w@dA[d@mC~Dm@v@kAdAm@^yAl@i@LcEj@eARy@\\u@`@_ChBu@r@{BdBgBzA_K~IiA~@_Aj@wEtBqDzAu@d@q@j@_A`Ao@x@q@h@k@Xq@TwIxAkBJqLzBoBd@{Cf@yEz@uA\\{MvEiTlHiMbEuA\\oKnDu@Z_@ZY`@[r@[lA[nB[`DgBrLiB|RUvAeC`LwA|Fm@pBiCxF}@pA_B~A{@r@wEfE_JdG{AdA{EtCeA|@YDg@ZU@WKWc@OS[KYDSRAFi@J[Gq@m@mFiH{BcDiAaBiDiFuEgIaEiImGiNuBcF{CaImBuFkFwPgFwP{Rso@qK{]}EaPqOug@_L}^iHyUaCqHiGaQ}A}EkBwGgC_KeBcGaEkMeNaa@_GeQ?GeCiHmBuFwEyNg@{AuAeFe@yB_A}Fa@mDKqA[gGS_Lg@{e@a@qb@[aPeAaXiHooBa@oJ]iFm@_IwCaYsB}R{@wGkAkGaAuDi@oB}AeEqCcGqBgDsC{D_BgByA{A{CeCsQwMyL{IwMsJe\\}U_KmH_CkBiGcGmIaKqJsLkBmC_BoCk@qAo@eBcAoDWmAm@uD[}C[sGCwB@mEL{BTwBZ}Bj@mCd@oBfA}CbF}JxDiFr_@}f@vEaG\\a@zFyH\\]lE_GnMsPnFaHtDeFrAaB~BgC`B}AxAoAxQoLrLsHzB_BhByA|AwAxB_C~C{DnCmErAaChAcClAsC|@cCdB}FhA{E^kBrA}IP}AR{Bb@sH`@eF|D_r@l@aHt@oFf@sC~A}GjAmEVgAj@mB~C{LhEePpAiGtBcMfNqz@lAgHlBoIxQeu@~CyMdDuMvEwRvHwZr\\ktAfH_ZtF_TtFgUdM}g@lAuE~CqMJa@RO|CqKVuAN_AnBgJx@cExB{IjEgQpAsE~CgNfLud@hAkFTe@\\c@ZOR]Da@Ea@Q_@KKj@sBfAeEd@eB|BqJfF{SlAwE`CaKb@mB`@eAdAYhG}@k@cGCu@BONM', 1, '1', 0, NULL, 0, NULL, 0, 0, '0', 0, 38, 'taxi', 0, NULL, NULL, '4c0beb64-d574-4fc3-9458-be37c87af335', 'f75280d2-db9a-4838-b19b-685d651bd0bb', NULL, NULL, NULL, NULL, NULL, NULL, NULL, NULL, NULL, NULL, '2026-02-10 12:16:29', 0, 0, 0, 0, 0, 1, 'Send Parcel', 'Sender', 1, 0, 0, NULL, NULL, '0', 111.53, 104.00, 0, '1', NULL, NULL, 0, 90.11, 0.00, 0, 0, 0, 0, 0.00, 0, 0, NULL, NULL, 'EUR', '€', NULL, 0.00, '1', 1, '9f42be4c-b860-474f-b499-98c031456550', NULL, 0, '2026-02-10 12:15:42', '2026-02-10 12:16:30', NULL),
('3f1b2968-f7a4-4c0a-87ee-541343cb302c', NULL, 'REQ_177071996443', 0, 'eci~Ck}xnPFq@iBQ{A@yBRgF@}@B}AEcBOyASe@C{BPuD@_BIKCyEOuBJiDEi@J}Bz@aAR{CXaBJoD\\gBTMNGn@IbD?r@Y@Rro@AfCIbB', 1, '0', 0, NULL, 0, 8713, 0, 0, '0', 0, 33, 'taxi', 0, NULL, NULL, '4c0beb64-d574-4fc3-9458-be37c87af335', 'f75280d2-db9a-4838-b19b-685d651bd0bb', 9, NULL, NULL, '2026-02-10 10:39:47', NULL, NULL, NULL, '2026-02-10 10:39:42', '2026-02-10 10:39:39', '2026-02-10 10:39:53', NULL, 1, 1, 1, 1, 0, 0, NULL, NULL, 0, 0, 0, NULL, NULL, '0', 2.56, 5.80, 0, '1', NULL, NULL, 1, 33.05, 0.00, 0, 0, 0, 0, 0.00, 0, 1, NULL, 'Europe/Tirane', 'EUR', '€', NULL, 0.00, '1', 0, NULL, NULL, 0, '2026-02-10 10:39:24', '2026-02-10 10:40:06', NULL),
('4f439297-6aeb-4bb6-a1c6-7c74c55578d2', NULL, 'REQ_177072280912', 0, 'edi~Ce_ynPaAI{A@yBRgF@}@B}AEcBOyASe@C{BPuD@_BIKCyEOuBJiDEi@J}Bz@aAR{CXaBJoD\\gBTMNGn@IbD?r@Y@Rro@AfCIbB', 1, '0', 0, NULL, 0, 8713, 0, 0, '0', 0, 33, 'taxi', 0, NULL, NULL, '4c0beb64-d574-4fc3-9458-be37c87af335', 'f75280d2-db9a-4838-b19b-685d651bd0bb', 9, NULL, NULL, '2026-02-10 11:27:33', NULL, NULL, NULL, '2026-02-10 11:27:21', '2026-02-10 11:27:04', '2026-02-10 11:27:43', NULL, 1, 1, 1, 1, 0, 0, NULL, NULL, 0, 0, 0, NULL, NULL, '0', 2.51, 6.00, 0, '1', NULL, NULL, 1, 32.74, 0.00, 0, 0, 0, 0, 0.00, 0, 1, NULL, 'Europe/Tirane', 'EUR', '€', NULL, 0.00, '1', 0, NULL, NULL, 0, '2026-02-10 11:26:50', '2026-02-10 11:27:54', NULL),
('79af3603-a6fe-4dc0-aa1f-1f0de938265f', NULL, 'REQ_177072430314', 0, 'etqwFsfkvBvBCX@ZNlA`Bt@|@xBjAfBf@BPJJT@NU@STXnInFvK`IpJrH@XFNRFRGFKzFhEzB|AvEpDdI|FlGxEdNtJpGzEvSfOnZpTxHdF~IzGr@b@jCbAb@^LVf@fBtB~I~@zCfDxKb@dAb@x@pCtD`@p@^|@\\jAl@fDNx@VnDn@~EjAjGZfCH|ADlC@xAGd@w@dDM~@Cl@?n@p@vHFpCHt@Lj@Zv@r@vAf@vAlAdELf@bBbMLl@L^Vf@Pp@T|AlAnM`@~ClBrGbCpHtBzFbBhDL\\P`ABl@CnCBl@Hl@^xAXr@zAtB~@hAfFpK^h@pAdAzDjCbAv@VXvAxB`Av@dDrB`E`Cp@d@`@l@`ErIb@t@j@f@rDdCTd@XDzHpFrCfB|HzFtCnBfExCgFfNuAzDw@pBSfAEr@Dp@n@`EBz@Cd@QLc@p@Ox@Ad@Dr@F^Zh@`@Zf@Th@An@U\\YNWXG|BAnELpAJ\\Cv@HtCj@`EfAtCbA|CtAlB~@tElCvCtBzDbD`C`CjCtClBbCtAlBhAdBrC|EpCzFjBnEvBnGx@hCtAhFpApGfArGpDlVtArJnAbIjAlHt@vDv@zCpAtDt@fBdAvB~@~Ar@fA|@nArA|ArApAhAbApBvAhAp@vAr@vAl@tAd@xDx@hARhCPnCD|DInc@gBjYgAlAIxAOjAStCw@`Bs@|Ay@tA}@|^iYtAiAnAoAhAuA|@uAdAgBp@wAz@sBjAoDxNsd@nAkD`A_CdAqBvA_CvAmBrA{AlRkQhTuRzIeIfHmGvCwBnBmA~A{@zBeA`C}@~Bs@zBg@xEu@bF]hCEdEFnAFpEd@~FhAhVzFjE`AfUpFbKrBdl@zJjE`AnA\\rBv@zB`A`D|AlCdAzA`@bARbBTxBLld@~@xCNtAJlDd@bDn@jCv@bBj@tCrAzAx@fBfAdEtCvG~Ej\\tUzEnDtAz@nB~@zAj@hBd@rAV`CTvRdAjEJfAAxDQfC[rAUzBi@nPyFf^}L|Bo@hBa@rCc@lCYrBMhCGpEFdDTpBTpCd@~D`AfN|Eba@zN`Cr@xCl@xB\\vCRjBBtA?rDMvBU|Ba@`Dw@vCeA~Aq@fGyClQaJhCgAzBs@dDw@|H}AvC{@pBw@lCsAvCgBvAkA~BqBpUiTvFgFxBgBpAu@pAo@rEgBnBgAxBaBfE_EvN{NVQj@Ob@Pb@CZUR]He@Ai@FW\\k@ZW`@SbA[fQuClB{@z@o@`NqNhN_Ov@a@p@K^?rBJLRRDRKBGfAJbFT~Hn@tIh@lK|@NLPAJO@UKSCCIY[oIu@iQJu@FUd@_Af@_DDMlEqCn@MpE~@lDj@j@LXu@j@O[_C', 1, '0', 0, NULL, 0, NULL, 0, 0, '0', 0, 37, 'taxi', 0, NULL, NULL, '4c0beb64-d574-4fc3-9458-be37c87af335', 'f75280d2-db9a-4838-b19b-685d651bd0bb', 10, NULL, NULL, NULL, NULL, NULL, NULL, NULL, '2026-02-10 11:52:20', NULL, '2026-02-10 11:53:39', 1, 0, 0, 0, 0, 1, 'Send Parcel', 'Sender', 1, 0, 0, NULL, NULL, '0', 37.52, 40.00, 0, '1', NULL, NULL, 0, 79.07, 0.00, 0, 0, 0, 0, 0.00, 0, 0, NULL, NULL, 'EUR', '€', NULL, 0.00, '1', 1, 'c86c88a1-cbff-48c4-98c7-a6de7fc92a1b', NULL, 0, '2026-02-10 11:51:43', '2026-02-10 11:53:40', NULL),
('7bc25deb-6ffa-4860-9b4e-6225ba86469e', NULL, 'REQ_177072231578', 1, 'cqswFadnvBmFuBsC_A{B}@wBs@}EgBwDyA}CiAYEs@WqEgBwDqAiEk@cDq@uJmAk@GWKsI}@s@Ek@K_@Ka@]eCmDu@m@I[g@YkBc@y@Me@Me@GuAB{@VsBr@]D}@KoEmBs@QUEe@D_@Pa@\\}@rAY^o@b@_Cl@w@@c@Km@c@gAeAy@}@sEoDcHsFuBaBkBgAeEoBAmBKqAQ}A?o@Bc@^[XARIlEpAnEx@bAd@dAp@xAbAbB|AnBnC~@`Bz@nBrApDf@hAdApB|BjDdAhBh@lAv@xB~@pBr@pAbBtBfM|NhNtPhDtEvA|BlBxD`AxBlA|CjB`GrApF^bBf@zCbAlIXzDRjEHhCBbEKpSSfYSjZCdB?vCYn\\c@fUc@vM{HjjBEvFLvENnCP~Bp@`Ft@jDr@nCpAzDz@rBfIpOlHvM`N~VjBfDtBnEnAzCl@`B|@|CfApE~@fFl@xEVtCVpEHzCB~DCzDSrGi@zHiAvO{AbTu@pJShFEdDA`AJxFLzC`@pFzDr_@`A~K^fDtAbObEla@r@~Ed@dCpAdFd@|A~@hCv@lBxEdJnGfLtBzDhFjJjCjFbCbE~FnK`AhBvCdEhAnAbCnBtA|@xBfAdCx@vBf@bDZtBBxACxCUvCo@`Bi@pUsIpEkB~Ao@dFeCpGgElBuAfBwAbFaFbBgB~EqGrDuF~C_GjA_CfEgKn@kBxA}E|DyNdAeDZy@lAwClAaCzBwDdB}B~@iArCsChB{ApJsG`GgEnHcFv^mWfTmP`MqJhL}IvGyE`CsAnCwAnEmBfIgChBa@dKoAxCS~DKjGDjBHdFd@fDr@v@HtCj@`EfAtCbA|CtAlB~@tElCvCtBzDbD`C`CjCtClBbCtAlBhAdBrC|EpCzFjBnEvBnGx@hCtAhFpApGfArGpDlVtArJnAbIjAlHt@vDv@zCpAtDt@fBdAvB~@~Ar@fA|@nArA|ArApAhAbApBvAhAp@vAr@vAl@tAd@xDx@hARhCPnCD|DInc@gBjYgAlAIxAOjAStCw@`Bs@|Ay@tA}@|^iYtAiAnAoAhAuA|@uAdAgBp@wAz@sBjAoDxNsd@nAkD`A_CdAqBvA_CvAmBrA{AlRkQhTuRzIeIfHmGvCwBnBmA~A{@zBeA`C}@~Bs@zBg@xEu@bF]hCEdEFnAFpEd@~FhAhVzFjE`AfUpFbKrBdl@zJjE`AnA\\rBv@zB`A`D|AlCdAzA`@bARbBTxBLld@~@xCNtAJlDd@bDn@jCv@bBj@tCrAzAx@fBfAdEtCvG~Ej\\tUzEnDtAz@nB~@zAj@hBd@rAV`CTvRdAjEJfAAxDQfC[rAUzBi@nPyFf^}L|Bo@hBa@rCc@lCYrBMhCGpEFdDTpBTpCd@~D`AfN|Eba@zN`Cr@xCl@xB\\vCRjBBtA?rDMvBU|Ba@`Dw@vCeA~Aq@fGyClQaJhCgAzBs@dDw@|H}AvC{@pBw@lCsAvCgBvAkA~BqBpUiTvFgFxBgBpAu@pAo@rEgBnBgAxBaBfE_EvN{NVQj@Ob@Pb@CZUR]He@Ai@FW\\k@ZW`@SbA[fQuClB{@z@o@`NqNhN_Ov@a@p@K^?rBJLRRDRKBGfAJbFT~Hn@tIh@lK|@NLPAJO@UKSCCIY[oIu@iQJu@FUd@_Af@_DDMlEqCn@MpE~@lDj@j@LXu@j@O[_C', 1, '0', 0, NULL, 0, 5362, 0, 0, '0', 0, 36, 'taxi', 0, NULL, NULL, '4c0beb64-d574-4fc3-9458-be37c87af335', 'f75280d2-db9a-4838-b19b-685d651bd0bb', 10, NULL, NULL, '2026-02-14 12:18:00', NULL, NULL, NULL, NULL, '2026-02-10 11:19:39', NULL, '2026-02-10 12:22:52', 0, 0, 0, 0, 0, 0, NULL, NULL, 1, 0, 0, NULL, NULL, '2', 52.40, 40.40, 0, '1', NULL, NULL, 0, 576.71, 0.00, 0, 0, 0, 0, 0.00, 0, 0, NULL, 'Europe/Tirane', 'EUR', '€', NULL, 0.00, '1', 0, NULL, NULL, 0, '2026-02-10 11:18:35', '2026-02-10 12:22:52', NULL),
('b71554e4-3aa9-4a39-bb4e-b41b46b01b7c', NULL, 'REQ_177072066369', 0, 'eci~Ck}xnPFq@iBQ{A@yBRgF@}@B}AEcBOyASe@C{BPuD@_BIKCyEOuBJiDEi@J}Bz@aAR{CXaBJoD\\gBTMNGn@IbD?r@Y@Rro@AfCIbB', 1, '0', 0, NULL, 0, 8713, 0, 0, '0', 0, 33, 'taxi', 0, NULL, NULL, '4c0beb64-d574-4fc3-9458-be37c87af335', 'f75280d2-db9a-4838-b19b-685d651bd0bb', 9, NULL, NULL, '2026-02-10 10:51:20', NULL, NULL, NULL, '2026-02-10 10:51:15', '2026-02-10 10:51:11', '2026-02-10 10:51:28', NULL, 1, 1, 1, 1, 0, 0, NULL, NULL, 0, 0, 0, NULL, NULL, '0', 2.56, 5.90, 0, '1', NULL, NULL, 1, 33.15, 0.00, 0, 0, 0, 0, 0.00, 1, 1, NULL, 'Europe/Tirane', 'EUR', '€', NULL, 0.00, '1', 0, NULL, NULL, 0, '2026-02-10 10:51:03', '2026-02-10 10:52:21', NULL),
('ca9a0d20-3ff7-4341-970b-c4c22544a274', NULL, 'REQ_177072234298', 0, 'slswFaanvB|IdDbBr@fAt@@NLRPDDALKDOAWGOQISB{@YaDqAsCcAiCiAwKiEsC_A{B}@wBs@}EgBwDyA}CiAYEs@WqEgBwDqAiEk@cDq@uJmAk@GWKsI}@s@Ek@K_@Ka@]eCmDu@m@I[g@YkBc@y@Me@Me@GuAB{@VsBr@]D}@KoEmBs@QUEe@D_@Pa@\\}@rAY^o@b@_Cl@w@@c@Km@c@gAeAy@}@sEoDcHsFuBaBkBgAeEoBAmBKqAQ}A?o@Bc@^[XAZOT]Je@@g@Ie@S_@[S]C]H}CcA_Dy@_Cq@WCi@UaDcAa@QeBc@mImCoCeAwCqAgL{Fq^eOmUgJkUkJwNiGcHsDgBgA}GwE{E}DgIyH}KsKuCeCuDsC_EeCmCqAkEgBsDmAcGqAmn@iKmYcFsD{@oBm@aDsAyBgAmDoBqF_EyS}O{\\aWQGe@?qA^S@KEa@gAEQEIYgA_@u@w@aAyBeB_@Wig@w`@sDwCuWmSqVaRaRiNmQ_NmK}HoFkE}FkFkToTqDaDaAy@yUmQgIeGcEqDeBiBcBoBcEuFe@s@wG_NiDgH_FeKyDsGuBwC{DqEiFyFiDiDkCcCkDoCknBquAmk@qa@q`@cYqt@qh@cBiAi@O_AAk@?c@Sc@WOKU?QNU~@Wp@e@dAkGnKyPjYeDxFcFhHuKdMaMdOcElEaE|D}HxFkBhAeFhCsBv@mFjBkFpAeFz@aIl@{JPyDAuBGiCSqASaCg@gCw@_G{CmCmBkBgBu@u@_DqD{@{@eByAyAw@oBg@sAOqDQ}@[S?k@VcBZi@No@XyBpA}BlBkMxJiTnPaLlIaKbI_BfA_I|EsJrFkQtK{FpDqDnB_DtAwCdAeD`AwCt@{F|@iEf@k@LuEtB}A`@SB_@OqASsDqAiCi@oBCeLHoI@cBHqCPgG~@eCl@uAXcD`AoE~A}B~@gBn@wCt@kHzA}EzAaIjCmCp@kC`@cH|@sHtAgB`@yARuBP_EF{EA{NM{FPyFd@sEr@sB`@gGjBcG~BwMnGoBv@aEnAkCl@kG~@}CVgJ`@iBJgPLmXfAuVrAiFj@cBp@aEfAgAZ{CnA}WrNyW|NcCrAaA^SMUBQPGVi@f@iAp@kEzB_UpKo@XkGtBiI~AiIzAcKpBqC|@wD`Ci@d@q@n@sDvEgJpMqF`I{AnB}AzAs@\\m@LaA@UY[IWBQTI^@`@LZFh@GpBC\\uA|Ha@pB_AhDwAtD_FbL{@hBcDtH}AlCeAxAqAvA}GdGuBfCiVb]kBlC}@jA_BbC{LhT_GdKgBdCmC|CcA|@_CdBsCbBqBz@qAf@kB`@}Ch@kALiCHsB?iPcAyDYiBGiGAeBBgDNcGb@sH^cDZ{EdAah@|PkDjA}L|DcBl@kD|@yBp@yIjE_F~B}H`D{WlKqFnBiCz@{TpIiC|@mAf@aA\\}GfCwAj@_IpBcU~IkGhCySbIkHhCcCjAyAdA{@t@eCvCaBdCoA~AyArAkNdJqIzFsApAmBvBiDrFoGpKwLlTmBlDaKlPiFhJwAbCi@z@iAxB_GdKa@~@eBxCkA~BsDnG_DrFoD`GqFtKeHxMqHrNcCnE}AjCoAjBcEdF_EnDyAhAgMjKoSpP{AhA_CvAsCnAaQjF{YvIs[xJwYbJkKfDkCt@S@aCt@mExAmDfAoB`@wEn@iGrAqNnEoJtCcw@pVoY|IcX`JmD`A}G|@kBEaBDcFUwpAkIoc@cCqIc@yC@_AHcFz@uQtDiNdDs@JiBh@qBz@kBpAe]jWsGzFmA|@sCzAq@ZuA`@qI`BsAZeA^mN~GoAh@w@VkAVuAPwAFwFKuEC}FRiBRiMzBcGv@cDt@cA^}@l@y@x@w@dA[d@mC~Dm@v@kAdAm@^yAl@i@LcEj@eARy@\\u@`@_ChBu@r@{BdBgBzA_K~IiA~@_Aj@wEtBqDzAu@d@q@j@_A`Ao@x@q@h@k@Xq@TwIxAkBJqLzBoBd@{Cf@yEz@uA\\{MvEiTlHiMbEuA\\oKnDu@Z_@ZY`@[r@[lA[nB[`DgBrLiB|RUvAeC`LwA|Fm@pBiCxF}@pA_B~A{@r@wEfE_JdG{AdA{EtCwAlAiFjDaCvA_Bn@UAOPEVDRLPR@@ALj@jDhLfCnHn@fBtDzLvCfJtGbTnI|WlCrIxAhEf@`BXj@FNL@FK', 1, '0', 0, NULL, 0, 5362, 0, 0, '0', 0, 36, 'taxi', 0, NULL, NULL, '4c0beb64-d574-4fc3-9458-be37c87af335', 'f75280d2-db9a-4838-b19b-685d651bd0bb', 10, NULL, NULL, '2026-02-10 11:20:03', NULL, NULL, NULL, '2026-02-10 11:19:51', '2026-02-10 11:19:32', '2026-02-10 11:20:12', NULL, 1, 1, 1, 1, 0, 0, NULL, NULL, 0, 0, 0, NULL, NULL, '0', 78.76, 65.40, 0, '1', NULL, NULL, 1, 871.08, 0.00, 0, 0, 0, 0, 0.00, 1, 1, NULL, 'Europe/Tirane', 'EUR', '€', NULL, 0.00, '1', 0, NULL, NULL, 0, '2026-02-10 11:19:02', '2026-02-10 11:20:35', NULL),
('e3e9175b-0709-4bce-8219-22ef456b3f62', NULL, 'REQ_177071978259', 0, 'eci~Ck}xnPFq@iBQ{A@yBRgF@}@B}AEcBOyASe@C{BPuD@_BIKCyEOuBJiDEi@J}Bz@aAR{CXaBJoD\\gBTMNGn@IbD?r@Y@Rro@AfCIbB', 1, '0', 0, NULL, 0, 8713, 0, 0, '0', 0, 33, 'taxi', 0, NULL, NULL, '4c0beb64-d574-4fc3-9458-be37c87af335', 'f75280d2-db9a-4838-b19b-685d651bd0bb', 9, NULL, NULL, '2026-02-10 10:37:00', NULL, NULL, NULL, '2026-02-10 10:36:56', '2026-02-10 10:36:52', '2026-02-10 10:37:06', NULL, 1, 1, 1, 1, 0, 0, NULL, NULL, 0, 0, 0, NULL, NULL, '0', 2.56, 6.00, 0, '1', NULL, NULL, 1, 33.25, 0.00, 0, 0, 0, 0, 0.00, 0, 1, NULL, 'Europe/Tirane', 'EUR', '€', NULL, 0.00, '1', 0, NULL, NULL, 0, '2026-02-10 10:36:22', '2026-02-10 10:37:20', NULL);

-- --------------------------------------------------------

--
-- Table structure for table `requests_meta`
--

CREATE TABLE `requests_meta` (
  `id` int UNSIGNED NOT NULL,
  `request_id` char(36) CHARACTER SET utf8mb4 COLLATE utf8mb4_unicode_ci NOT NULL,
  `user_id` int UNSIGNED DEFAULT NULL,
  `driver_id` int UNSIGNED NOT NULL,
  `active` tinyint(1) NOT NULL DEFAULT '0',
  `assign_method` enum('1','2') CHARACTER SET utf8mb4 COLLATE utf8mb4_unicode_ci NOT NULL COMMENT '1 => one-by-one,2 => all',
  `is_later` tinyint(1) NOT NULL DEFAULT '0',
  `distance_to_pickup` double(15,8) NOT NULL DEFAULT '0.00000000',
  `created_at` timestamp NULL DEFAULT NULL,
  `updated_at` timestamp NULL DEFAULT NULL
) ENGINE=InnoDB DEFAULT CHARSET=utf8mb4 COLLATE=utf8mb4_unicode_ci;

-- --------------------------------------------------------

--
-- Table structure for table `request_bills`
--

CREATE TABLE `request_bills` (
  `id` int UNSIGNED NOT NULL,
  `request_id` char(36) CHARACTER SET utf8mb4 COLLATE utf8mb4_unicode_ci NOT NULL,
  `base_price` double(10,2) NOT NULL DEFAULT '0.00',
  `base_distance` int NOT NULL,
  `total_distance` double(15,8) NOT NULL DEFAULT '0.00000000',
  `total_time` double(15,2) NOT NULL DEFAULT '0.00',
  `price_per_distance` double(10,2) NOT NULL DEFAULT '0.00',
  `distance_price` double(10,2) NOT NULL DEFAULT '0.00',
  `price_per_time` double(10,2) NOT NULL DEFAULT '0.00',
  `time_price` double(10,2) NOT NULL DEFAULT '0.00',
  `waiting_charge_per_min` int NOT NULL DEFAULT '0',
  `calculated_waiting_time` int NOT NULL DEFAULT '0',
  `after_trip_start_waiting_time` int NOT NULL DEFAULT '0',
  `before_trip_start_waiting_time` int NOT NULL DEFAULT '0',
  `airport_surge_fee` double(10,2) NOT NULL DEFAULT '0.00',
  `waiting_charge` double(10,2) NOT NULL DEFAULT '0.00',
  `cancellation_fee` double(10,2) NOT NULL DEFAULT '0.00',
  `service_tax` double(10,2) NOT NULL DEFAULT '0.00',
  `service_tax_percentage` int NOT NULL DEFAULT '0',
  `promo_discount` double(10,2) NOT NULL DEFAULT '0.00',
  `admin_commision` double(10,2) NOT NULL DEFAULT '0.00',
  `admin_commission_from_driver` double(10,2) NOT NULL DEFAULT '0.00',
  `admin_commision_with_tax` double(10,2) NOT NULL DEFAULT '0.00',
  `driver_commision` double(10,2) NOT NULL DEFAULT '0.00',
  `tips` double(10,2) NOT NULL DEFAULT '0.00',
  `total_amount` double(10,2) NOT NULL DEFAULT '0.00',
  `requested_currency_code` varchar(191) CHARACTER SET utf8mb4 COLLATE utf8mb4_unicode_ci NOT NULL,
  `requested_currency_symbol` varchar(191) CHARACTER SET utf8mb4 COLLATE utf8mb4_unicode_ci DEFAULT NULL,
  `additional_charges_reason` varchar(191) CHARACTER SET utf8mb4 COLLATE utf8mb4_unicode_ci DEFAULT NULL,
  `additional_charges_amount` double(10,2) NOT NULL DEFAULT '0.00',
  `preference_price_total` double(10,2) NOT NULL DEFAULT '0.00',
  `agent_commision` char(36) CHARACTER SET utf8mb4 COLLATE utf8mb4_unicode_ci NOT NULL DEFAULT '0',
  `created_at` timestamp NULL DEFAULT NULL,
  `updated_at` timestamp NULL DEFAULT NULL
) ENGINE=InnoDB DEFAULT CHARSET=utf8mb4 COLLATE=utf8mb4_unicode_ci;

--
-- Dumping data for table `request_bills`
--

INSERT INTO `request_bills` (`id`, `request_id`, `base_price`, `base_distance`, `total_distance`, `total_time`, `price_per_distance`, `distance_price`, `price_per_time`, `time_price`, `waiting_charge_per_min`, `calculated_waiting_time`, `after_trip_start_waiting_time`, `before_trip_start_waiting_time`, `airport_surge_fee`, `waiting_charge`, `cancellation_fee`, `service_tax`, `service_tax_percentage`, `promo_discount`, `admin_commision`, `admin_commission_from_driver`, `admin_commision_with_tax`, `driver_commision`, `tips`, `total_amount`, `requested_currency_code`, `requested_currency_symbol`, `additional_charges_reason`, `additional_charges_amount`, `preference_price_total`, `agent_commision`, `created_at`, `updated_at`) VALUES
(11, 'e3e9175b-0709-4bce-8219-22ef456b3f62', 11.00, 1, 2.56000000, 6.00, 10.00, 15.60, 1.00, 6.00, 1, 0, 0, 0, 0.00, 0.00, 0.00, 0.33, 1, 0.00, 0.33, 0.33, 0.98, 32.27, 0.00, 33.25, 'EUR', '€', NULL, 0.00, 0.00, '0', '2026-02-10 10:37:06', '2026-02-10 10:37:06'),
(12, '3f1b2968-f7a4-4c0a-87ee-541343cb302c', 11.00, 1, 2.56000000, 5.80, 10.00, 15.60, 1.00, 5.80, 1, 0, 0, 0, 0.00, 0.00, 0.00, 0.32, 1, 0.00, 0.32, 0.32, 0.97, 32.08, 0.00, 33.05, 'EUR', '€', NULL, 0.00, 0.00, '0', '2026-02-10 10:39:53', '2026-02-10 10:39:53'),
(13, '212cef1f-8b66-43aa-bd7b-0945e2958084', 11.00, 1, 2.56000000, 5.80, 10.00, 15.60, 1.00, 5.80, 1, 0, 0, 0, 0.00, 0.00, 0.00, 0.32, 1, 0.00, 0.32, 0.32, 0.97, 32.08, 0.00, 33.05, 'EUR', '€', NULL, 0.00, 0.00, '0', '2026-02-10 10:48:05', '2026-02-10 10:48:05'),
(14, 'b71554e4-3aa9-4a39-bb4e-b41b46b01b7c', 11.00, 1, 2.56000000, 5.90, 10.00, 15.60, 1.00, 5.90, 1, 0, 0, 0, 0.00, 0.00, 0.00, 0.32, 1, 0.00, 0.32, 0.32, 0.98, 32.17, 0.00, 33.15, 'EUR', '€', NULL, 0.00, 0.00, '0', '2026-02-10 10:51:28', '2026-02-10 10:51:28'),
(15, 'ca9a0d20-3ff7-4341-970b-c4c22544a274', 11.00, 1, 78.76000000, 65.40, 10.00, 777.60, 1.00, 65.40, 1, 0, 0, 0, 0.00, 0.00, 0.00, 8.54, 1, 0.00, 8.54, 8.54, 25.62, 845.46, 0.00, 871.08, 'EUR', '€', NULL, 0.00, 0.00, '0', '2026-02-10 11:20:12', '2026-02-10 11:20:12'),
(16, '4f439297-6aeb-4bb6-a1c6-7c74c55578d2', 11.00, 1, 2.51000000, 6.00, 10.00, 15.10, 1.00, 6.00, 1, 0, 0, 0, 0.00, 0.00, 0.00, 0.32, 1, 0.00, 0.32, 0.32, 0.96, 31.78, 0.00, 32.74, 'EUR', '€', NULL, 0.00, 0.00, '0', '2026-02-10 11:27:43', '2026-02-10 11:27:43');

-- --------------------------------------------------------

--
-- Table structure for table `request_cancellation_fees`
--

CREATE TABLE `request_cancellation_fees` (
  `id` int UNSIGNED NOT NULL,
  `request_id` char(36) CHARACTER SET utf8mb4 COLLATE utf8mb4_unicode_ci NOT NULL,
  `user_id` int UNSIGNED DEFAULT NULL,
  `driver_id` int UNSIGNED DEFAULT NULL,
  `cancellation_fee` double(10,2) NOT NULL DEFAULT '0.00',
  `is_paid` tinyint(1) NOT NULL DEFAULT '0',
  `paid_request_id` char(36) CHARACTER SET utf8mb4 COLLATE utf8mb4_unicode_ci DEFAULT NULL,
  `created_at` timestamp NULL DEFAULT NULL,
  `updated_at` timestamp NULL DEFAULT NULL
) ENGINE=InnoDB DEFAULT CHARSET=utf8mb4 COLLATE=utf8mb4_unicode_ci;

-- --------------------------------------------------------

--
-- Table structure for table `request_delivery_proofs`
--

CREATE TABLE `request_delivery_proofs` (
  `id` int UNSIGNED NOT NULL,
  `request_id` char(36) CHARACTER SET utf8mb4 COLLATE utf8mb4_unicode_ci NOT NULL,
  `after_load` tinyint(1) NOT NULL DEFAULT '0',
  `after_unload` tinyint(1) NOT NULL DEFAULT '0',
  `proof_image` varchar(191) CHARACTER SET utf8mb4 COLLATE utf8mb4_unicode_ci NOT NULL,
  `created_at` timestamp NULL DEFAULT NULL,
  `updated_at` timestamp NULL DEFAULT NULL
) ENGINE=InnoDB DEFAULT CHARSET=utf8mb4 COLLATE=utf8mb4_unicode_ci;

-- --------------------------------------------------------

--
-- Table structure for table `request_enquiries`
--

CREATE TABLE `request_enquiries` (
  `id` int UNSIGNED NOT NULL,
  `user_id` int UNSIGNED DEFAULT NULL,
  `pick_lat` double(15,8) DEFAULT NULL,
  `pick_lng` double(15,8) DEFAULT NULL,
  `drop_lat` double(15,8) DEFAULT NULL,
  `drop_lng` double(15,8) DEFAULT NULL,
  `pick_address` varchar(191) CHARACTER SET utf8mb4 COLLATE utf8mb4_unicode_ci DEFAULT NULL,
  `drop_address` varchar(191) CHARACTER SET utf8mb4 COLLATE utf8mb4_unicode_ci DEFAULT NULL,
  `converted_as_ride` tinyint(1) NOT NULL DEFAULT '0',
  `is_cancelled` tinyint(1) NOT NULL DEFAULT '0',
  `dispatcher_id` int UNSIGNED DEFAULT NULL,
  `created_at` timestamp NULL DEFAULT NULL,
  `updated_at` timestamp NULL DEFAULT NULL
) ENGINE=InnoDB DEFAULT CHARSET=utf8mb4 COLLATE=utf8mb4_unicode_ci;

-- --------------------------------------------------------

--
-- Table structure for table `request_eta`
--

CREATE TABLE `request_eta` (
  `id` bigint UNSIGNED NOT NULL,
  `request_id` char(36) CHARACTER SET utf8mb4 COLLATE utf8mb4_unicode_ci NOT NULL,
  `base_price` double(10,2) NOT NULL DEFAULT '0.00',
  `base_distance` int NOT NULL,
  `total_distance` double(15,8) NOT NULL DEFAULT '0.00000000',
  `total_time` double(15,2) NOT NULL DEFAULT '0.00',
  `price_per_distance` double(10,2) NOT NULL DEFAULT '0.00',
  `distance_price` double(10,2) NOT NULL DEFAULT '0.00',
  `price_per_time` double(10,2) NOT NULL DEFAULT '0.00',
  `time_price` double(10,2) NOT NULL DEFAULT '0.00',
  `waiting_charge` double(10,2) NOT NULL DEFAULT '0.00',
  `cancellation_fee` double(10,2) NOT NULL DEFAULT '0.00',
  `service_tax` double(10,2) NOT NULL DEFAULT '0.00',
  `service_tax_percentage` int NOT NULL DEFAULT '0',
  `promo_discount` double(10,2) NOT NULL DEFAULT '0.00',
  `admin_commission` double(10,2) NOT NULL DEFAULT '0.00',
  `admin_commission_with_tax` double(10,2) NOT NULL DEFAULT '0.00',
  `driver_commission` double(10,2) NOT NULL DEFAULT '0.00',
  `total_amount` double(10,2) NOT NULL DEFAULT '0.00',
  `requested_currency_code` varchar(191) CHARACTER SET utf8mb4 COLLATE utf8mb4_unicode_ci NOT NULL,
  `created_at` timestamp NULL DEFAULT NULL,
  `updated_at` timestamp NULL DEFAULT NULL
) ENGINE=InnoDB DEFAULT CHARSET=utf8mb4 COLLATE=utf8mb4_unicode_ci;

--
-- Dumping data for table `request_eta`
--

INSERT INTO `request_eta` (`id`, `request_id`, `base_price`, `base_distance`, `total_distance`, `total_time`, `price_per_distance`, `distance_price`, `price_per_time`, `time_price`, `waiting_charge`, `cancellation_fee`, `service_tax`, `service_tax_percentage`, `promo_discount`, `admin_commission`, `admin_commission_with_tax`, `driver_commission`, `total_amount`, `requested_currency_code`, `created_at`, `updated_at`) VALUES
(31, 'e3e9175b-0709-4bce-8219-22ef456b3f62', 11.00, 1, 2.56000000, 6.00, 10.00, 15.60, 1.00, 6.00, 0.00, 0.00, 0.00, 1, 0.00, 0.00, 0.00, 0.00, 33.25, 'EUR', '2026-02-10 10:36:22', '2026-02-10 10:36:22'),
(32, '3f1b2968-f7a4-4c0a-87ee-541343cb302c', 11.00, 1, 2.56000000, 5.80, 10.00, 15.60, 1.00, 5.80, 0.00, 0.00, 0.00, 1, 0.00, 0.00, 0.00, 0.00, 33.05, 'EUR', '2026-02-10 10:39:24', '2026-02-10 10:39:24'),
(33, '212cef1f-8b66-43aa-bd7b-0945e2958084', 11.00, 1, 2.56000000, 5.80, 10.00, 15.60, 1.00, 5.80, 0.00, 0.00, 0.00, 1, 0.00, 0.00, 0.00, 0.00, 33.05, 'EUR', '2026-02-10 10:47:39', '2026-02-10 10:47:39'),
(34, 'b71554e4-3aa9-4a39-bb4e-b41b46b01b7c', 11.00, 1, 2.56000000, 5.90, 10.00, 15.60, 1.00, 5.90, 0.00, 0.00, 0.00, 1, 0.00, 0.00, 0.00, 0.00, 33.15, 'EUR', '2026-02-10 10:51:03', '2026-02-10 10:51:03'),
(35, '7bc25deb-6ffa-4860-9b4e-6225ba86469e', 11.00, 1, 52.40000000, 40.40, 10.00, 514.00, 1.00, 40.40, 0.00, 0.00, 6.00, 1, 0.00, 0.00, 0.00, 0.00, 576.71, 'EUR', '2026-02-10 11:18:35', '2026-02-10 11:18:35'),
(36, 'ca9a0d20-3ff7-4341-970b-c4c22544a274', 11.00, 1, 78.76000000, 65.40, 10.00, 777.60, 1.00, 65.40, 0.00, 0.00, 9.00, 1, 0.00, 0.00, 0.00, 0.00, 871.08, 'EUR', '2026-02-10 11:19:02', '2026-02-10 11:19:02'),
(37, '4f439297-6aeb-4bb6-a1c6-7c74c55578d2', 11.00, 1, 2.51000000, 6.00, 10.00, 15.10, 1.00, 6.00, 0.00, 0.00, 0.00, 1, 0.00, 0.00, 0.00, 0.00, 32.74, 'EUR', '2026-02-10 11:26:50', '2026-02-10 11:26:50'),
(38, '79af3603-a6fe-4dc0-aa1f-1f0de938265f', 1.00, 1, 37.52000000, 40.00, 1.00, 36.52, 1.00, 40.00, 0.00, 0.00, 1.00, 1, 0.00, 0.00, 0.00, 0.00, 79.07, 'EUR', '2026-02-10 11:51:43', '2026-02-10 11:51:43'),
(39, '389250bb-a642-4e71-9a52-0c6d413b8e66', 0.00, 0, 111.53000000, 104.00, 0.80, 89.22, 0.00, 0.00, 0.00, 0.00, 1.00, 1, 0.00, 0.00, 0.00, 0.00, 90.11, 'EUR', '2026-02-10 12:15:42', '2026-02-10 12:15:42');

-- --------------------------------------------------------

--
-- Table structure for table `request_places`
--

CREATE TABLE `request_places` (
  `id` int UNSIGNED NOT NULL,
  `request_id` char(36) CHARACTER SET utf8mb4 COLLATE utf8mb4_unicode_ci NOT NULL,
  `pick_lat` double(15,8) DEFAULT NULL,
  `pick_lng` double(15,8) DEFAULT NULL,
  `drop_lat` double(15,8) DEFAULT NULL,
  `drop_lng` double(15,8) DEFAULT NULL,
  `request_path` longtext CHARACTER SET utf8mb4 COLLATE utf8mb4_unicode_ci,
  `pick_address` text CHARACTER SET utf8mb4 COLLATE utf8mb4_unicode_ci,
  `drop_address` text CHARACTER SET utf8mb4 COLLATE utf8mb4_unicode_ci,
  `pickup_poc_name` varchar(191) CHARACTER SET utf8mb4 COLLATE utf8mb4_unicode_ci DEFAULT NULL,
  `drop_poc_name` varchar(191) CHARACTER SET utf8mb4 COLLATE utf8mb4_unicode_ci DEFAULT NULL,
  `pickup_poc_mobile` varchar(191) CHARACTER SET utf8mb4 COLLATE utf8mb4_unicode_ci DEFAULT NULL,
  `pickup_poc_instruction` varchar(191) CHARACTER SET utf8mb4 COLLATE utf8mb4_unicode_ci DEFAULT NULL,
  `drop_poc_mobile` varchar(191) CHARACTER SET utf8mb4 COLLATE utf8mb4_unicode_ci DEFAULT NULL,
  `drop_poc_instruction` varchar(191) CHARACTER SET utf8mb4 COLLATE utf8mb4_unicode_ci DEFAULT NULL,
  `created_at` timestamp NULL DEFAULT NULL,
  `updated_at` timestamp NULL DEFAULT NULL
) ENGINE=InnoDB DEFAULT CHARSET=utf8mb4 COLLATE=utf8mb4_unicode_ci;

--
-- Dumping data for table `request_places`
--

INSERT INTO `request_places` (`id`, `request_id`, `pick_lat`, `pick_lng`, `drop_lat`, `drop_lng`, `request_path`, `pick_address`, `drop_address`, `pickup_poc_name`, `drop_poc_name`, `pickup_poc_mobile`, `pickup_poc_instruction`, `drop_poc_mobile`, `drop_poc_instruction`, `created_at`, `updated_at`) VALUES
(32, 'e3e9175b-0709-4bce-8219-22ef456b3f62', 26.10236521, 91.71940226, 26.11579170, 91.70859330, '[{\"lat\":26.1023872,\"lng\":91.7194328}]', 'Bhabananda Boro Path, AHOM GAON, Guwahati, Assam 781035, India', 'Guwahati, Assam, India', NULL, NULL, NULL, NULL, NULL, NULL, '2026-02-10 10:36:22', '2026-02-10 10:37:06'),
(33, '3f1b2968-f7a4-4c0a-87ee-541343cb302c', 26.10236521, 91.71940226, 26.11579170, 91.70859330, '[{\"lat\":26.1023486,\"lng\":91.7193776}]', 'Bhabananda Boro Path, AHOM GAON, Guwahati, Assam 781035, India', 'Guwahati, Assam, India', NULL, NULL, NULL, NULL, NULL, NULL, '2026-02-10 10:39:24', '2026-02-10 10:39:53'),
(34, '212cef1f-8b66-43aa-bd7b-0945e2958084', 26.10236521, 91.71940226, 26.11579170, 91.70859330, '[{\"lat\":26.1023479,\"lng\":91.7193896}]', 'Bhabananda Boro Path, AHOM GAON, Guwahati, Assam 781035, India', 'Guwahati, Assam, India', NULL, NULL, NULL, NULL, NULL, NULL, '2026-02-10 10:47:39', '2026-02-10 10:48:05'),
(35, 'b71554e4-3aa9-4a39-bb4e-b41b46b01b7c', 26.10235617, 91.71940226, 26.11579170, 91.70859330, '[{\"lat\":26.1024209,\"lng\":91.7196378}]', 'Bhabananda Boro Path, AHOM GAON, Guwahati, Assam 781035, India', 'Guwahati, Assam, India', NULL, NULL, NULL, NULL, NULL, NULL, '2026-02-10 10:51:03', '2026-02-10 10:51:28'),
(36, '7bc25deb-6ffa-4860-9b4e-6225ba86469e', 40.73760208, 19.57462963, 40.46606680, 19.49135600, NULL, 'Rruga Teodor i II Muzaka 2, Fier, Albania', 'Vlorë, Albania', NULL, NULL, NULL, NULL, NULL, NULL, '2026-02-10 11:18:35', '2026-02-10 11:18:35'),
(37, 'ca9a0d20-3ff7-4341-970b-c4c22544a274', 40.73692760, 19.57398992, 41.32459040, 19.45646860, NULL, 'Rruga Teodor i II Muzaka, Fier, Albania', 'Durrës, Albania', NULL, NULL, NULL, NULL, NULL, NULL, '2026-02-10 11:19:02', '2026-02-10 11:19:02'),
(38, '4f439297-6aeb-4bb6-a1c6-7c74c55578d2', 26.10255188, 91.71965975, 26.11579170, 91.70859330, '[{\"lat\":26.1024656,\"lng\":91.7196578}]', 'Bhabananda Boro Path, AHOM GAON, Guwahati, Assam 781035, India', 'Guwahati, Assam, India', NULL, NULL, NULL, NULL, NULL, NULL, '2026-02-10 11:26:50', '2026-02-10 11:27:43'),
(39, '79af3603-a6fe-4dc0-aa1f-1f0de938265f', 40.72786980, 19.55963050, 40.46606680, 19.49135600, NULL, 'Fier, Albania', 'Vlorë, Albania', NULL, NULL, NULL, NULL, NULL, NULL, '2026-02-10 11:51:43', '2026-02-10 11:51:43'),
(40, '389250bb-a642-4e71-9a52-0c6d413b8e66', 40.72786980, 19.55963050, 41.32754590, 19.81869820, NULL, 'Fier, Albania', 'Tirana, Albania', NULL, NULL, NULL, NULL, NULL, NULL, '2026-02-10 12:15:42', '2026-02-10 12:15:42');

-- --------------------------------------------------------

--
-- Table structure for table `request_preferences`
--

CREATE TABLE `request_preferences` (
  `id` int UNSIGNED NOT NULL,
  `request_id` char(36) CHARACTER SET utf8mb4 COLLATE utf8mb4_unicode_ci NOT NULL,
  `preference_price_id` int UNSIGNED NOT NULL,
  `price` double(10,2) NOT NULL DEFAULT '0.00',
  `created_at` timestamp NULL DEFAULT NULL,
  `updated_at` timestamp NULL DEFAULT NULL
) ENGINE=InnoDB DEFAULT CHARSET=utf8mb4 COLLATE=utf8mb4_unicode_ci;

-- --------------------------------------------------------

--
-- Table structure for table `request_ratings`
--

CREATE TABLE `request_ratings` (
  `id` int UNSIGNED NOT NULL,
  `request_id` char(36) CHARACTER SET utf8mb4 COLLATE utf8mb4_unicode_ci NOT NULL,
  `user_id` int UNSIGNED DEFAULT NULL,
  `driver_id` int UNSIGNED NOT NULL,
  `rating` double(8,2) NOT NULL DEFAULT '0.00',
  `comment` varchar(191) CHARACTER SET utf8mb4 COLLATE utf8mb4_unicode_ci DEFAULT NULL,
  `user_rating` tinyint(1) NOT NULL DEFAULT '0',
  `driver_rating` tinyint(1) NOT NULL DEFAULT '0',
  `created_at` timestamp NULL DEFAULT NULL,
  `updated_at` timestamp NULL DEFAULT NULL
) ENGINE=InnoDB DEFAULT CHARSET=utf8mb4 COLLATE=utf8mb4_unicode_ci;

--
-- Dumping data for table `request_ratings`
--

INSERT INTO `request_ratings` (`id`, `request_id`, `user_id`, `driver_id`, `rating`, `comment`, `user_rating`, `driver_rating`, `created_at`, `updated_at`) VALUES
(21, 'e3e9175b-0709-4bce-8219-22ef456b3f62', 33, 9, 5.00, NULL, 0, 1, '2026-02-10 10:37:20', '2026-02-10 10:37:20'),
(22, '3f1b2968-f7a4-4c0a-87ee-541343cb302c', 33, 9, 5.00, NULL, 0, 1, '2026-02-10 10:40:06', '2026-02-10 10:40:06'),
(23, '212cef1f-8b66-43aa-bd7b-0945e2958084', 33, 9, 5.00, NULL, 0, 1, '2026-02-10 10:48:14', '2026-02-10 10:48:14'),
(24, 'b71554e4-3aa9-4a39-bb4e-b41b46b01b7c', 33, 9, 5.00, NULL, 0, 1, '2026-02-10 10:51:52', '2026-02-10 10:51:52'),
(25, 'b71554e4-3aa9-4a39-bb4e-b41b46b01b7c', 33, 9, 5.00, NULL, 1, 0, '2026-02-10 10:52:21', '2026-02-10 10:52:21'),
(26, 'ca9a0d20-3ff7-4341-970b-c4c22544a274', 36, 10, 5.00, NULL, 1, 0, '2026-02-10 11:20:31', '2026-02-10 11:20:31'),
(27, 'ca9a0d20-3ff7-4341-970b-c4c22544a274', 36, 10, 5.00, NULL, 0, 1, '2026-02-10 11:20:35', '2026-02-10 11:20:35'),
(28, '4f439297-6aeb-4bb6-a1c6-7c74c55578d2', 33, 9, 5.00, NULL, 0, 1, '2026-02-10 11:27:54', '2026-02-10 11:27:54');

-- --------------------------------------------------------

--
-- Table structure for table `request_stops`
--

CREATE TABLE `request_stops` (
  `id` int UNSIGNED NOT NULL,
  `request_id` char(36) CHARACTER SET utf8mb4 COLLATE utf8mb4_unicode_ci NOT NULL,
  `address` varchar(191) CHARACTER SET utf8mb4 COLLATE utf8mb4_unicode_ci DEFAULT NULL,
  `latitude` double(15,8) DEFAULT NULL,
  `longitude` double(15,8) DEFAULT NULL,
  `poc_name` varchar(191) CHARACTER SET utf8mb4 COLLATE utf8mb4_unicode_ci DEFAULT NULL,
  `poc_mobile` varchar(14) CHARACTER SET utf8mb4 COLLATE utf8mb4_unicode_ci DEFAULT NULL,
  `poc_instruction` varchar(191) CHARACTER SET utf8mb4 COLLATE utf8mb4_unicode_ci DEFAULT NULL,
  `completed_at` timestamp NULL DEFAULT NULL,
  `order` int UNSIGNED NOT NULL DEFAULT '0',
  `created_at` timestamp NULL DEFAULT NULL,
  `updated_at` timestamp NULL DEFAULT NULL
) ENGINE=InnoDB DEFAULT CHARSET=utf8mb4 COLLATE=utf8mb4_unicode_ci;

-- --------------------------------------------------------

--
-- Table structure for table `reward_histories`
--

CREATE TABLE `reward_histories` (
  `id` char(36) CHARACTER SET utf8mb4 COLLATE utf8mb4_unicode_ci NOT NULL,
  `user_id` int UNSIGNED NOT NULL,
  `request_id` char(36) CHARACTER SET utf8mb4 COLLATE utf8mb4_unicode_ci DEFAULT NULL,
  `is_credit` tinyint(1) NOT NULL DEFAULT '0',
  `amount` double(10,2) NOT NULL DEFAULT '0.00',
  `reward_points` double(10,2) NOT NULL DEFAULT '0.00',
  `remarks` varchar(191) CHARACTER SET utf8mb4 COLLATE utf8mb4_unicode_ci DEFAULT NULL,
  `created_at` timestamp NULL DEFAULT NULL,
  `updated_at` timestamp NULL DEFAULT NULL
) ENGINE=InnoDB DEFAULT CHARSET=utf8mb4 COLLATE=utf8mb4_unicode_ci;

-- --------------------------------------------------------

--
-- Table structure for table `reward_points`
--

CREATE TABLE `reward_points` (
  `id` char(36) CHARACTER SET utf8mb4 COLLATE utf8mb4_unicode_ci NOT NULL,
  `user_id` int UNSIGNED NOT NULL,
  `points_added` double(10,2) NOT NULL DEFAULT '0.00',
  `points_spend` double(10,2) NOT NULL DEFAULT '0.00',
  `balance_reward_points` double(10,2) NOT NULL DEFAULT '0.00',
  `total_reward_points_collected` double(10,2) NOT NULL DEFAULT '0.00',
  `created_at` timestamp NULL DEFAULT NULL,
  `updated_at` timestamp NULL DEFAULT NULL
) ENGINE=InnoDB DEFAULT CHARSET=utf8mb4 COLLATE=utf8mb4_unicode_ci;

--
-- Dumping data for table `reward_points`
--

INSERT INTO `reward_points` (`id`, `user_id`, `points_added`, `points_spend`, `balance_reward_points`, `total_reward_points_collected`, `created_at`, `updated_at`) VALUES
('203de14e-0704-40b7-b2a9-ea78cb48c445', 4, 0.00, 0.00, 0.00, 0.00, '2026-01-26 11:21:45', '2026-01-26 11:21:45'),
('2e5942a0-2719-4ac9-b195-0268538d5285', 5, 0.00, 0.00, 0.00, 0.00, '2026-01-26 11:24:02', '2026-01-26 11:24:02'),
('341a9d02-954e-455b-b8e2-f261da7e924f', 10, 0.00, 0.00, 0.00, 0.00, '2026-01-27 10:58:12', '2026-01-27 10:58:12'),
('3cb8ed96-9899-4f16-a01f-c4b95e8c77ea', 9, 0.00, 0.00, 0.00, 0.00, '2026-01-27 05:15:55', '2026-01-27 05:15:55'),
('49618066-0099-4d1b-9625-e183bac152f1', 34, 0.00, 0.00, 0.00, 0.00, '2026-02-10 10:33:18', '2026-02-10 10:33:18'),
('4e816bf8-7104-45dc-a668-2bf00c2ac235', 8, 0.00, 0.00, 0.00, 0.00, '2026-01-26 18:09:17', '2026-01-26 18:09:17'),
('61ad883c-e08a-4589-b81b-ff323df68d2f', 15, 0.00, 0.00, 0.00, 0.00, '2026-01-29 15:41:19', '2026-01-29 15:41:19'),
('66d7153d-bbb9-42ca-99b1-28f1e1d6ff53', 35, 0.00, 0.00, 0.00, 0.00, '2026-02-10 11:10:06', '2026-02-10 11:10:06'),
('7e3aa7c5-adf7-4418-9b07-084ba4e019a4', 28, 0.00, 0.00, 0.00, 0.00, '2026-02-03 14:24:19', '2026-02-03 14:24:19'),
('9c97d5ed-e947-4807-a81a-b6f1481aac77', 6, 0.00, 0.00, 0.00, 0.00, '2026-01-26 11:27:03', '2026-01-26 11:27:03');

-- --------------------------------------------------------

--
-- Table structure for table `roles`
--

CREATE TABLE `roles` (
  `id` int UNSIGNED NOT NULL,
  `slug` varchar(50) CHARACTER SET utf8mb4 COLLATE utf8mb4_unicode_ci NOT NULL,
  `name` varchar(50) CHARACTER SET utf8mb4 COLLATE utf8mb4_unicode_ci NOT NULL,
  `description` varchar(150) CHARACTER SET utf8mb4 COLLATE utf8mb4_unicode_ci DEFAULT NULL,
  `all` tinyint(1) NOT NULL DEFAULT '0',
  `locked` tinyint(1) NOT NULL DEFAULT '0',
  `created_by` int UNSIGNED DEFAULT NULL,
  `created_at` timestamp NULL DEFAULT NULL,
  `updated_at` timestamp NULL DEFAULT NULL
) ENGINE=InnoDB DEFAULT CHARSET=utf8mb4 COLLATE=utf8mb4_unicode_ci;

--
-- Dumping data for table `roles`
--

INSERT INTO `roles` (`id`, `slug`, `name`, `description`, `all`, `locked`, `created_by`, `created_at`, `updated_at`) VALUES
(1, 'super-admin', 'Super Admin', 'Admin group with unrestricted access', 1, 1, 1, '2026-01-26 08:20:48', '2026-01-27 11:58:04'),
(2, 'user', 'Normal User', 'Normal user with standard access', 0, 1, 1, '2026-01-26 08:20:48', '2026-01-27 11:58:04'),
(3, 'owner', 'Normal Owner', 'Normal Owner with standard access', 0, 1, 1, '2026-01-26 08:20:48', '2026-01-27 11:58:04'),
(4, 'driver', 'Driver', 'Driver user with standard access', 0, 1, 1, '2026-01-26 08:20:48', '2026-01-27 11:58:04'),
(5, 'dispatcher', 'Dispatcher', 'Taxi Dispatcher user with standard access', 0, 1, 1, '2026-01-26 08:20:48', '2026-01-27 11:58:04'),
(6, 'employee', 'Employee', 'Taxi employee user with standard access', 0, 1, 1, '2026-01-26 08:20:48', '2026-02-07 19:58:51'),
(48, 'agent', 'Agent', 'Taxi Agent user with standard access', 0, 1, 1, '2026-01-30 14:47:08', '2026-02-07 19:58:32'),
(56, 'admin', 'Admin', 'Admin', 0, 0, 1, '2026-01-31 13:58:42', '2026-01-31 13:58:42'),
(59, 'niko-blloshmi', 'Niko Blloshmi', 'Admin', 0, 0, 1, '2026-02-10 12:30:19', '2026-02-10 12:30:31');

-- --------------------------------------------------------

--
-- Table structure for table `role_user`
--

CREATE TABLE `role_user` (
  `user_id` int UNSIGNED NOT NULL,
  `role_id` int UNSIGNED NOT NULL
) ENGINE=InnoDB DEFAULT CHARSET=utf8mb4 COLLATE=utf8mb4_unicode_ci;

--
-- Dumping data for table `role_user`
--

INSERT INTO `role_user` (`user_id`, `role_id`) VALUES
(1, 1),
(39, 1),
(2, 2),
(3, 2),
(7, 2),
(11, 2),
(14, 2),
(33, 2),
(36, 2),
(37, 2),
(38, 2),
(13, 3),
(4, 4),
(5, 4),
(6, 4),
(8, 4),
(9, 4),
(10, 4),
(15, 4),
(28, 4),
(34, 4),
(35, 4),
(12, 5),
(18, 5),
(31, 5),
(32, 5),
(16, 48),
(17, 48),
(20, 48),
(24, 48),
(25, 48),
(26, 48),
(27, 48),
(29, 48),
(30, 48),
(19, 56),
(21, 56),
(22, 56),
(23, 56);

-- --------------------------------------------------------

--
-- Table structure for table `service_locations`
--

CREATE TABLE `service_locations` (
  `id` char(36) CHARACTER SET utf8mb4 COLLATE utf8mb4_unicode_ci NOT NULL,
  `company_key` varchar(191) CHARACTER SET utf8mb4 COLLATE utf8mb4_unicode_ci DEFAULT NULL,
  `name` varchar(191) CHARACTER SET utf8mb4 COLLATE utf8mb4_unicode_ci NOT NULL,
  `translation_dataset` text CHARACTER SET utf8mb4 COLLATE utf8mb4_unicode_ci,
  `currency_name` varchar(191) CHARACTER SET utf8mb4 COLLATE utf8mb4_unicode_ci DEFAULT NULL,
  `currency_code` varchar(191) CHARACTER SET utf8mb4 COLLATE utf8mb4_unicode_ci DEFAULT NULL,
  `currency_symbol` varchar(191) CHARACTER SET utf8mb4 COLLATE utf8mb4_unicode_ci DEFAULT NULL,
  `currency_pointer` varchar(191) CHARACTER SET utf8mb4 COLLATE utf8mb4_unicode_ci DEFAULT NULL,
  `timezone` varchar(191) CHARACTER SET utf8mb4 COLLATE utf8mb4_unicode_ci NOT NULL,
  `country` int UNSIGNED NOT NULL,
  `active` tinyint(1) NOT NULL DEFAULT '0',
  `created_at` timestamp NULL DEFAULT NULL,
  `updated_at` timestamp NULL DEFAULT NULL,
  `deleted_at` timestamp NULL DEFAULT NULL
) ENGINE=InnoDB DEFAULT CHARSET=utf8mb4 COLLATE=utf8mb4_unicode_ci;

--
-- Dumping data for table `service_locations`
--

INSERT INTO `service_locations` (`id`, `company_key`, `name`, `translation_dataset`, `currency_name`, `currency_code`, `currency_symbol`, `currency_pointer`, `timezone`, `country`, `active`, `created_at`, `updated_at`, `deleted_at`) VALUES
('4c0beb64-d574-4fc3-9458-be37c87af335', NULL, 'World', '{\"en\":{\"locale\":\"en\",\"name\":\"World\"}}', 'euro', 'EUR', '€', 'ltr', 'Europe/Tirane', 2, 1, '2026-01-26 09:22:26', '2026-02-10 09:55:06', NULL);

-- --------------------------------------------------------

--
-- Table structure for table `service_location_translations`
--

CREATE TABLE `service_location_translations` (
  `id` int UNSIGNED NOT NULL,
  `service_location_id` char(36) CHARACTER SET utf8mb4 COLLATE utf8mb4_unicode_ci NOT NULL,
  `name` varchar(191) CHARACTER SET utf8mb4 COLLATE utf8mb4_unicode_ci NOT NULL,
  `locale` varchar(191) CHARACTER SET utf8mb4 COLLATE utf8mb4_unicode_ci NOT NULL,
  `created_at` timestamp NULL DEFAULT NULL,
  `updated_at` timestamp NULL DEFAULT NULL
) ENGINE=InnoDB DEFAULT CHARSET=utf8mb4 COLLATE=utf8mb4_unicode_ci;

--
-- Dumping data for table `service_location_translations`
--

INSERT INTO `service_location_translations` (`id`, `service_location_id`, `name`, `locale`, `created_at`, `updated_at`) VALUES
(4, '4c0beb64-d574-4fc3-9458-be37c87af335', 'World', 'en', NULL, NULL);

-- --------------------------------------------------------

--
-- Table structure for table `sessions`
--

CREATE TABLE `sessions` (
  `id` varchar(191) CHARACTER SET utf8mb4 COLLATE utf8mb4_unicode_ci NOT NULL,
  `user_id` bigint UNSIGNED DEFAULT NULL,
  `ip_address` varchar(45) CHARACTER SET utf8mb4 COLLATE utf8mb4_unicode_ci DEFAULT NULL,
  `user_agent` text CHARACTER SET utf8mb4 COLLATE utf8mb4_unicode_ci,
  `payload` longtext CHARACTER SET utf8mb4 COLLATE utf8mb4_unicode_ci NOT NULL,
  `last_activity` int NOT NULL
) ENGINE=InnoDB DEFAULT CHARSET=utf8mb4 COLLATE=utf8mb4_unicode_ci;

-- --------------------------------------------------------

--
-- Table structure for table `settings`
--

CREATE TABLE `settings` (
  `id` int UNSIGNED NOT NULL,
  `name` varchar(191) CHARACTER SET utf8mb4 COLLATE utf8mb4_unicode_ci NOT NULL,
  `field` enum('select','text','file','password') CHARACTER SET utf8mb4 COLLATE utf8mb4_unicode_ci NOT NULL DEFAULT 'text',
  `category` varchar(191) CHARACTER SET utf8mb4 COLLATE utf8mb4_unicode_ci DEFAULT NULL,
  `value` varchar(191) CHARACTER SET utf8mb4 COLLATE utf8mb4_unicode_ci DEFAULT NULL,
  `option_value` varchar(191) CHARACTER SET utf8mb4 COLLATE utf8mb4_unicode_ci DEFAULT NULL,
  `group_name` varchar(191) CHARACTER SET utf8mb4 COLLATE utf8mb4_unicode_ci DEFAULT NULL,
  `created_at` timestamp NULL DEFAULT NULL,
  `updated_at` timestamp NULL DEFAULT NULL
) ENGINE=InnoDB DEFAULT CHARSET=utf8mb4 COLLATE=utf8mb4_unicode_ci;

--
-- Dumping data for table `settings`
--

INSERT INTO `settings` (`id`, `name`, `field`, `category`, `value`, `option_value`, `group_name`, `created_at`, `updated_at`) VALUES
(1, 'service_tax_for_food', 'text', 'tax_settings', '30', NULL, NULL, '2026-01-26 08:20:59', '2026-01-26 08:20:59'),
(2, 'trip_dispatch_type', 'select', 'trip_settings', '1', '{\"one-by-one\":1,\"to-all-drivers\":0}', NULL, '2026-01-26 08:20:59', '2026-02-10 12:50:46'),
(4, 'driver_search_radius', 'text', 'trip_settings', '20', NULL, NULL, '2026-01-26 08:20:59', '2026-02-10 12:50:46'),
(5, 'can_round_the_bill_values', 'select', 'trip_settings', '0', '{\"yes\":1,\"no\":0}', NULL, '2026-01-26 08:20:59', '2026-02-10 12:50:46'),
(6, 'minimum_trip_distane', 'text', 'trip_settings', '25', NULL, NULL, '2026-01-26 08:20:59', '2026-01-26 08:20:59'),
(7, 'enable_luggage_preference_for_user', 'select', 'customization_settings', '1', '{\"yes\":1,\"no\":0}', NULL, '2026-01-26 08:20:59', '2026-02-10 10:24:12'),
(8, 'maximum_time_for_find_drivers_for_bitting_ride', 'text', 'trip_settings', '10', NULL, NULL, '2026-01-26 08:20:59', '2026-02-10 12:50:46'),
(9, 'maximum_time_for_accept_reject_bidding_ride', 'text', 'trip_settings', '10', NULL, NULL, '2026-01-26 08:20:59', '2026-02-10 12:50:46'),
(10, 'enable_shipment_load_feature', 'select', 'customization_settings', '1', '{\"yes\":1,\"no\":0}', NULL, '2026-01-26 08:20:59', '2026-02-10 10:24:12'),
(11, 'enable_shipment_unload_feature', 'select', 'customization_settings', '1', '{\"yes\":1,\"no\":0}', NULL, '2026-01-26 08:20:59', '2026-02-10 10:24:12'),
(12, 'enable_digital_signature', 'select', 'customization_settings', '1', '{\"yes\":1,\"no\":0}', NULL, '2026-01-26 08:20:59', '2026-02-10 10:24:12'),
(13, 'user_can_make_a_ride_after_x_miniutes', 'text', 'trip_settings', '60', NULL, NULL, '2026-01-26 08:20:59', '2026-02-10 12:50:46'),
(14, 'user_can_cancel_a_order_in_x_Seconds', 'text', 'trip_settings', '60', NULL, NULL, '2026-01-26 08:20:59', '2026-01-26 08:20:59'),
(15, 'minimum_time_for_search_drivers_for_schedule_ride', 'text', 'trip_settings', '1', NULL, NULL, '2026-01-26 08:20:59', '2026-02-10 12:50:46'),
(16, 'minimum_time_for_starting_trip_drivers_for_schedule_ride', 'text', 'trip_settings', '30', NULL, NULL, '2026-01-26 08:20:59', '2026-02-10 12:50:46'),
(17, 'maximum_time_for_find_drivers_for_regular_ride', 'text', 'trip_settings', '5', NULL, NULL, '2026-01-26 08:20:59', '2026-02-10 12:50:46'),
(18, 'trip_accept_reject_duration_for_driver', 'text', 'trip_settings', '10', NULL, NULL, '2026-01-26 08:20:59', '2026-02-10 12:50:46'),
(19, 'how_many_times_a_driver_can_enable_the_my_route_booking_per_day', 'text', 'customization_settings', '1', NULL, NULL, '2026-01-26 08:20:59', '2026-02-10 10:24:12'),
(20, 'enable_my_route_booking_feature', 'select', 'customization_settings', '1', '{\"yes\":1,\"no\":0}', NULL, '2026-01-26 08:20:59', '2026-02-10 10:24:12'),
(21, 'enable_web_booking_feature', 'select', 'customization_settings', '1', '{\"yes\":1,\"no\":0}', NULL, '2026-01-26 08:20:59', '2026-02-10 10:24:12'),
(22, 'enable_sub_vehicle_feature', 'select', 'customization_settings', '1', '{\"yes\":1,\"no\":0}', NULL, '2026-01-26 08:20:59', '2026-02-10 10:24:12'),
(23, 'map_type', 'select', 'map_settings', 'open_street_map', '{\"google_map\":\"google\",\"open_street_map\":\"open_street\"}', NULL, '2026-01-26 08:20:59', '2026-01-26 08:20:59'),
(24, 'enable_vase_map', 'select', 'customization_settings', '1', '{\"yes\":1,\"no\":0}', NULL, '2026-01-26 08:20:59', '2026-02-10 10:24:12'),
(25, 'enable_modules_for_applications', 'select', 'customization_settings', 'both', '{\"taxi\":\"taxi\",\"delivery\":\"delivery\",\"both\":\"both\",\"food_delivery\":\"food_delivery\"}', NULL, '2026-01-26 08:20:59', '2026-01-26 08:20:59'),
(26, 'logo', 'file', 'general', 'kixqYxDr0NNsVOshc4Lwfvmv88FZGT6OYTHdvhSo.png', NULL, NULL, '2026-01-26 08:20:59', '2026-02-10 10:01:45'),
(27, 'favicon', 'file', 'general', 'u5VJ9bh4SJbcqTHqlIU9RvHWKvfD1ZhMUXqETZGL.png', NULL, NULL, '2026-01-26 08:20:59', '2026-02-10 10:01:45'),
(28, 'loginbg', 'file', 'general', 'workspace.jpg', NULL, NULL, '2026-01-26 08:20:59', '2026-01-26 08:20:59'),
(29, 'owner_loginbg', 'file', 'general', 'YFPztz70nrH64eTjI3Vi70DDat0oim46edRmcZIA.jpg', NULL, NULL, '2026-01-26 08:20:59', '2026-01-26 20:31:39'),
(30, 'nav_color', 'text', 'general', '#0ab39c', NULL, NULL, '2026-01-26 08:20:59', '2026-02-10 12:47:53'),
(31, 'sidebar_color', 'text', 'general', '#405189', NULL, NULL, '2026-01-26 08:20:59', '2026-02-10 12:47:53'),
(32, 'sidebar_text_color', 'text', 'general', '#ffffff', NULL, NULL, '2026-01-26 08:20:59', '2026-02-10 12:47:53'),
(33, 'footer_content1', 'text', 'general', '2026 © GeTaxi.', NULL, NULL, '2026-01-26 08:20:59', '2026-02-10 12:47:53'),
(34, 'footer_content2', 'text', 'general', 'Design & Develop by GeTaxi', NULL, NULL, '2026-01-26 08:20:59', '2026-02-10 12:47:53'),
(35, 'app_name', 'text', 'general', 'GeTaxi', NULL, NULL, '2026-01-26 08:21:00', '2026-02-10 12:47:53'),
(36, 'facebook', 'text', 'general', 'https://facebook.com', NULL, NULL, '2026-01-26 08:21:00', '2026-01-26 08:21:00'),
(37, 'instagram', 'text', 'general', 'https://instagram.com', NULL, NULL, '2026-01-26 08:21:00', '2026-01-26 08:21:00'),
(38, 'linkedin', 'text', 'general', 'https://linkedin.com', NULL, NULL, '2026-01-26 08:21:00', '2026-01-26 08:21:00'),
(39, 'twitter', 'text', 'general', 'https://twitter.com', NULL, NULL, '2026-01-26 08:21:00', '2026-01-26 08:21:00'),
(40, 'currency_code', 'text', 'general', 'EUR', NULL, NULL, '2026-01-26 08:21:00', '2026-02-10 12:47:53'),
(41, 'currency_symbol', 'text', 'general', '€', NULL, NULL, '2026-01-26 08:21:00', '2026-02-10 12:47:53'),
(42, 'default_currency_code_for_mobile_app', 'text', 'customization_settings', 'INR', NULL, NULL, '2026-01-26 08:21:00', '2026-01-26 08:21:00'),
(43, 'default_country_code_for_mobile_app', 'text', 'customization_settings', 'EUR', NULL, NULL, '2026-01-26 08:21:00', '2026-02-10 10:24:12'),
(44, 'contact_us_mobile1', 'text', 'general', '+355683398452', NULL, NULL, '2026-01-26 08:21:00', '2026-02-10 12:47:53'),
(45, 'contact_us_mobile2', 'text', 'general', '+355683398452', NULL, NULL, '2026-01-26 08:21:00', '2026-02-10 12:47:53'),
(46, 'contact_us_link', 'text', 'general', 'https://tagxi-landing.ondemandappz.com/', NULL, NULL, '2026-01-26 08:21:00', '2026-02-10 12:47:53'),
(47, 'default_latitude', 'text', 'general', '52.4778', NULL, NULL, '2026-01-26 08:21:00', '2026-02-10 12:47:53'),
(48, 'default_longitude', 'text', 'general', '1.8990', NULL, NULL, '2026-01-26 08:21:00', '2026-02-10 12:47:53'),
(49, 'enable_country_restrict_on_map', 'select', 'customization_settings', '0', '{\"yes\":1,\"no\":0}', NULL, '2026-01-26 08:21:00', '2026-02-10 10:49:22'),
(50, 'show_wallet_feature_on_mobile_app', 'select', 'customization_settings', '1', '{\"yes\":1,\"no\":0}', NULL, '2026-01-26 08:21:00', '2026-02-10 10:24:12'),
(51, 'show_bank_info_feature_on_mobile_app', 'select', 'customization_settings', '1', '{\"yes\":1,\"no\":0}', NULL, '2026-01-26 08:21:00', '2026-01-26 08:21:00'),
(52, 'bidding_low_percentage', 'text', 'trip_settings', '50', '0', NULL, '2026-01-26 08:21:00', '2026-01-27 13:00:29'),
(53, 'bidding_high_percentage', 'text', 'trip_settings', '10', '0', NULL, '2026-01-26 08:21:00', '2026-01-27 13:00:29'),
(54, 'bidding_amount_increase_or_decrease', 'text', 'trip_settings', '10', '0', NULL, '2026-01-26 08:21:00', '2026-01-27 13:00:30'),
(55, 'user_bidding_low_percentage', 'text', 'trip_settings', '50', '0', NULL, '2026-01-26 08:21:00', '2026-01-27 13:00:30'),
(56, 'user_bidding_high_percentage', 'text', 'trip_settings', '10', '0', NULL, '2026-01-26 08:21:00', '2026-01-27 13:00:30'),
(57, 'user_bidding_amount_increase_or_decrease', 'text', 'trip_settings', '1', '0', NULL, '2026-01-26 08:21:00', '2026-01-27 13:00:30'),
(58, 'show_wallet_feature_on_mobile_app_driver', 'select', 'customization_settings', '1', '{\"yes\":1,\"no\":0}', NULL, '2026-01-26 08:21:00', '2026-02-10 10:24:12'),
(59, 'show_instant_ride_feature_on_mobile_app', 'select', 'customization_settings', '1', '{\"yes\":1,\"no\":0}', NULL, '2026-01-26 08:21:00', '2026-02-10 10:24:12'),
(60, 'show_outstation_ride_feature', 'select', 'customization_settings', '0', '{\"yes\":1,\"no\":0}', NULL, '2026-01-26 08:21:00', '2026-01-26 08:21:00'),
(61, 'show_delivery_outstation_ride_feature', 'select', 'customization_settings', '0', '{\"yes\":1,\"no\":0}', NULL, '2026-01-26 08:21:01', '2026-01-26 08:21:01'),
(62, 'enable_outstation_round_trip_feature', 'select', 'customization_settings', '1', '{\"yes\":1,\"no\":0}', NULL, '2026-01-26 08:21:01', '2026-02-10 10:24:12'),
(63, 'show_owner_module_feature_on_mobile_app', 'select', 'customization_settings', '1', '{\"yes\":1,\"no\":0}', NULL, '2026-01-26 08:21:01', '2026-02-10 10:24:12'),
(64, 'show_wallet_money_transfer_feature_on_mobile_app_for_owner', 'select', 'customization_settings', '1', '{\"yes\":1,\"no\":0}', NULL, '2026-01-26 08:21:01', '2026-02-10 10:24:12'),
(65, 'show_wallet_feature_on_mobile_app_owner', 'select', 'customization_settings', '1', '{\"yes\":1,\"no\":0}', NULL, '2026-01-26 08:21:01', '2026-01-26 08:21:01'),
(66, 'show_wallet_money_transfer_feature_on_mobile_app', 'select', 'customization_settings', '1', '{\"yes\":1,\"no\":0}', NULL, '2026-01-26 08:21:01', '2026-02-10 10:24:12'),
(67, 'show_wallet_money_transfer_feature_on_mobile_app_for_driver', 'select', 'customization_settings', '1', '{\"yes\":1,\"no\":0}', NULL, '2026-01-26 08:21:01', '2026-02-10 10:24:12'),
(68, 'enable_pet_preference_for_user', 'select', 'customization_settings', '0', '{\"yes\":1,\"no\":0}', NULL, '2026-01-26 08:21:01', '2026-02-10 10:24:12'),
(69, 'enable_document_auto_approval', 'select', 'customization_settings', '0', '{\"yes\":1,\"no\":0}', NULL, '2026-01-26 08:21:01', '2026-02-10 10:24:12'),
(70, 'resteruant_payout_type', 'select', 'general', 'daily', '{\"daily\":\"daily\",\"weekly\":\"weekly\",\"monthly\":\"monthly\"}', NULL, '2026-01-26 08:21:01', '2026-01-26 08:21:01'),
(73, 'google_map_key', 'password', 'map_settings', 'Your google map key', NULL, NULL, '2026-01-26 08:21:01', '2026-01-26 08:21:01'),
(74, 'show_rental_ride_feature', 'select', 'customization_settings', '1', '{\"yes\":1,\"no\":0}', NULL, '2026-01-26 08:21:01', '2026-01-26 08:21:01'),
(75, 'show_delivery_rental_ride_feature', 'select', 'customization_settings', '1', '{\"yes\":1,\"no\":0}', NULL, '2026-01-26 08:21:01', '2026-01-26 08:21:01'),
(76, 'show_taxi_rental_ride_feature', 'select', 'customization_settings', '1', '{\"yes\":1,\"no\":0}', NULL, '2026-01-26 08:21:01', '2026-01-26 08:21:01'),
(77, 'show_card_payment_feature', 'select', 'customization_settings', '1', '{\"yes\":1,\"no\":0}', NULL, '2026-01-26 08:21:01', '2026-02-10 10:24:12'),
(78, 'show_ride_otp_feature', 'select', 'customization_settings', '0', '{\"yes\":1,\"no\":0}', NULL, '2026-01-26 08:21:01', '2026-02-10 10:24:12'),
(79, 'show_ride_later_feature', 'select', 'customization_settings', '1', '{\"yes\":1,\"no\":0}', NULL, '2026-01-26 08:21:01', '2026-01-26 08:21:01'),
(80, 'show_ride_without_destination', 'select', 'customization_settings', '1', '{\"yes\":1,\"no\":0}', NULL, '2026-01-26 08:21:01', '2026-02-10 10:24:12'),
(81, 'show_incentive_feature_for_driver', 'select', 'customization_settings', '1', '{\"yes\":1,\"no\":0}', NULL, '2026-01-26 08:21:01', '2026-02-10 10:24:12'),
(82, 'mail_mailer', 'text', 'mail_configuration', 'smtp', NULL, NULL, '2026-01-26 08:21:01', '2026-01-26 08:21:01'),
(83, 'mail_host', 'text', 'mail_configuration', 'smtp.gmail.com', NULL, NULL, '2026-01-26 08:21:01', '2026-01-26 08:21:01'),
(84, 'mail_port', 'text', 'mail_configuration', '587', NULL, NULL, '2026-01-26 08:21:01', '2026-01-26 08:21:01'),
(85, 'mail_username', 'password', 'mail_configuration', 'misoftwares2021@gmail.com', NULL, NULL, '2026-01-26 08:21:01', '2026-01-26 08:21:01'),
(86, 'mail_password', 'password', 'mail_configuration', 'vnlzidnvidfninvdvlnjdfv', NULL, NULL, '2026-01-26 08:21:01', '2026-01-26 08:21:01'),
(87, 'mail_encryption', 'text', 'mail_configuration', 'tls', NULL, NULL, '2026-01-26 08:21:01', '2026-01-26 08:21:01'),
(88, 'mail_from_address', 'text', 'mail_configuration', 'misoftwares2021@gmail.com', NULL, NULL, '2026-01-26 08:21:02', '2026-01-26 08:21:02'),
(89, 'mail_from_name', 'text', 'mail_configuration', 'misoftwares', NULL, NULL, '2026-01-26 08:21:02', '2026-01-26 08:21:02'),
(90, 'enable_not_found', 'select', 'general', '1', '{\"enabled\":1,\"disabled\":0}', NULL, '2026-01-26 08:21:02', '2026-01-26 08:21:02'),
(91, 'admin_login', 'text', 'general', 'admin', NULL, NULL, '2026-01-26 08:21:02', '2026-02-10 12:47:53'),
(92, 'owner_login', 'text', 'general', 'owner-login', NULL, NULL, '2026-01-26 08:21:02', '2026-02-10 12:47:53'),
(93, 'dispatcher_login', 'text', 'general', 'dispatch', NULL, NULL, '2026-01-26 08:21:02', '2026-02-10 12:47:53'),
(94, 'user_login', 'text', 'general', 'user-login', NULL, NULL, '2026-01-26 08:21:02', '2026-02-10 12:47:53'),
(95, 'dispatcher_login_pro', 'text', 'general', 'dispatch-pro', NULL, NULL, '2026-01-26 08:21:02', '2026-02-10 12:47:54'),
(96, 'show_driver_level_feature', 'select', 'customization_settings', '1', '{\"yes\":1,\"no\":0}', NULL, '2026-01-26 08:21:02', '2026-02-10 10:24:12'),
(97, 'driver_register_module', 'select', 'general', 'commission', '{\"commission\":\"commission\",\"subscription\":\"subscription\",\"both\":\"both\"}', NULL, '2026-01-26 08:21:02', '2026-01-26 08:21:02'),
(98, 'reward_point_value', 'text', 'general', '1', NULL, NULL, '2026-01-26 08:21:02', '2026-01-26 08:21:02'),
(99, 'minimun_reward_point', 'text', 'general', '1', NULL, NULL, '2026-01-26 08:21:02', '2026-01-26 08:21:02'),
(100, 'enable_peak_zone_feature', 'text', 'peak_zone_settings', '1', NULL, NULL, '2026-01-26 08:21:02', '2026-01-26 08:21:02'),
(101, 'landing_header_bg_color', 'text', 'general', '#ffffff', NULL, NULL, '2026-01-26 08:21:02', '2026-01-26 08:21:02'),
(102, 'landing_header_text_color', 'text', 'general', '#212529', NULL, NULL, '2026-01-26 08:21:02', '2026-01-26 08:21:02'),
(103, 'landing_header_active_text_color', 'text', 'general', '#fa6837', NULL, NULL, '2026-01-26 08:21:02', '2026-02-10 10:53:56'),
(104, 'landing_footer_bg_color', 'text', 'general', '#000000', NULL, NULL, '2026-01-26 08:21:02', '2026-01-26 08:21:02'),
(105, 'landing_footer_text_color', 'text', 'general', '#fa6837', NULL, NULL, '2026-01-26 08:21:02', '2026-02-10 10:53:56'),
(106, 'enable_landing_site', 'select', 'customization_settings', '1', '{\"yes\":1,\"no\":0}', NULL, '2026-01-26 08:21:02', '2026-02-10 10:24:12'),
(107, 'enable_additional_charge_feature', 'select', 'customization_settings', '1', '{\"yes\":1,\"no\":0}', NULL, '2026-01-26 08:21:02', '2026-01-27 12:57:57'),
(108, 'enable_driver_tips_feature', 'select', 'tip_settings', '1', '{\"yes\":1,\"no\":0}', NULL, '2026-01-26 08:21:02', '2026-01-26 08:21:02'),
(110, 'minimum_tip_amount', 'text', 'tip_settings', '10', NULL, NULL, '2026-01-26 08:21:02', '2026-01-26 08:21:02'),
(111, 'enable_driver_profile_disapprove_on_update', 'select', 'customization_settings', '0', '{\"yes\":1,\"no\":0}', NULL, '2026-01-26 08:21:02', '2026-02-10 10:24:12'),
(112, 'show_delivery_ride_pick_otp_feature', 'select', 'customization_settings', '1', '{\"yes\":1,\"no\":0}', NULL, '2026-01-26 08:21:02', '2026-01-26 08:21:02'),
(113, 'show_delivery_ride_drop_otp_feature', 'select', 'customization_settings', '1', '{\"yes\":1,\"no\":0}', NULL, '2026-01-26 08:21:02', '2026-01-27 12:56:54'),
(114, 'enable_support_ticket_feature', 'select', 'customization_settings', '1', '{\"yes\":1,\"no\":0}', NULL, '2026-01-26 08:21:02', '2026-02-10 10:24:12'),
(115, 'enable_map_appearance_change_on_mobile_app', 'select', 'customization_settings', '0', '{\"yes\":1,\"no\":0}', NULL, '2026-01-26 08:21:02', '2026-02-10 10:24:12'),
(116, 'enable_eta_total_update', 'select', 'customization_settings', '1', '{\"yes\":1,\"no\":0}', NULL, '2026-01-26 08:21:02', '2026-02-10 10:24:12'),
(117, 'enable_driver_leaderboard_feature', 'select', 'customization_settings', '1', '{\"yes\":1,\"no\":0}', NULL, '2026-01-26 08:21:02', '2026-02-10 10:24:12'),
(118, 'android_user', 'text', 'general', 'Your Android User App Link', NULL, NULL, '2026-01-26 08:21:02', '2026-02-10 12:47:53'),
(119, 'android_driver', 'text', 'general', 'Your Android Driver App Link', NULL, NULL, '2026-01-26 08:21:02', '2026-02-10 12:47:53'),
(120, 'ios_user', 'text', 'general', 'Your IOS User App Link', NULL, NULL, '2026-01-26 08:21:02', '2026-02-10 12:47:54'),
(121, 'ios_driver', 'text', 'general', 'Your IOS Driver App Link', NULL, NULL, '2026-01-26 08:21:02', '2026-02-10 12:47:54'),
(122, 'enable_multiple_ride_feature', 'select', 'customization_settings', '1', '{\"yes\":1,\"no\":0}', NULL, '2026-01-26 08:21:02', '2026-02-10 10:24:12'),
(123, 'enable_second_ride_for_driver', 'select', 'customization_settings', '1', '{\"yes\":1,\"no\":0}', NULL, '2026-01-26 08:21:02', '2026-01-26 08:21:02'),
(124, 'distance_for_second_ride', 'text', 'customization_settings', '2', NULL, NULL, '2026-01-26 08:21:02', '2026-02-10 10:24:12'),
(125, 'enable_maximum_distance_feature', 'select', 'customization_settings', '1', '{\"yes\":1,\"no\":0}', NULL, '2026-01-26 08:21:02', '2026-01-27 12:58:11'),
(126, 'enable_user_referral_earnings_value', 'select', 'Referral', '1', '{\"yes\":1,\"no\":0}', NULL, '2026-01-26 08:21:02', '2026-01-26 08:21:02'),
(127, 'enable_driver_referral_earnings', 'select', 'Referral', '1', '{\"yes\":1,\"no\":0}', NULL, '2026-01-26 08:21:02', '2026-01-26 08:21:02'),
(128, 'referral_commission_amount_for_user', 'text', 'Referral', '30', NULL, NULL, '2026-01-26 08:21:02', '2026-01-26 08:21:02'),
(129, 'referral_commission_amount_for_driver', 'text', 'Referral', '30', NULL, NULL, '2026-01-26 08:21:03', '2026-01-26 08:21:03'),
(130, 'default_timezone', 'text', 'general', 'Europe/London', NULL, NULL, '2026-01-26 08:21:03', '2026-01-26 20:32:56'),
(131, 'dispatcher_sidebar_color', 'text', 'general', '#000000', NULL, NULL, '2026-01-26 08:21:03', '2026-02-10 12:47:54'),
(132, 'dispatcher_sidebar_txt_color', 'text', 'general', '#000000', NULL, NULL, '2026-01-26 08:21:03', '2026-02-10 12:47:54'),
(133, 'referral_type', 'select', 'Referral', 'instant', '{\"instant\":\"instant\",\"dual_instant\":\"dual_instant\",\"conditional\":\"conditional\",\"dual_conditional\":\"dual_conditional\"}', NULL, '2026-01-26 08:21:03', '2026-01-26 08:21:03'),
(134, 'referral_commission_for_new_user_from_referer_user', 'text', 'Referral', '0', NULL, NULL, '2026-01-26 08:21:03', '2026-01-26 08:21:03'),
(135, 'referral_commission_for_new_driver_from_referer_user', 'text', 'Referral', '0', NULL, NULL, '2026-01-26 08:21:03', '2026-01-26 08:21:03'),
(136, 'enable_referral_condition_by_ride_count', 'text', 'Referral', '0', NULL, NULL, '2026-01-26 08:21:03', '2026-01-26 08:21:03'),
(137, 'enable_fixed_fare', 'select', 'customization_settings', '1', '{\"yes\":1,\"no\":0}', NULL, '2026-01-26 08:21:03', '2026-02-10 10:24:12'),
(138, 'enable_referral_condition_by_earning', 'select', 'Referral', '0', '{\"yes\":1,\"no\":0}', NULL, '2026-01-26 08:21:03', '2026-01-26 08:21:03'),
(139, 'referral_condition_user_ride_count', 'text', 'Referral', '0', NULL, NULL, '2026-01-26 08:21:03', '2026-01-26 08:21:03'),
(140, 'referral_condition_driver_ride_count', 'text', 'Referral', '0', NULL, NULL, '2026-01-26 08:21:03', '2026-01-26 08:21:03'),
(141, 'referral_condition_user_spent_amount', 'text', 'Referral', '0', NULL, NULL, '2026-01-26 08:21:03', '2026-01-26 08:21:03'),
(142, 'referral_condition_driver_earning_amount', 'text', 'Referral', '0', NULL, NULL, '2026-01-26 08:21:03', '2026-01-26 08:21:03'),
(143, 'driver_referral_type', 'select', 'driver_referral', 'instant', '{\"instant\":\"instant\",\"dual_instant\":\"dual_instant\",\"conditional\":\"conditional\",\"dual_conditional\":\"dual_conditional\"}', NULL, '2026-01-26 08:21:03', '2026-01-26 08:21:03'),
(144, 'referral_commission_for_new_user_from_referer_driver', 'text', 'driver_referral', '0', NULL, NULL, '2026-01-26 08:21:03', '2026-01-26 08:21:03'),
(145, 'referral_commission_for_new_driver_from_referer_driver', 'text', 'driver_referral', '0', NULL, NULL, '2026-01-26 08:21:03', '2026-01-26 08:21:03'),
(146, 'enable_driver_referral_condition_by_ride_count', 'text', 'driver_referral', '0', NULL, NULL, '2026-01-26 08:21:03', '2026-01-26 08:21:03'),
(147, 'enable_driver_referral_condition_by_earning', 'select', 'driver_referral', '0', '{\"yes\":1,\"no\":0}', NULL, '2026-01-26 08:21:03', '2026-01-26 08:21:03'),
(148, 'driver_referral_condition_user_ride_count', 'text', 'driver_referral', '0', NULL, NULL, '2026-01-26 08:21:03', '2026-01-26 08:21:03'),
(149, 'driver_referral_condition_driver_ride_count', 'text', 'driver_referral', '0', NULL, NULL, '2026-01-26 08:21:03', '2026-01-26 08:21:03'),
(150, 'driver_referral_condition_user_spent_amount', 'text', 'driver_referral', '0', NULL, NULL, '2026-01-26 08:21:03', '2026-01-26 08:21:03'),
(151, 'driver_referral_condition_driver_earning_amount', 'text', 'driver_referral', '0', NULL, NULL, '2026-01-26 08:21:03', '2026-01-26 08:21:03'),
(152, 'enable_user_sign_in_email_otp', 'select', 'customization_settings', '1', '{\"yes\":1,\"no\":0}', NULL, '2026-01-26 08:21:03', '2026-02-10 10:24:12'),
(153, 'enable_user_sign_in_email_password', 'select', 'customization_settings', '1', '{\"yes\":1,\"no\":0}', NULL, '2026-01-26 08:21:03', '2026-02-10 10:24:12'),
(154, 'enable_user_sign_in_mobile_otp', 'select', 'customization_settings', '1', '{\"yes\":1,\"no\":0}', NULL, '2026-01-26 08:21:03', '2026-02-10 10:24:12'),
(155, 'enable_user_sign_in_mobile_password', 'select', 'customization_settings', '1', '{\"yes\":1,\"no\":0}', NULL, '2026-01-26 08:21:03', '2026-02-10 10:24:12'),
(156, 'enable_driver_sign_in_email_otp', 'select', 'customization_settings', '1', '{\"yes\":1,\"no\":0}', NULL, '2026-01-26 08:21:03', '2026-02-10 10:24:12'),
(157, 'enable_driver_sign_in_email_password', 'select', 'customization_settings', '1', '{\"yes\":1,\"no\":0}', NULL, '2026-01-26 08:21:03', '2026-02-10 10:24:12'),
(158, 'enable_driver_sign_in_mobile_otp', 'select', 'customization_settings', '1', '{\"yes\":1,\"no\":0}', NULL, '2026-01-26 08:21:03', '2026-02-10 10:24:12'),
(159, 'enable_driver_sign_in_mobile_password', 'select', 'customization_settings', '1', '{\"yes\":1,\"no\":0}', NULL, '2026-01-26 08:21:03', '2026-02-10 10:24:12'),
(160, 'enable_owner_sign_in_email_otp', 'select', 'customization_settings', '1', '{\"yes\":1,\"no\":0}', NULL, '2026-01-26 08:21:03', '2026-02-10 10:24:12'),
(161, 'enable_owner_sign_in_email_password', 'select', 'customization_settings', '1', '{\"yes\":1,\"no\":0}', NULL, '2026-01-26 08:21:03', '2026-02-10 10:24:12'),
(162, 'enable_owner_sign_in_mobile_otp', 'select', 'customization_settings', '1', '{\"yes\":1,\"no\":0}', NULL, '2026-01-26 08:21:03', '2026-02-10 10:24:12'),
(163, 'enable_owner_sign_in_mobile_password', 'select', 'customization_settings', '1', '{\"yes\":1,\"no\":0}', NULL, '2026-01-26 08:21:03', '2026-02-10 10:24:12'),
(164, 'enable_user_email_login', 'select', 'customization_settings', '1', '{\"yes\":1,\"no\":0}', NULL, '2026-01-26 08:21:03', '2026-02-10 10:24:12'),
(165, 'enable_user_mobile_login', 'select', 'customization_settings', '1', '{\"yes\":1,\"no\":0}', NULL, '2026-01-26 08:21:03', '2026-02-10 10:24:12'),
(166, 'enable_driver_email_login', 'select', 'customization_settings', '1', '{\"yes\":1,\"no\":0}', NULL, '2026-01-26 08:21:03', '2026-02-10 10:24:12'),
(167, 'enable_driver_mobile_login', 'select', 'customization_settings', '1', '{\"yes\":1,\"no\":0}', NULL, '2026-01-26 08:21:03', '2026-02-10 10:24:12'),
(168, 'enable_owner_mobile_login', 'select', 'customization_settings', '1', '{\"yes\":1,\"no\":0}', NULL, '2026-01-26 08:21:03', '2026-02-10 10:24:12'),
(169, 'enable_owner_email_login', 'select', 'customization_settings', '1', '{\"yes\":1,\"no\":0}', NULL, '2026-01-26 08:21:03', '2026-02-10 10:24:12'),
(170, 'bidding_ride_maximum_distance', 'text', 'trip_settings', '100', '0', NULL, '2026-01-26 08:21:03', '2026-02-10 12:50:46'),
(171, 'driver_wallet_minimum_amount_to_get_an_order', 'text', 'Wallet', '-10', NULL, NULL, '2026-01-26 20:46:27', '2026-01-26 20:46:27'),
(172, 'minimum_wallet_amount_for_transfer', 'text', 'Wallet', '5', NULL, NULL, '2026-01-26 20:46:27', '2026-01-26 20:46:27'),
(173, 'owner_wallet_minimum_amount_to_get_an_order', 'text', 'Wallet', '-10', NULL, NULL, '2026-01-26 20:46:27', '2026-01-26 20:46:27'),
(174, 'minimum_amount_added_to_wallet', 'text', 'Wallet', '5', NULL, NULL, '2026-01-26 20:46:27', '2026-01-26 20:46:27'),
(175, 'enable_user_referral_earnings', 'text', 'referral', '0', NULL, NULL, '2026-01-27 13:44:53', '2026-01-27 13:45:07'),
(176, 'agent_login', 'text', 'general', 'agent-login', NULL, NULL, '2026-01-30 14:47:08', '2026-02-10 12:47:54'),
(177, 'dispatcher-addons', 'text', NULL, '1', NULL, NULL, NULL, '2026-02-02 10:24:24');

-- --------------------------------------------------------

--
-- Table structure for table `sos`
--

CREATE TABLE `sos` (
  `id` char(36) CHARACTER SET utf8mb4 COLLATE utf8mb4_unicode_ci NOT NULL,
  `company_key` varchar(191) CHARACTER SET utf8mb4 COLLATE utf8mb4_unicode_ci DEFAULT NULL,
  `service_location_id` char(36) CHARACTER SET utf8mb4 COLLATE utf8mb4_unicode_ci DEFAULT NULL,
  `name` varchar(191) CHARACTER SET utf8mb4 COLLATE utf8mb4_unicode_ci NOT NULL,
  `number` varchar(191) CHARACTER SET utf8mb4 COLLATE utf8mb4_unicode_ci NOT NULL,
  `user_type` enum('admin','mobile-users') CHARACTER SET utf8mb4 COLLATE utf8mb4_unicode_ci NOT NULL,
  `created_by` int UNSIGNED DEFAULT NULL,
  `active` tinyint(1) NOT NULL DEFAULT '1',
  `created_at` timestamp NULL DEFAULT NULL,
  `updated_at` timestamp NULL DEFAULT NULL,
  `deleted_at` timestamp NULL DEFAULT NULL
) ENGINE=InnoDB DEFAULT CHARSET=utf8mb4 COLLATE=utf8mb4_unicode_ci;

-- --------------------------------------------------------

--
-- Table structure for table `states`
--

CREATE TABLE `states` (
  `id` char(36) CHARACTER SET utf8mb4 COLLATE utf8mb4_unicode_ci NOT NULL,
  `slug` varchar(50) CHARACTER SET utf8mb4 COLLATE utf8mb4_unicode_ci NOT NULL,
  `name` varchar(50) CHARACTER SET utf8mb4 COLLATE utf8mb4_unicode_ci NOT NULL,
  `active` tinyint(1) NOT NULL DEFAULT '1'
) ENGINE=InnoDB DEFAULT CHARSET=utf8mb4 COLLATE=utf8mb4_unicode_ci;

-- --------------------------------------------------------

--
-- Table structure for table `subscriptions`
--

CREATE TABLE `subscriptions` (
  `id` int UNSIGNED NOT NULL,
  `name` varchar(191) CHARACTER SET utf8mb4 COLLATE utf8mb4_unicode_ci NOT NULL,
  `description` text CHARACTER SET utf8mb4 COLLATE utf8mb4_unicode_ci,
  `subscription_duration` int NOT NULL,
  `active` tinyint(1) NOT NULL DEFAULT '1',
  `amount` double NOT NULL,
  `vehicle_type_id` char(36) CHARACTER SET utf8mb4 COLLATE utf8mb4_unicode_ci NOT NULL,
  `created_at` timestamp NULL DEFAULT NULL,
  `updated_at` timestamp NULL DEFAULT NULL
) ENGINE=InnoDB DEFAULT CHARSET=utf8mb4 COLLATE=utf8mb4_unicode_ci;

-- --------------------------------------------------------

--
-- Table structure for table `subscription_details`
--

CREATE TABLE `subscription_details` (
  `id` char(36) CHARACTER SET utf8mb4 COLLATE utf8mb4_unicode_ci NOT NULL,
  `subscription_id` int UNSIGNED NOT NULL,
  `driver_id` int UNSIGNED NOT NULL,
  `transaction_id` varchar(191) CHARACTER SET utf8mb4 COLLATE utf8mb4_unicode_ci DEFAULT NULL,
  `payment_opt` int NOT NULL COMMENT '0 => card,1 => cash,2 => wallet,3=>wallet/cash',
  `amount` double NOT NULL,
  `expired_at` timestamp NOT NULL,
  `subscription_type` int NOT NULL DEFAULT '0',
  `created_at` timestamp NULL DEFAULT NULL,
  `updated_at` timestamp NULL DEFAULT NULL
) ENGINE=InnoDB DEFAULT CHARSET=utf8mb4 COLLATE=utf8mb4_unicode_ci;

-- --------------------------------------------------------

--
-- Table structure for table `sub_vehicle_types`
--

CREATE TABLE `sub_vehicle_types` (
  `id` int UNSIGNED NOT NULL,
  `vehicle_type_id` char(36) CHARACTER SET utf8mb4 COLLATE utf8mb4_unicode_ci NOT NULL,
  `sub_vehicle_type_id` char(36) CHARACTER SET utf8mb4 COLLATE utf8mb4_unicode_ci NOT NULL,
  `created_at` timestamp NULL DEFAULT NULL,
  `updated_at` timestamp NULL DEFAULT NULL
) ENGINE=InnoDB DEFAULT CHARSET=utf8mb4 COLLATE=utf8mb4_unicode_ci;

--
-- Dumping data for table `sub_vehicle_types`
--

INSERT INTO `sub_vehicle_types` (`id`, `vehicle_type_id`, `sub_vehicle_type_id`, `created_at`, `updated_at`) VALUES
(2, '6536b3f2-287b-4cd7-bb15-6cf20027b60b', 'd476ae04-b4b9-4884-9f13-7dddf8826a9a', '2026-01-27 12:32:59', '2026-01-27 12:32:59'),
(3, '6536b3f2-287b-4cd7-bb15-6cf20027b60b', '8db7d6d1-c086-41e6-8fba-e2d762150b29', '2026-01-27 12:32:59', '2026-01-27 12:32:59'),
(4, '6536b3f2-287b-4cd7-bb15-6cf20027b60b', 'b75479ae-49dc-4255-a58b-803ffbfde473', '2026-01-27 12:32:59', '2026-01-27 12:32:59'),
(5, 'd476ae04-b4b9-4884-9f13-7dddf8826a9a', '8db7d6d1-c086-41e6-8fba-e2d762150b29', '2026-01-27 12:33:23', '2026-01-27 12:33:23'),
(6, 'd476ae04-b4b9-4884-9f13-7dddf8826a9a', 'b75479ae-49dc-4255-a58b-803ffbfde473', '2026-01-27 12:33:23', '2026-01-27 12:33:23'),
(7, 'b75479ae-49dc-4255-a58b-803ffbfde473', '963fc9d0-c108-4792-9624-dd2adcc2cb8a', '2026-01-27 12:34:21', '2026-01-27 12:34:21'),
(8, 'b75479ae-49dc-4255-a58b-803ffbfde473', '9ee0bdb8-4ec2-4a40-839f-488421c56b51', '2026-01-27 12:34:21', '2026-01-27 12:34:21'),
(9, 'b75479ae-49dc-4255-a58b-803ffbfde473', '6536b3f2-287b-4cd7-bb15-6cf20027b60b', '2026-01-27 12:34:21', '2026-01-27 12:34:21'),
(10, 'b75479ae-49dc-4255-a58b-803ffbfde473', 'd476ae04-b4b9-4884-9f13-7dddf8826a9a', '2026-01-27 12:34:21', '2026-01-27 12:34:21'),
(11, 'b75479ae-49dc-4255-a58b-803ffbfde473', '8db7d6d1-c086-41e6-8fba-e2d762150b29', '2026-01-27 12:34:21', '2026-01-27 12:34:21'),
(12, '8db7d6d1-c086-41e6-8fba-e2d762150b29', '963fc9d0-c108-4792-9624-dd2adcc2cb8a', '2026-01-27 12:34:38', '2026-01-27 12:34:38'),
(13, '8db7d6d1-c086-41e6-8fba-e2d762150b29', '9ee0bdb8-4ec2-4a40-839f-488421c56b51', '2026-01-27 12:34:38', '2026-01-27 12:34:38'),
(14, '8db7d6d1-c086-41e6-8fba-e2d762150b29', 'b75479ae-49dc-4255-a58b-803ffbfde473', '2026-01-27 12:34:38', '2026-01-27 12:34:38');

-- --------------------------------------------------------

--
-- Table structure for table `support_tickets`
--

CREATE TABLE `support_tickets` (
  `id` char(36) CHARACTER SET utf8mb4 COLLATE utf8mb4_unicode_ci NOT NULL,
  `ticket_id` varchar(191) CHARACTER SET utf8mb4 COLLATE utf8mb4_unicode_ci NOT NULL,
  `title_id` char(36) CHARACTER SET utf8mb4 COLLATE utf8mb4_unicode_ci NOT NULL,
  `users_id` int UNSIGNED DEFAULT NULL,
  `driver_id` int UNSIGNED DEFAULT NULL,
  `description` longtext CHARACTER SET utf8mb4 COLLATE utf8mb4_unicode_ci,
  `assign_to` longtext CHARACTER SET utf8mb4 COLLATE utf8mb4_unicode_ci,
  `request_id` varchar(191) CHARACTER SET utf8mb4 COLLATE utf8mb4_unicode_ci DEFAULT NULL,
  `status` tinyint NOT NULL COMMENT '1 => open,2 => acknowledge,3 => closed',
  `support_type` varchar(191) CHARACTER SET utf8mb4 COLLATE utf8mb4_unicode_ci NOT NULL,
  `service_location_id` char(36) CHARACTER SET utf8mb4 COLLATE utf8mb4_unicode_ci DEFAULT NULL,
  `created_at` timestamp NULL DEFAULT NULL,
  `updated_at` timestamp NULL DEFAULT NULL
) ENGINE=InnoDB DEFAULT CHARSET=utf8mb4 COLLATE=utf8mb4_unicode_ci;

-- --------------------------------------------------------

--
-- Table structure for table `support_ticket_categories`
--

CREATE TABLE `support_ticket_categories` (
  `id` char(36) CHARACTER SET utf8mb4 COLLATE utf8mb4_unicode_ci NOT NULL,
  `category` text CHARACTER SET utf8mb4 COLLATE utf8mb4_unicode_ci,
  `created_at` timestamp NULL DEFAULT NULL,
  `updated_at` timestamp NULL DEFAULT NULL
) ENGINE=InnoDB DEFAULT CHARSET=utf8mb4 COLLATE=utf8mb4_unicode_ci;

-- --------------------------------------------------------

--
-- Table structure for table `support_ticket_messages`
--

CREATE TABLE `support_ticket_messages` (
  `id` char(36) CHARACTER SET utf8mb4 COLLATE utf8mb4_unicode_ci NOT NULL,
  `ticket_id` char(36) CHARACTER SET utf8mb4 COLLATE utf8mb4_unicode_ci NOT NULL,
  `user_id` int UNSIGNED NOT NULL,
  `employee_id` longtext CHARACTER SET utf8mb4 COLLATE utf8mb4_unicode_ci,
  `message` longtext CHARACTER SET utf8mb4 COLLATE utf8mb4_unicode_ci,
  `sender_id` int UNSIGNED DEFAULT NULL,
  `is_read` tinyint(1) NOT NULL DEFAULT '0',
  `created_at` timestamp NULL DEFAULT NULL,
  `updated_at` timestamp NULL DEFAULT NULL
) ENGINE=InnoDB DEFAULT CHARSET=utf8mb4 COLLATE=utf8mb4_unicode_ci;

-- --------------------------------------------------------

--
-- Table structure for table `support_ticket_multi_files`
--

CREATE TABLE `support_ticket_multi_files` (
  `id` bigint UNSIGNED NOT NULL,
  `ticket_id` char(36) CHARACTER SET utf8mb4 COLLATE utf8mb4_unicode_ci DEFAULT NULL,
  `image_name` varchar(191) CHARACTER SET utf8mb4 COLLATE utf8mb4_unicode_ci NOT NULL,
  `created_at` timestamp NULL DEFAULT NULL,
  `updated_at` timestamp NULL DEFAULT NULL
) ENGINE=InnoDB DEFAULT CHARSET=utf8mb4 COLLATE=utf8mb4_unicode_ci;

-- --------------------------------------------------------

--
-- Table structure for table `support_ticket_titles`
--

CREATE TABLE `support_ticket_titles` (
  `id` char(36) CHARACTER SET utf8mb4 COLLATE utf8mb4_unicode_ci NOT NULL,
  `title` text CHARACTER SET utf8mb4 COLLATE utf8mb4_unicode_ci,
  `category_type` longtext CHARACTER SET utf8mb4 COLLATE utf8mb4_unicode_ci,
  `title_type` varchar(191) CHARACTER SET utf8mb4 COLLATE utf8mb4_unicode_ci DEFAULT NULL,
  `user_type` enum('user','driver') CHARACTER SET utf8mb4 COLLATE utf8mb4_unicode_ci DEFAULT NULL,
  `translation_dataset` text CHARACTER SET utf8mb4 COLLATE utf8mb4_unicode_ci,
  `active` tinyint(1) NOT NULL DEFAULT '1',
  `created_at` timestamp NULL DEFAULT NULL,
  `updated_at` timestamp NULL DEFAULT NULL
) ENGINE=InnoDB DEFAULT CHARSET=utf8mb4 COLLATE=utf8mb4_unicode_ci;

-- --------------------------------------------------------

--
-- Table structure for table `support_ticket_titles_translations`
--

CREATE TABLE `support_ticket_titles_translations` (
  `id` int UNSIGNED NOT NULL,
  `ticket_title_id` char(36) CHARACTER SET utf8mb4 COLLATE utf8mb4_unicode_ci NOT NULL,
  `title` varchar(191) CHARACTER SET utf8mb4 COLLATE utf8mb4_unicode_ci NOT NULL,
  `locale` varchar(191) CHARACTER SET utf8mb4 COLLATE utf8mb4_unicode_ci NOT NULL,
  `created_at` timestamp NULL DEFAULT NULL,
  `updated_at` timestamp NULL DEFAULT NULL
) ENGINE=InnoDB DEFAULT CHARSET=utf8mb4 COLLATE=utf8mb4_unicode_ci;

-- --------------------------------------------------------

--
-- Table structure for table `tests`
--

CREATE TABLE `tests` (
  `id` bigint UNSIGNED NOT NULL,
  `name` varchar(191) CHARACTER SET utf8mb4 COLLATE utf8mb4_unicode_ci NOT NULL,
  `created_at` timestamp NULL DEFAULT NULL,
  `updated_at` timestamp NULL DEFAULT NULL
) ENGINE=InnoDB DEFAULT CHARSET=utf8mb4 COLLATE=utf8mb4_unicode_ci;

-- --------------------------------------------------------

--
-- Table structure for table `third_party_settings`
--

CREATE TABLE `third_party_settings` (
  `id` char(36) CHARACTER SET utf8mb4 COLLATE utf8mb4_unicode_ci NOT NULL,
  `name` varchar(191) CHARACTER SET utf8mb4 COLLATE utf8mb4_unicode_ci NOT NULL,
  `value` text CHARACTER SET utf8mb4 COLLATE utf8mb4_unicode_ci,
  `module` varchar(191) CHARACTER SET utf8mb4 COLLATE utf8mb4_unicode_ci DEFAULT NULL,
  `created_at` timestamp NULL DEFAULT NULL,
  `updated_at` timestamp NULL DEFAULT NULL
) ENGINE=InnoDB DEFAULT CHARSET=utf8mb4 COLLATE=utf8mb4_unicode_ci;

--
-- Dumping data for table `third_party_settings`
--

INSERT INTO `third_party_settings` (`id`, `name`, `value`, `module`, `created_at`, `updated_at`) VALUES
('02d0ecac-e100-4f45-ba4e-ed735d8c6bdb', 'razor_pay_environment', 'test', 'payment', '2026-01-26 08:49:48', '2026-01-26 08:49:48'),
('0515cac1-63fc-4f01-8b5a-08eddd27d05f', 'mail_username', 'team@kurknu.com', 'mail_config', '2026-01-27 13:04:09', '2026-01-27 13:04:09'),
('0590c54a-32cb-4dc1-b8ce-664f61ac5531', 'mail_password', 'Ahmed@1260', 'mail_config', '2026-01-27 13:04:09', '2026-01-27 13:04:09'),
('07363e46-fb1b-4333-9a59-33b8f642ca02', 'enable_openpix', '0', 'payment', '2026-01-26 08:49:48', '2026-01-26 08:49:48'),
('07f09afd-0a22-4002-81f7-fafdddea6733', 'fedapay_live_secret_key', 'Enter Fedapay Live Secret Key', 'payment', '2026-01-26 08:49:49', '2026-01-26 08:49:49'),
('0c23e5ff-0a4d-4ed5-bb63-319970e73061', 'stripe_test_publishable_key', 'Enter Stripe Test Publish Key', 'payment', '2026-01-26 08:49:48', '2026-01-26 08:49:48'),
('0c8dcb6d-e440-4130-95ed-1fe193614965', 'stripe_test_secret_key', 'Enter Stripe Test Secret Key', 'payment', '2026-01-26 08:49:48', '2026-01-26 08:49:48'),
('0dba2660-b7f8-4a0a-916d-116f6f4f97b7', 'enable_khalti', '0', 'payment', '2026-01-26 08:49:48', '2026-01-26 08:49:48'),
('1138ba04-accd-4a63-9ef3-1ae0a3b7841f', 'sparrow_token', 'Your Sparrow Token', 'sms', '2026-01-26 08:21:09', '2026-01-26 08:21:09'),
('13535561-7426-404b-a97b-05d2518cce26', 'enable_razorpay', '0', 'payment', '2026-01-26 08:49:48', '2026-01-26 08:49:48'),
('1701e407-22f0-43b2-80b3-0cb691a8ade2', 'paystack_production_publish_key', NULL, 'payment', '2026-01-26 08:49:48', '2026-01-26 08:49:48'),
('1e95daf1-9f9a-42f0-b883-a9e31a839411', 'kudi_sms_sender_id', 'Your Kudi Sender ID', 'sms', '2026-01-26 08:21:09', '2026-01-26 08:21:09'),
('1ef2c0be-1c90-42ac-8d5a-9c4e0483a6a7', 'paypal_sandbox_client_id', 'your-Client-Id', 'payment', '2026-01-26 08:49:48', '2026-01-26 08:49:48'),
('1eff2e8c-5d8c-43de-96fb-e210a0d4d1dd', 'twilio_token', 'Your Twilio Token', 'sms', '2026-01-26 08:21:09', '2026-01-26 08:21:09'),
('2277ae34-7cf9-4351-a509-805d831c19c3', 'openpix_live_api_key', 'Enter Openpix Live Public Key', 'payment', '2026-01-26 08:49:48', '2026-01-26 08:49:48'),
('2456e18e-6909-46ad-8e9d-b29fe751f3d8', 'openpix_test_api_key', 'Enter Open Pix Test Public Key', 'payment', '2026-01-26 08:49:48', '2026-01-26 08:49:48'),
('26347cd4-c9b9-4aac-b2de-29d4244bd557', 'khalti_pay_test_api_key', 'Enter Khalti Pay Test Secret Key', 'payment', '2026-01-26 08:49:48', '2026-01-26 08:49:48'),
('27f829b2-9358-4997-90d3-b60f860fb51c', 'enable_myfatoora', '0', 'payment', '2026-01-26 08:49:48', '2026-01-26 08:49:48'),
('280d51d9-9f92-446b-832a-0eaeef0a5c48', 'mercadopago_test_access_token', 'Enter Mercadopago Test Access Token', 'payment', '2026-01-26 08:49:48', '2026-01-26 08:49:48'),
('2ba607b9-66fa-4035-a95f-e501087d8844', 'paypal_client_id', 'your-key', 'payment', '2026-01-26 08:49:48', '2026-01-26 08:49:48'),
('2c2988ae-83c2-49d7-87ca-62a6e18dfacf', 'reacptcha_secret_key', 'your-recaptcha-secret-key', 'recaptcha', '2026-01-26 08:21:09', '2026-01-26 08:21:09'),
('2d124f6c-48dd-4f0b-8cfd-4cf1112e4239', 'myfatoora_environment', 'test', 'payment', '2026-01-26 08:49:48', '2026-01-26 08:49:48'),
('2e71859c-dc2e-4910-9243-d25b0b2bdab5', 'xendi_pay_environment', 'test', 'payment', '2026-01-26 08:49:48', '2026-01-26 08:49:48'),
('2ef6ff17-fadd-4687-a843-b8d972729cb4', 'khalti_pay_environment', 'test', 'payment', '2026-01-26 08:49:48', '2026-01-26 08:49:48'),
('30114a32-8102-4517-8d49-463f8ece1acd', 'mercadopago_live_access_token', 'Enter Mercadopago Production Access Token', 'payment', '2026-01-26 08:49:48', '2026-01-26 08:49:48'),
('330c6823-b961-4b58-b161-65a348955d34', 'enable_paystack', '0', 'payment', '2026-01-26 08:49:48', '2026-01-26 08:49:48'),
('341053f4-c156-4078-a94d-725afd6241cf', 'reacptcha_site_key', 'your-recaptcha-site-key', 'recaptcha', '2026-01-26 08:21:09', '2026-01-26 08:21:09'),
('376bb9ff-fc4b-4a86-9505-3303e0b0d572', 'paystack_test_secret_key', 'Your Paystack Test Secret Key', 'payment', '2026-01-26 08:49:48', '2026-01-26 08:49:48'),
('37880a3b-82b8-41ad-ab81-da2acb6140be', 'firebase_api_key', 'AIzaSyCUXtPWRiolqgSX05eXF4MxxV4CwSajos0', 'firebase', '2026-02-10 13:42:31', '2026-02-10 13:42:31'),
('39e576ee-6b66-4f39-84f5-d1b7dda1b305', 'cash_free_secret_key', 'Enter Cashfree Test Secret Key', 'payment', '2026-01-26 08:49:48', '2026-01-26 08:49:48'),
('3be5f63d-5693-4956-a0f9-890163b08e9f', 'smsala_secrect_key', 'Your SMS ALA Api Secret Key', 'sms', '2026-01-26 08:21:09', '2026-01-26 08:21:09'),
('3f50eb85-41b5-4b0c-bba7-9bdfa724ead3', 'razor_pay_test_api_key', 'Enter Razor Pay Test Api Key', 'payment', '2026-01-26 08:49:48', '2026-01-26 08:49:48'),
('42f33c8f-4c62-4ff1-a2d6-a941a2789353', 'enable_cashfree', '0', 'payment', '2026-01-26 08:49:48', '2026-01-26 08:49:48'),
('44a39ed6-c746-43a7-a1fe-371383541e59', 'stripe_live_secret_key', 'pk_live_1R8qyTioF5XMbrqvHd7wkNE9', 'payment', '2026-01-26 08:49:48', '2026-01-26 08:49:48'),
('45856732-8307-4ba5-bde3-0b2014fccb6a', 'paypal_environment', 'sandbox', 'payment', '2026-01-26 08:49:48', '2026-01-26 08:49:48'),
('4604e74c-4ed1-47b1-a105-a6f35ed73845', 'cash_free_app_id', 'Enter Cashfree Test App ID', 'payment', '2026-01-26 08:49:48', '2026-01-26 08:49:48'),
('461ef904-62f0-412e-9360-476619d8e73c', 'enable_paymongo', '0', 'payment', '2026-01-26 08:49:48', '2026-01-26 08:49:48'),
('4664c978-a498-49c5-8b94-52e3da7d1ab5', 'firebase_messaging_sender_id', '25853339628', 'firebase', '2026-02-10 13:42:31', '2026-02-10 13:42:31'),
('46a93df4-cf84-4673-be41-6bacda83f105', 'enable_xendit', '0', 'payment', '2026-01-26 08:49:48', '2026-01-26 08:49:48'),
('48b7d1e4-113d-4fab-b0c3-ed5726140f52', 'kudi_sms_api_key', 'Your Kudi Api Key', 'sms', '2026-01-26 08:21:09', '2026-01-26 08:21:09'),
('49ec0aee-4eef-4312-b3d7-8cfda9fa5af4', 'paypal_sandbox_app_id', 'your-App-Id', 'payment', '2026-01-26 08:49:48', '2026-01-26 08:49:48'),
('4a265bd0-770f-4caf-8e62-a1177ec36bef', 'paypal_client_secret', 'your-key', 'payment', '2026-01-26 08:49:48', '2026-01-26 08:49:48'),
('4a5c37aa-7b58-48f2-8bc0-11d71b2ee341', 'enable_flutterwave', '0', 'payment', '2026-01-26 08:49:48', '2026-01-26 08:49:48'),
('4c6a97f6-af12-4726-a093-7706131e3b66', 'firebase_auth_domain', 'rtn-go.firebaseapp.com', 'firebase', '2026-02-10 13:42:31', '2026-02-10 13:42:31'),
('4d4fa6cb-bd88-4bc5-9689-4901b1a24712', 'fedapay_environment', 'test', 'payment', '2026-01-26 08:49:49', '2026-01-26 08:49:49'),
('4e467971-7eaf-46fc-af27-7f5b82c106b7', 'twilio_from_number', 'Your Twilio Mobile Number', 'sms', '2026-01-26 08:21:09', '2026-01-26 08:21:09'),
('4f01f490-e3f7-4c16-b879-56c0406e9a98', 'enable_flutter_wave', '0', 'payment', '2026-01-27 13:58:27', '2026-01-27 13:58:27'),
('4f69f955-fb62-4ac3-9ea3-e81dfb800a48', 'paystack_production_secret_key', 'Your Paystack Production Secret Key', 'payment', '2026-01-26 08:49:48', '2026-01-26 08:49:48'),
('4f7b9df5-36b1-43eb-8c97-632d8162c2dc', 'enable_recaptcha', '0', 'recaptcha', '2026-01-26 08:21:09', '2026-01-26 08:21:09'),
('520d770b-1a89-4060-8421-af68a6033cfb', 'google_map_key', 'AIzaSyCUXtPWRiolqgSX05eXF4MxxV4CwSajos0', 'map', '2026-01-26 08:21:08', '2026-02-10 13:40:46'),
('52dfa598-4dbe-4b11-8fb8-5a5af625afef', 'enable_firebase_otp', '1', 'sms', '2026-01-26 08:21:09', '2026-01-26 08:21:09'),
('553186a6-87e1-4bae-ac61-33761af4028a', 'sparrow_sender_id', 'Your Sparrow Sender ID', 'sms', '2026-01-26 08:21:09', '2026-01-26 08:21:09'),
('56527531-412c-42cf-84dc-b8a919a490f9', 'mail_from_name', 'Kurknu', 'mail_config', '2026-01-27 13:04:09', '2026-01-27 13:04:09'),
('57518418-f19b-490e-baf9-6e8be2d7530b', 'enable_mercadopago', '0', 'payment', '2026-01-26 08:49:48', '2026-01-26 08:49:48'),
('58dbd2be-fb2a-4b5b-a213-208c2b1e943d', 'mail_from_address', 'team@kurknu.com', 'mail_config', '2026-01-27 13:04:09', '2026-01-27 13:04:09'),
('59db04e3-cc00-4d72-88b0-70ba7126e527', 'flexpaie_production_bearer_token', 'Enter FlexPaie Live Bearer Token', 'payment', '2026-01-26 08:49:48', '2026-01-26 08:49:48'),
('5b3084e3-d352-41f3-9991-83565ab59330', 'cash_free_production_secret_key', 'pk_live_1R8qyTioF5XMbrqvHd7wkNE9', 'payment', '2026-01-26 08:49:48', '2026-01-26 08:49:48'),
('5be8f79c-508f-4d11-884d-b61112fe76a2', 'msg91_template_id', 'Your MSG91 Template ID', 'sms', '2026-01-26 08:21:09', '2026-01-26 08:21:09'),
('5bede00a-fbff-439d-9277-fa07f29e2378', 'enable_stripe_authorization', '0', 'payment', '2026-01-26 08:49:48', '2026-01-26 08:49:48'),
('5c508d89-2dee-4eb0-9509-cdb7b68992d6', 'mercadopago_live_public_key', 'Enter Mercadopago Production Secret Key', 'payment', '2026-01-26 08:49:48', '2026-01-26 08:49:48'),
('5ef54f66-5804-41d8-9260-4c06d4a6626b', 'paymongo_environment', 'test', 'payment', '2026-01-26 08:49:48', '2026-01-26 08:49:48'),
('60e4e156-0035-487d-8963-bb27c00717eb', 'firebase_database_url', 'https://rtn-go-default-rtdb.firebaseio.com', 'firebase', '2026-02-10 13:42:31', '2026-02-10 13:42:31'),
('659af5bc-9509-4c01-b157-7428afa984f2', 'mail_port', '587', 'mail_config', '2026-01-27 13:04:09', '2026-01-27 13:04:09'),
('69012f69-08df-4b95-8765-8f2ff2fd77c0', 'xendit_pay_live_api_key', 'Enter Xendit Pay Live Api Key', 'payment', '2026-01-26 08:49:48', '2026-01-26 08:49:48'),
('6a5533f9-3c90-4d8b-8697-823360741dcd', 'firebase_storage_bucket', 'rtn-go.firebasestorage.app', 'firebase', '2026-02-10 13:42:31', '2026-02-10 13:42:31'),
('6b78329f-362c-44b4-b0e8-68c64e2fd37b', 'enable_razor_pay', '0', 'payment', '2026-01-27 13:58:27', '2026-01-27 13:58:27'),
('72cfebc5-4b25-4e91-9301-b17b09f74cfe', 'flutter_wave_test_secret_key', 'Enter Flutter-Wave Test Public Key', 'payment', '2026-01-26 08:49:48', '2026-01-26 08:49:48'),
('73317e8e-6e1f-403c-8d58-d8bf86b2ebc8', 'firebase_app_id', '1:25853339628:web:bc2fc9280fd269acee02c9', 'firebase', '2026-02-10 13:42:31', '2026-02-10 13:42:31'),
('746a5dc3-13b4-4745-87cc-3c7e8cbbd506', 'msg91_auth_key', 'Your MSG91 Token', 'sms', '2026-01-26 08:21:09', '2026-01-26 08:21:09'),
('7706050a-6f6b-4117-bb0e-a92927177010', 'fedapay_test_secret_key', 'Enter Fedapay Test Secret Key', 'payment', '2026-01-26 08:49:49', '2026-01-26 08:49:49'),
('7774ede8-a419-43e3-ad6f-a6f84ecdb655', 'flutter_wave_production_secret_key', 'Enter Flutter-Wave Live Public Key', 'payment', '2026-01-26 08:49:48', '2026-01-26 08:49:48'),
('796a2917-03a2-4d2b-b023-28a19e257403', 'twilio_sid', '0', 'sms', '2026-01-26 08:21:09', '2026-01-26 08:21:09'),
('7d98051a-e779-44b5-8a04-13fc0c870389', 'flutter_wave_environment', 'test', 'payment', '2026-01-26 08:49:48', '2026-01-26 08:49:48'),
('8162b2ed-66ae-4ddc-b3c6-ec473c389d1d', 'paymongo_live_secret_key', 'Enter Paymongo Live Secret Key', 'payment', '2026-01-26 08:49:48', '2026-01-26 08:49:48'),
('81b503f6-ecab-4389-9046-a0ef5543f034', 'enable_paypal', '0', 'payment', '2026-01-26 08:49:48', '2026-01-26 08:49:48'),
('825d2d92-f9c6-45da-84fd-c6138716afc2', 'stripe_environment', 'test', 'payment', '2026-01-26 08:49:48', '2026-01-26 08:49:48'),
('86261e5d-ee9b-4cdb-9ed7-817b04831d2d', 'paystack_environment', 'test', 'payment', '2026-01-26 08:49:48', '2026-01-26 08:49:48'),
('86b93b75-39ec-4a19-b805-9c8a0003495a', 'razor_pay_test_secrect_key', 'Enter Razor pay Test Secrect Key', 'payment', '2026-01-26 08:49:48', '2026-01-26 08:49:48'),
('881071e4-dbea-4c26-9c48-7d7409227376', 'enable_fedapay', '0', 'payment', '2026-01-26 08:49:49', '2026-01-26 08:49:49'),
('88361240-94bf-4e46-97cc-97088dfc31fa', 'stripe_live_publishable_key', 'Enter Stripe Production Publish Key', 'payment', '2026-01-26 08:49:48', '2026-01-26 08:49:48'),
('8d8ac31c-4937-4ccf-8d53-2aaefe73e052', 'enable_msg91', '0', 'sms', '2026-01-26 08:21:09', '2026-01-26 08:21:09'),
('902af539-6aca-42d0-91dd-aa9832faf822', 'smsala_api_key', 'Your SMS ALA Api Key', 'sms', '2026-01-26 08:21:09', '2026-01-26 08:21:09'),
('918f596d-d584-4d22-a769-84bb40d47bb6', 'map_type', 'google_map', 'map', '2026-01-26 08:21:08', '2026-02-10 13:40:46'),
('93c9bb10-d296-45c8-9eca-c5f3636aa273', 'mail_host', 'smtp.ionos.co.uk', 'mail_config', '2026-01-27 13:04:09', '2026-01-27 13:04:09'),
('96d775d1-1e80-4f73-b06b-3b26e98a673a', 'smsala_token', 'Your SMS ALA Token', 'sms', '2026-01-26 08:21:09', '2026-01-26 08:21:09'),
('98351c14-7a24-44d6-a92a-b87b5e351169', 'google_map_key_for_distance_matrix', 'AIzaSyCUXtPWRiolqgSX05eXF4MxxV4CwSajos0', 'map', '2026-01-26 08:21:08', '2026-02-10 13:40:46'),
('9fd48f5e-2077-4681-a6f2-e0d91cf71917', 'enable_sparrow', '0', 'sms', '2026-01-26 08:21:09', '2026-01-26 08:21:09'),
('a35752b0-1397-426d-b676-d0b4b63c2e3b', 'myfatoora_test_token', 'Enter MyFatoora Test Bearer Token', 'payment', '2026-01-26 08:49:48', '2026-01-26 08:49:48'),
('a414cfb6-beb0-483a-86b0-fda21db03040', 'razor_pay_secrect_key', 'Enter Razor Pay Secrect key', 'payment', '2026-01-26 08:49:48', '2026-01-26 08:49:48'),
('a9695114-78f5-4f61-ac40-3966624ee7b7', 'khalti_pay_live_api_key', 'Enter Khalti Pay Live Secret Key', 'payment', '2026-01-26 08:49:48', '2026-01-26 08:49:48'),
('abcfadbb-eb77-4bdb-9a3b-a126fb612132', 'enable_stripe', '1', 'payment', '2026-01-26 08:49:48', '2026-01-26 08:49:48'),
('abd326f3-fc7f-493f-8daf-0b55564b54a4', 'openpix_environment', 'test', 'payment', '2026-01-26 08:49:48', '2026-01-26 08:49:48'),
('ac400951-7fd9-4aec-b0a3-1855696a5c0e', 'mail_encryption', 'tls', 'mail_config', '2026-01-27 13:04:09', '2026-01-27 13:04:09'),
('b3d1c10a-8ac4-42ca-bc01-c95465a6fbda', 'enable_vase_map', '1', 'map', '2026-01-26 08:21:08', '2026-01-26 08:21:08'),
('b781b9a8-b4a6-45cf-8219-6a75eedd3f6a', 'flexpaie_environment', 'test', 'payment', '2026-01-26 08:49:48', '2026-01-26 08:49:48'),
('b7c5d76f-3155-4a67-877a-3f05f3d6ca7a', 'cash_free_production_app_id', 'Enter Cashfree Production App ID', 'payment', '2026-01-26 08:49:48', '2026-01-26 08:49:48'),
('b92e2235-5567-4b36-9672-c32b94b3c20a', 'paystack_production_publishable_key', 'Your Paystack Production Publish Key', 'payment', '2026-01-27 13:58:27', '2026-01-27 13:58:27'),
('bf0319cd-e62e-4949-9784-b32df56a7dbb', 'paypal_app_id', 'your-key', 'payment', '2026-01-26 08:49:48', '2026-01-26 08:49:48'),
('bfb7e874-b8fb-4a3b-9bc5-fd49880daefd', 'paypal_sandbox_client_secret', 'your-Client-secret', 'payment', '2026-01-26 08:49:48', '2026-01-26 08:49:48'),
('c13646ba-e590-453a-91ef-277a3be33746', 'myfatoora_live_token', 'Enter MyFatoora Live Bearer Token', 'payment', '2026-01-26 08:49:48', '2026-01-26 08:49:48'),
('c57d0625-2797-4e70-b9f5-c12adbd3dab6', 'paypal_notify_url', 'your-key', 'payment', '2026-01-26 08:49:48', '2026-01-26 08:49:48'),
('c5af06de-fb83-4c2d-9363-ba2fae77bbb6', 'enable_kudi_sms_api_key', '0', 'sms', '2026-01-26 08:21:09', '2026-01-26 08:21:09'),
('c7a4f8dc-2311-4c90-a81a-24db0b51d501', 'razor_pay_live_api_key', 'Enter Razor Pay Live Api Key', 'payment', '2026-01-26 08:49:48', '2026-01-26 08:49:48'),
('c7fdae3a-18ff-4e04-88a6-5dbed62adc35', 'enable_twilio', '0', 'sms', '2026-01-26 08:21:09', '2026-01-26 08:21:09'),
('caef6712-a36b-4d76-be29-fee6ae797dc2', 'paystack_test_publish_key', NULL, 'payment', '2026-01-26 08:49:48', '2026-01-26 08:49:48'),
('cdaf87d3-a278-457e-8bbb-8886ffc735fe', 'enable_sms_ala', '0', 'sms', '2026-01-26 08:21:09', '2026-01-26 08:21:09'),
('d16d1902-fc25-4ca7-aa22-43f359b019b8', 'paymongo_test_secret_key', 'Enter Paymongo Test Secret Key', 'payment', '2026-01-26 08:49:48', '2026-01-26 08:49:48'),
('d4bbb9e0-7cea-4396-812f-b93554ce42c1', 'payment_option', 'cash,card,wallet', 'payment', '2026-01-27 13:58:27', '2026-01-27 13:58:27'),
('db6d78ca-6caa-426a-af50-343744496054', 'smsala_from_number', 'Your SMS ALA Mobile Number', 'sms', '2026-01-26 08:21:09', '2026-01-26 08:21:09'),
('dc0e467e-175f-4aa9-afb6-0f823284c485', 'mercadopago_environment', 'test', 'payment', '2026-01-26 08:49:48', '2026-01-26 08:49:48'),
('e2f70d6a-5c4b-4a24-8f7a-e356dfa7d896', 'mail_mailer', 'smtp', 'mail_config', '2026-01-27 13:04:09', '2026-01-27 13:04:09'),
('e541db3d-f0a7-4b4b-aca9-0b91135b7f6a', 'paystack_test_publishable_key', 'Your Paystack Test Publish Key', 'payment', '2026-01-27 13:58:27', '2026-01-27 13:58:27'),
('eaaa6500-fd81-4e77-82fe-20b6ca2125bd', 'firebase_project_id', 'rtn-go', 'firebase', '2026-02-10 13:42:31', '2026-02-10 13:42:31'),
('f264bd7d-455a-40cb-a795-23576a79098e', 'enable_khalti_pay', '0', 'payment', '2026-01-27 13:58:27', '2026-01-27 13:58:27'),
('f6f62228-c184-4df5-b691-cdfcd475f7c9', 'cash_free_environment', 'production', 'payment', '2026-01-26 08:49:48', '2026-01-26 08:49:48'),
('f736cb1a-8e47-4f21-87b6-3d88f344c669', 'flexpaie_test_bearer_token', 'Enter FlexPaie Test Bearer Token', 'payment', '2026-01-26 08:49:48', '2026-01-26 08:49:48'),
('fa4a23e7-9358-4e45-a087-9f1b46428d00', 'mercadopago_test_public_key', 'Enter Mercadopago Test Secret Key', 'payment', '2026-01-26 08:49:48', '2026-01-26 08:49:48'),
('fb6ba272-5121-4250-a8cc-8b7436a6f6bf', 'enable_flexpaie', '0', 'payment', '2026-01-26 08:49:48', '2026-01-26 08:49:48'),
('fd003cac-fac4-447e-a78b-ce2b06b589c1', 'xendi_pay_test_api_key', 'Enter Xendi Pay Test Api Key', 'payment', '2026-01-26 08:49:48', '2026-01-26 08:49:48');

-- --------------------------------------------------------

--
-- Table structure for table `time_zones`
--

CREATE TABLE `time_zones` (
  `id` char(36) CHARACTER SET utf8mb4 COLLATE utf8mb4_unicode_ci NOT NULL,
  `name` varchar(191) CHARACTER SET utf8mb4 COLLATE utf8mb4_unicode_ci DEFAULT NULL,
  `timezone` varchar(191) CHARACTER SET utf8mb4 COLLATE utf8mb4_unicode_ci DEFAULT NULL,
  `active` tinyint(1) NOT NULL DEFAULT '1',
  `created_at` timestamp NULL DEFAULT NULL,
  `updated_at` timestamp NULL DEFAULT NULL
) ENGINE=InnoDB DEFAULT CHARSET=utf8mb4 COLLATE=utf8mb4_unicode_ci;

--
-- Dumping data for table `time_zones`
--

INSERT INTO `time_zones` (`id`, `name`, `timezone`, `active`, `created_at`, `updated_at`) VALUES
('01904c76-0ed9-42e0-8a9a-ddbc25e64f87', 'Singapore', 'Asia/Singapore', 1, NULL, NULL),
('02c878ba-1456-427a-a1bf-aef159370330', 'Dacca', 'Asia/Dacca', 1, NULL, NULL),
('02e42785-ca71-4d7f-8136-7fa86eecb7db', 'Ulan Bator', 'Asia/Ulan_Bator', 1, NULL, NULL),
('031e65ea-936b-4531-bb5c-4da86c1f5c4f', 'Thimphu', 'Asia/Thimphu', 1, NULL, NULL),
('03fbfda2-c741-4cce-a24e-b77690a30ffb', 'Argentina - Rio Gallegos', 'America/Argentina/Rio_Gallegos', 1, NULL, NULL),
('04a2008e-0bda-40ce-84b2-cccfbd52004d', 'Riyadh', 'Asia/Riyadh', 1, NULL, NULL),
('051bb151-e739-4ff6-b8b0-3050d90ee8f5', 'Guayaquil', 'America/Guayaquil', 1, NULL, NULL),
('053f6ac2-2c89-4b7b-960a-875cb0dce2cf', 'Lome', 'Africa/Lome', 1, NULL, NULL),
('05750ade-0ff8-43b2-853e-b9cb882ce5e6', 'Toronto', 'America/Toronto', 1, NULL, NULL),
('059424c9-fb11-4c63-acec-fe77c59759cc', 'Brisbane', 'Australia/Brisbane', 1, NULL, NULL),
('059f45fb-6ed9-4475-850c-6d286931819d', 'Nome', 'America/Nome', 1, NULL, NULL),
('06310ffb-ecc4-4c98-b46f-b92c9ab9e88d', 'Calcutta', 'Asia/Calcutta', 1, NULL, NULL),
('064873a3-6bc2-417d-b776-11e2ffaaa51c', 'Vienna', 'Europe/Vienna', 1, NULL, NULL),
('065c1107-9604-4303-b2d1-65f7282301be', 'Martinique', 'America/Martinique', 1, NULL, NULL),
('06d16cd9-5378-4347-81cf-bfa36bbf73f5', 'Perth', 'Australia/Perth', 1, NULL, NULL),
('079056cf-5cfa-4367-b796-512e73592b9d', 'Puerto Rico', 'America/Puerto_Rico', 1, NULL, NULL),
('07937640-9fc8-48a8-b076-c3aaa004170f', 'Wake', 'Pacific/Wake', 1, NULL, NULL),
('0847c1d0-749c-479e-9507-cd893e2d825f', 'Canary', 'Atlantic/Canary', 1, NULL, NULL),
('0863315c-cde0-4d46-b6d4-ebbee9153646', 'Ensenada', 'America/Ensenada', 1, NULL, NULL),
('094f85fa-87f9-4a63-86ff-67b5b810a377', 'Malabo', 'Africa/Malabo', 1, NULL, NULL),
('0962c59f-568a-4409-99ac-d1fa981ee1a3', 'Rome', 'Europe/Rome', 1, NULL, NULL),
('099dffc4-bd00-441b-9aff-625cf11baf7a', 'Campo Grande', 'America/Campo_Grande', 1, NULL, NULL),
('09e05540-a47b-4dba-adc8-539bd139fe26', 'Vilnius', 'Europe/Vilnius', 1, NULL, NULL),
('0a297364-fc37-45a1-8535-8c560ce60bb1', 'Macau', 'Asia/Macau', 1, NULL, NULL),
('0a6a1f0e-d329-452d-b8db-8e6d3c968547', 'Seoul', 'Asia/Seoul', 1, NULL, NULL),
('0a745a18-c5a5-4a16-a1e8-ba6eea7d746f', 'Vatican', 'Europe/Vatican', 1, NULL, NULL),
('0ac52b63-0abb-4f69-8417-d2ad5d4c2c15', 'Antigua', 'America/Antigua', 1, NULL, NULL),
('0ad7753e-51f6-45d0-b8ff-31051c30a958', 'Tehran', 'Asia/Tehran', 1, NULL, NULL),
('0be1dde4-c383-42df-9bd0-274f1fb37aff', 'Indiana - Vevay', 'America/Indiana/Vevay', 1, NULL, NULL),
('0cb78594-1616-4196-a6a6-336df8064cee', 'Porto-Novo', 'Africa/Porto-Novo', 1, NULL, NULL),
('0d25d20c-4c4d-41be-adc7-50f5740056b0', 'Faeroe', 'Atlantic/Faeroe', 1, NULL, NULL),
('0d42f353-cb82-48b3-9f9f-56d13dfa1773', 'Maceio', 'America/Maceio', 1, NULL, NULL),
('0da9934d-7a45-400b-b178-4464bf0328e4', 'Fortaleza', 'America/Fortaleza', 1, NULL, NULL),
('0e06b561-96a4-48ba-8c49-a9c080cfb057', 'ACT', 'Australia/ACT', 1, NULL, NULL),
('0e22a331-a05e-4021-bf5d-6a1db1737345', 'Addis Ababa', 'Africa/Addis_Ababa', 1, NULL, NULL),
('0e95b935-90ad-4468-a170-f10569c89917', 'El Aaiun', 'Africa/El_Aaiun', 1, NULL, NULL),
('0f1a42cf-a635-4945-9f06-0029cda58995', 'Hong Kong', 'Asia/Hong_Kong', 1, NULL, NULL),
('0f9dc5fa-0a28-4ab5-92d9-9edf950672e7', 'San Marino', 'Europe/San_Marino', 1, NULL, NULL),
('102c47c9-7fbc-4013-b229-8454542929a9', 'Riga', 'Europe/Riga', 1, NULL, NULL),
('10356098-582f-49f0-abbf-16b82f039a3a', 'Guadeloupe', 'America/Guadeloupe', 1, NULL, NULL),
('10a99f0b-ffc4-4c09-9223-6551157e4f8f', 'Boa Vista', 'America/Boa_Vista', 1, NULL, NULL),
('10ba618c-a0df-4439-9f35-363fc27867f1', 'Monrovia', 'Africa/Monrovia', 1, NULL, NULL),
('11364ff0-42d2-4026-bbfd-77eba3541cb2', 'UTC', 'UTC', 1, NULL, NULL),
('117c5952-9a3a-481a-83f9-3767f32b9e0d', 'Wallis', 'Pacific/Wallis', 1, NULL, NULL),
('11e2d409-9b77-4a16-a2d0-ba8aac92ff40', 'South Pole', 'Antarctica/South_Pole', 1, NULL, NULL),
('12275cb8-9946-4e74-be8a-672732419c78', 'Louisville', 'America/Louisville', 1, NULL, NULL),
('14588abc-c0d7-4b01-ab57-d972221a394f', 'Mogadishu', 'Africa/Mogadishu', 1, NULL, NULL),
('15ac4274-dd10-4a73-a301-5ab3fc168748', 'Blanc-Sablon', 'America/Blanc-Sablon', 1, NULL, NULL),
('160b1daf-dfdb-4060-8dd2-d00f72a48491', 'Palau', 'Pacific/Palau', 1, NULL, NULL),
('16b752c1-a68c-4409-b4fa-91208efaef3c', 'St Barthelemy', 'America/St_Barthelemy', 1, NULL, NULL),
('1735113f-56f6-48ff-b79c-8729c4504268', 'Samarkand', 'Asia/Samarkand', 1, NULL, NULL),
('174a865e-101c-4b0d-a3ca-09f6daaa1561', 'Casey', 'Antarctica/Casey', 1, NULL, NULL),
('175b8178-d484-4212-b58a-c409a84955c0', 'Azores', 'Atlantic/Azores', 1, NULL, NULL),
('1850a48e-ee91-4d3e-b259-750fac29479b', 'Argentina - Jujuy', 'America/Argentina/Jujuy', 1, NULL, NULL),
('18af46c0-599e-446f-adb4-64aa4573edef', 'El Salvador', 'America/El_Salvador', 1, NULL, NULL),
('190b9a06-3084-46b4-b147-d487eca027fc', 'Rio Branco', 'America/Rio_Branco', 1, NULL, NULL),
('19240962-c56a-4d81-a0ba-2f3860aa9908', 'Anchorage', 'America/Anchorage', 1, NULL, NULL),
('19f1737b-3498-4275-9f6e-b6a1f462d316', 'Atikokan', 'America/Atikokan', 1, NULL, NULL),
('1a23876b-6ba1-4bc0-a330-95ed300afa69', 'Windhoek', 'Africa/Windhoek', 1, NULL, NULL),
('1b3c57a9-c961-4a3a-b0af-534145f792f4', 'Port-au-Prince', 'America/Port-au-Prince', 1, NULL, NULL),
('1b3e2d78-67d3-48c8-80a0-a9f6fa6c0933', 'Cocos', 'Indian/Cocos', 1, NULL, NULL),
('1db33767-1ba6-4f4a-912e-cc8489502acf', 'Mawson', 'Antarctica/Mawson', 1, NULL, NULL),
('1e371dfd-4526-413f-81d7-47b46bee9d9b', 'Gaborone', 'Africa/Gaborone', 1, NULL, NULL),
('1e414e07-cd46-4fb5-b515-ac4636a066fc', 'Douala', 'Africa/Douala', 1, NULL, NULL),
('1e430ac8-55eb-4dd7-a7d0-0f7e7ed781e4', 'Skopje', 'Europe/Skopje', 1, NULL, NULL),
('1eb6d6f8-781c-415c-adaf-ba2e3fc78ac5', 'Saigon', 'Asia/Saigon', 1, NULL, NULL),
('1ecba006-ad67-4d4c-b9fa-9c05f004ecec', 'Belgrade', 'Europe/Belgrade', 1, NULL, NULL),
('1ed33b46-3cde-416b-91cb-df14335d68cf', 'Fiji', 'Pacific/Fiji', 1, NULL, NULL),
('1f2e60f8-521f-4e3a-b3b9-4b5b5b218b82', 'Yakutat', 'America/Yakutat', 1, NULL, NULL),
('1fbe1651-0d3a-46e8-a17b-6a3cd11eb321', 'Rangoon', 'Asia/Rangoon', 1, NULL, NULL),
('1ff8a0ef-ac5d-41e3-92ec-973f9e2fda7b', 'Sydney', 'Australia/Sydney', 1, NULL, NULL),
('20cd707e-5974-48df-9c9d-39bf58de4e5c', 'Guyana', 'America/Guyana', 1, NULL, NULL),
('211d713a-bfbe-41ba-8169-7e2b62a1e271', 'Monaco', 'Europe/Monaco', 1, NULL, NULL),
('21d3ad66-5ff4-4feb-8a0a-a90fd0783af2', 'Broken Hill', 'Australia/Broken_Hill', 1, NULL, NULL),
('222203e1-7daa-470b-ad68-1bde960c2bfe', 'Algiers', 'Africa/Algiers', 1, NULL, NULL),
('260beee5-4e42-4855-9e14-2fee8f8c867e', 'Accra', 'Africa/Accra', 1, NULL, NULL),
('2698a1b1-e3a4-4a3e-9e1b-77b2eaaa2476', 'Lisbon', 'Europe/Lisbon', 1, NULL, NULL),
('276bbf04-4e89-4784-aed6-7fe8ff4e3bad', 'Barbados', 'America/Barbados', 1, NULL, NULL),
('27b03a3d-fcc6-4a30-b1e5-9975feaa32f8', 'Vladivostok', 'Asia/Vladivostok', 1, NULL, NULL),
('27bf30d0-487c-4e12-9d78-63d02d1044a6', 'Longyearbyen', 'Arctic/Longyearbyen', 1, NULL, NULL),
('281915c5-05b7-47de-8b9a-0abdae50ec90', 'Tahiti', 'Pacific/Tahiti', 1, NULL, NULL),
('286cc69a-e09d-40c7-b0e7-d6a562bbd7ae', 'Bamako', 'Africa/Bamako', 1, NULL, NULL),
('289c340e-5a7a-4107-bf62-c34d571d54ad', 'Mazatlan', 'America/Mazatlan', 1, NULL, NULL),
('29690af9-37b8-459a-9dc3-ab504a8bb3f7', 'Truk', 'Pacific/Truk', 1, NULL, NULL),
('29bc0834-0d4f-45bb-9e45-e2bb361cd22d', 'Aqtau', 'Asia/Aqtau', 1, NULL, NULL),
('2a13aedb-2dd8-4b4a-9475-3dff9ee915ef', 'Nicosia', 'Europe/Nicosia', 1, NULL, NULL),
('2a939ce5-ee6a-4bcb-8d63-3dc4cbae9e4b', 'South Georgia', 'Atlantic/South_Georgia', 1, NULL, NULL),
('2b3a49a0-f44f-400a-a9d7-f02ceff410d6', 'West', 'Australia/West', 1, NULL, NULL),
('2bfae718-b673-40fc-bd62-826569106c0a', 'Casablanca', 'Africa/Casablanca', 1, NULL, NULL),
('2c176b19-e28d-49f8-9d2c-b7390304c825', 'St Helena', 'Atlantic/St_Helena', 1, NULL, NULL),
('2de8f652-e711-4e0f-a64b-b3319faba7fc', 'Tasmania', 'Australia/Tasmania', 1, NULL, NULL),
('2e1b7da4-8e69-4460-bb3c-8c736f04ca49', 'Lima', 'America/Lima', 1, NULL, NULL),
('2e6d396a-9d02-440d-873b-32c82b463aed', 'Baghdad', 'Asia/Baghdad', 1, NULL, NULL),
('2ef5f654-a8df-43b4-8af9-0b0f6210afa4', 'Belfast', 'Europe/Belfast', 1, NULL, NULL),
('2f39674d-df7b-4047-bf26-97e166f626bd', 'Chagos', 'Indian/Chagos', 1, NULL, NULL),
('2f549829-7504-4a9b-9674-64c342f96223', 'Santiago', 'America/Santiago', 1, NULL, NULL),
('3016d8cd-ba9b-4d08-bdb9-b8db9341a8ab', 'Montserrat', 'America/Montserrat', 1, NULL, NULL),
('3076c7fd-a019-44ba-8a72-28292464128f', 'Niue', 'Pacific/Niue', 1, NULL, NULL),
('308f5cc2-21e4-493d-9466-10e4749a6ef5', 'Shiprock', 'America/Shiprock', 1, NULL, NULL),
('30a7b0b4-8371-495b-9000-849f306cbb5e', 'Mbabane', 'Africa/Mbabane', 1, NULL, NULL),
('312435c3-0eee-43d8-8209-ad5966cad742', 'Prague', 'Europe/Prague', 1, NULL, NULL),
('31658d83-8346-4f4b-9fa3-37053c21dcda', 'Ndjamena', 'Africa/Ndjamena', 1, NULL, NULL),
('3185517c-4d2e-4a9a-b6fd-4c89f62cbdff', 'Syowa', 'Antarctica/Syowa', 1, NULL, NULL),
('31ab8e66-4f2c-4713-9aa3-9c602ff8ca5a', 'Tortola', 'America/Tortola', 1, NULL, NULL),
('326ed1b0-3a8f-45ad-bf97-dcf45c4635ba', 'Grand Turk', 'America/Grand_Turk', 1, NULL, NULL),
('3274605e-e1f7-413e-aff6-409145cfe4b7', 'Choibalsan', 'Asia/Choibalsan', 1, NULL, NULL),
('32cb9159-ed31-420d-bd04-834c6bb543a4', 'Copenhagen', 'Europe/Copenhagen', 1, NULL, NULL),
('3481ecdc-0dd8-4ed2-acf3-b6b9bfa440a9', 'Bishkek', 'Asia/Bishkek', 1, NULL, NULL),
('348b35c9-7849-4f16-a847-3a53f9d7e694', 'Indiana - Indianapolis', 'America/Indiana/Indianapolis', 1, NULL, NULL),
('34abdda4-a406-40b0-9257-a408ce9b0ab4', 'Krasnoyarsk', 'Asia/Krasnoyarsk', 1, NULL, NULL),
('34eec74f-4207-4272-a9bf-9f573a5b35c2', 'Oral', 'Asia/Oral', 1, NULL, NULL),
('35b84377-7d12-4980-a2f2-d34eb1d12591', 'Sakhalin', 'Asia/Sakhalin', 1, NULL, NULL),
('3620b839-2d64-442a-91ff-e3f4a4366ddf', 'Pago Pago', 'Pacific/Pago_Pago', 1, NULL, NULL),
('36250037-8f49-4751-85d7-c97b28d879f2', 'Glace Bay', 'America/Glace_Bay', 1, NULL, NULL),
('373842b7-8ce7-44c8-a65c-6145113d835e', 'Cayenne', 'America/Cayenne', 1, NULL, NULL),
('37b100cd-5442-4538-95ad-c63e0ed8f813', 'Dawson Creek', 'America/Dawson_Creek', 1, NULL, NULL),
('37f099c2-0107-4a2a-a451-4b5e12d6e91c', 'LHI', 'Australia/LHI', 1, NULL, NULL),
('39102a03-4257-4131-ade8-b054043dc363', 'Efate', 'Pacific/Efate', 1, NULL, NULL),
('3953e8a1-4edd-40c5-9e9b-ed55be44a4e4', 'Yellowknife', 'America/Yellowknife', 1, NULL, NULL),
('396aedb3-7ce7-4149-97a0-c6e8bda42ba3', 'Queensland', 'Australia/Queensland', 1, NULL, NULL),
('3a293239-09ef-410e-b531-dcf65aad6295', 'Kiritimati', 'Pacific/Kiritimati', 1, NULL, NULL),
('3b28f0aa-2f17-441b-9796-4ff1792f2e1f', 'Halifax', 'America/Halifax', 1, NULL, NULL),
('3b62f6aa-437f-402a-9e77-e08e30d8439d', 'Pitcairn', 'Pacific/Pitcairn', 1, NULL, NULL),
('3bc0da6f-e671-4360-87d4-9e9c142a9bb7', 'Marquesas', 'Pacific/Marquesas', 1, NULL, NULL),
('3c40250e-15b2-4832-a1ec-06d3f0f95099', 'Mayotte', 'Indian/Mayotte', 1, NULL, NULL),
('3da7e938-4ab1-418e-bde1-fa70d85c65ba', 'Mahe', 'Indian/Mahe', 1, NULL, NULL),
('3ea8883d-0a87-43a0-a492-2f263fd4ad83', 'Isle of Man', 'Europe/Isle_of_Man', 1, NULL, NULL),
('3f6696d8-7c32-489b-83fa-c52050b56216', 'Tijuana', 'America/Tijuana', 1, NULL, NULL),
('3fbaf54f-422a-4ac3-aa9f-2d3e3731c6d7', 'Lusaka', 'Africa/Lusaka', 1, NULL, NULL),
('3fe6e61f-e886-47ec-ac1f-830217e258b8', 'Kabul', 'Asia/Kabul', 1, NULL, NULL),
('3ffc18c4-1dd6-40ef-93a4-a33f198a6548', 'Paris', 'Europe/Paris', 1, NULL, NULL),
('404cf7d7-3166-4345-913c-4ce6bb4a235f', 'Argentina - Salta', 'America/Argentina/Salta', 1, NULL, NULL),
('40795558-2204-42d2-95de-01ece35b4982', 'Chicago (Central)', 'America/Chicago', 1, NULL, NULL),
('41a8a9ec-fd2c-4dba-8319-7f888d207b7f', 'Helsinki', 'Europe/Helsinki', 1, NULL, NULL),
('41b1ac00-b1bf-4b98-8c31-0662cdbea171', 'Tegucigalpa', 'America/Tegucigalpa', 1, NULL, NULL),
('44027a87-683e-4f5b-b696-54ef053543b4', 'Bangui', 'Africa/Bangui', 1, NULL, NULL),
('44c4cdef-41c9-42d9-a790-96cbb98ade2c', 'Yakutsk', 'Asia/Yakutsk', 1, NULL, NULL),
('4519a7df-b72f-40b5-91e8-8c4bd6cc122b', 'Inuvik', 'America/Inuvik', 1, NULL, NULL),
('4548c750-47b0-4514-89ab-b8a9c9530e2b', 'Cancun', 'America/Cancun', 1, NULL, NULL),
('46b7eae6-a4e3-45bc-b79b-a6f2e1a3414e', 'Godthab', 'America/Godthab', 1, NULL, NULL),
('4706fd88-acbe-4e63-8ad8-db4d686b88ae', 'Budapest', 'Europe/Budapest', 1, NULL, NULL),
('47e877bd-f090-477c-8f3f-d486e3bec1d6', 'Yancowinna', 'Australia/Yancowinna', 1, NULL, NULL),
('48c33979-d726-430d-8473-6722f70c68eb', 'Volgograd', 'Europe/Volgograd', 1, NULL, NULL),
('48f3409b-372f-4ec1-94a7-10bc7b42d566', 'Tallinn', 'Europe/Tallinn', 1, NULL, NULL),
('495ca5af-a97c-4d1f-99ad-2673095d14cc', 'Havana', 'America/Havana', 1, NULL, NULL),
('49c558ed-a5f9-4799-b3f1-c9ba8fff192a', 'Johnston', 'Pacific/Johnston', 1, NULL, NULL),
('4a3418c3-e1c2-4f1b-9267-f6f61c6c039a', 'Tel Aviv', 'Asia/Tel_Aviv', 1, NULL, NULL),
('4a95d7f1-2510-4478-bd09-4bdf0169551a', 'Miquelon', 'America/Miquelon', 1, NULL, NULL),
('4aff2809-fa62-48b6-bc90-42494b230cb2', 'Buenos Aires', 'America/Buenos_Aires', 1, NULL, NULL),
('4b038b7d-3eff-4ce7-8f00-677c54f1a57e', 'Lindeman', 'Australia/Lindeman', 1, NULL, NULL),
('4b9d6f56-27be-4f0d-8fbb-36f3c2ec1577', 'Kamchatka', 'Asia/Kamchatka', 1, NULL, NULL),
('4bbe0ee8-f17c-4c1c-9284-fae2f2bcd865', 'Cairo', 'Africa/Cairo', 1, NULL, NULL),
('4c278bc9-b29d-4036-88ee-42f1bb35d26c', 'Managua', 'America/Managua', 1, NULL, NULL),
('4c3adfb2-2a28-4357-89e1-707042ba5d7e', 'Matamoros', 'America/Matamoros', 1, NULL, NULL),
('4c738be8-c167-4967-a327-0da128a573d1', 'Phoenix', 'America/Phoenix', 1, NULL, NULL),
('4cb6334e-e3a2-4e0f-a2e0-0d1af5746764', 'Brussels', 'Europe/Brussels', 1, NULL, NULL),
('4cd8b341-199b-42ff-ad06-3257bc4c8bde', 'Yap', 'Pacific/Yap', 1, NULL, NULL),
('4d2b8076-9d06-4f7b-945a-f56f9771d77e', 'Abidjan', 'Africa/Abidjan', 1, NULL, NULL),
('4da5ce87-de8b-41b7-bdf0-e4581328bee1', 'Kinshasa', 'Africa/Kinshasa', 1, NULL, NULL),
('4de71ece-53cc-4e30-ab25-2a77eada90a5', 'Guam', 'Pacific/Guam', 1, NULL, NULL),
('4de89dc8-a054-4a54-aace-3d20b14f2454', 'Rothera', 'Antarctica/Rothera', 1, NULL, NULL),
('50b3164c-bb04-4841-a109-6fd794c2444d', 'Gaza', 'Asia/Gaza', 1, NULL, NULL),
('5134c234-2b6b-44b5-bcd6-f71760b159df', 'Sarajevo', 'Europe/Sarajevo', 1, NULL, NULL),
('51e5273b-db72-4af3-a93e-3a49d5d3013b', 'Grenada', 'America/Grenada', 1, NULL, NULL),
('52d1fe44-ba18-4858-9927-8661ac25cc3d', 'Samoa', 'Pacific/Samoa', 1, NULL, NULL),
('54caf29f-0e8f-47bb-8156-6dd53150d670', 'Malta', 'Europe/Malta', 1, NULL, NULL),
('558a468f-29a0-4f5d-81ee-b975ed9326e4', 'Bahia', 'America/Bahia', 1, NULL, NULL),
('562f7fed-296a-4c2d-a057-f3d0edd60b02', 'Danmarkshavn', 'America/Danmarkshavn', 1, NULL, NULL),
('57665984-8a73-46f8-b1dc-cf2c11a47ad3', 'Amsterdam', 'Europe/Amsterdam', 1, NULL, NULL),
('58b0fc62-6fba-4377-8942-b37f66265b67', 'Moncton', 'America/Moncton', 1, NULL, NULL),
('59e966c7-ce84-469b-a128-d19f8ceddefe', 'Whitehorse', 'America/Whitehorse', 1, NULL, NULL),
('5a1749c9-5429-424e-a637-66f79f223487', 'Thunder Bay', 'America/Thunder_Bay', 1, NULL, NULL),
('5ad0f74f-e2a3-4691-b25f-68d284cb7fca', 'Mariehamn', 'Europe/Mariehamn', 1, NULL, NULL),
('5aeb7d5f-03eb-40d1-86ae-70f6af1355e2', 'Tarawa', 'Pacific/Tarawa', 1, NULL, NULL),
('5b512da6-fc41-4224-bfed-dda48e0f209f', 'Samara', 'Europe/Samara', 1, NULL, NULL),
('5bf0aefa-575f-4257-8daa-40b5cf03929b', 'Baku', 'Asia/Baku', 1, NULL, NULL),
('5c733f1b-8962-431b-9b09-73af9e0bffb7', 'Boise', 'America/Boise', 1, NULL, NULL),
('5ccddb0f-85fb-4e36-8ac8-3c9ef9fdd764', 'Asmara', 'Africa/Asmara', 1, NULL, NULL),
('5cde94a8-840e-46a7-a398-3ddb325c22af', 'Jujuy', 'America/Jujuy', 1, NULL, NULL),
('5de7f9c2-4aed-4aea-a7b8-cdd546c68f98', 'Indiana - Marengo', 'America/Indiana/Marengo', 1, NULL, NULL),
('5e21c46a-0129-43c4-9083-5cce4132c23b', 'Makassar', 'Asia/Makassar', 1, NULL, NULL),
('5e6ae56d-8773-4124-a308-7d59f08fcca7', 'Timbuktu', 'Africa/Timbuktu', 1, NULL, NULL),
('5f4c7e47-7e33-407e-9b0d-d35e871fbcfb', 'Jamaica', 'America/Jamaica', 1, NULL, NULL),
('60ea0d20-5474-4197-9712-e701486100a3', 'Anadyr', 'Asia/Anadyr', 1, NULL, NULL),
('611b25bf-4a3f-42ac-ba56-44b3a567834b', 'Thimbu', 'Asia/Thimbu', 1, NULL, NULL),
('6318e9d3-e065-4a8f-9d43-34f8ad0edd61', 'Bogota', 'America/Bogota', 1, NULL, NULL),
('631a1e5f-85e5-49a7-863d-1d465b4a1077', 'Athens', 'Europe/Athens', 1, NULL, NULL),
('638b5212-9335-4ff8-a93c-f2730c8cd392', 'Hermosillo', 'America/Hermosillo', 1, NULL, NULL),
('63905a3e-f22d-4618-bde9-3073ac3e6bf4', 'Comoro', 'Indian/Comoro', 1, NULL, NULL),
('64680517-0c69-4d91-8468-27448a1a7bc1', 'Khartoum', 'Africa/Khartoum', 1, NULL, NULL),
('64b71467-27e7-40d5-9f60-7d7800e2d8d5', 'Dawson', 'America/Dawson', 1, NULL, NULL),
('651a3ab5-3784-47cc-b276-8093ff123122', 'Cayman', 'America/Cayman', 1, NULL, NULL),
('652c94f6-73ea-496a-8e41-bdd1f9cbccf8', 'Cape Verde', 'Atlantic/Cape_Verde', 1, NULL, NULL),
('65706c64-2f35-4104-9293-38efabc547e6', 'Beirut', 'Asia/Beirut', 1, NULL, NULL),
('6714a5e0-3a26-416c-b9ec-5f48794f35bd', 'Maseru', 'Africa/Maseru', 1, NULL, NULL),
('67f16f7e-1417-49a9-9235-b79ad2b76903', 'Sao Paulo', 'America/Sao_Paulo', 1, NULL, NULL),
('69260a29-372a-41e7-b604-e49857fc7414', 'Sao Tome', 'Africa/Sao_Tome', 1, NULL, NULL),
('6ade6f45-5d41-4876-a751-a711db663b27', 'Eucla', 'Australia/Eucla', 1, NULL, NULL),
('6bf629cc-60dd-41e4-9843-070e9d54a900', 'Regina', 'America/Regina', 1, NULL, NULL),
('6bfdd4ac-f1e2-4e74-9a36-28dfb52f0368', 'Argentina - Buenos Aires', 'America/Argentina/Buenos_Aires', 1, NULL, NULL),
('6c171628-e84b-415a-a956-e72cda3ea055', 'Kolkata', 'Asia/Kolkata', 1, NULL, NULL),
('6c30674e-3450-470a-a354-e0a605fa633e', 'Los Angeles', 'America/Los_Angeles', 1, NULL, NULL),
('6d58e0b5-a078-47ed-81c1-26e2be22eda1', 'Denver', 'America/Denver', 1, NULL, NULL),
('6e777ba8-31ca-4f65-9937-f63f054d4447', 'Gibraltar', 'Europe/Gibraltar', 1, NULL, NULL),
('6e86bd31-33a9-4ee6-a451-b054045c62fc', 'Novosibirsk', 'Asia/Novosibirsk', 1, NULL, NULL),
('6e886aef-c8be-4801-8c03-c4a7d1378e8f', 'NSW', 'Australia/NSW', 1, NULL, NULL),
('6eb64686-97a7-4166-b9f5-87d51757b59b', 'Kampala', 'Africa/Kampala', 1, NULL, NULL),
('6edaab7e-2412-4ef5-86e4-e6ecd400bd4d', 'Warsaw', 'Europe/Warsaw', 1, NULL, NULL),
('6f7f9b8c-7f29-450f-9ea4-03435268fbd2', 'Zaporozhye', 'Europe/Zaporozhye', 1, NULL, NULL),
('701c6a84-8851-4958-9efa-83984b39350b', 'Tripoli', 'Africa/Tripoli', 1, NULL, NULL),
('71b3c082-82d0-411c-a4b7-a88fc91ee54f', 'Ashkhabad', 'Asia/Ashkhabad', 1, NULL, NULL),
('71c92bec-84d2-40d4-b30b-4d480c00f4e2', 'Libreville', 'Africa/Libreville', 1, NULL, NULL),
('71ddaa9b-dc96-4006-8240-b21148119e1d', 'Yekaterinburg', 'Asia/Yekaterinburg', 1, NULL, NULL),
('729476c9-5a2d-4012-9e17-2c424c138539', 'Goose Bay', 'America/Goose_Bay', 1, NULL, NULL),
('72c70a39-1c85-411a-a2a2-23bf7071a986', 'Porto Acre', 'America/Porto_Acre', 1, NULL, NULL),
('72cb35dc-e9ef-4976-903a-a6be0c53f75a', 'Argentina - San Juan', 'America/Argentina/San_Juan', 1, NULL, NULL),
('72eb685d-1241-4781-8252-916b977c0f31', 'Noumea', 'Pacific/Noumea', 1, NULL, NULL),
('7395572b-60b5-4d23-8427-59e0771bfe30', 'Melbourne', 'Australia/Melbourne', 1, NULL, NULL),
('73ff0f5a-6386-481f-b9cc-590fd0f64924', 'Tokyo', 'Asia/Tokyo', 1, NULL, NULL),
('7411144f-b455-4943-ae2f-a823397a079a', 'Maputo', 'Africa/Maputo', 1, NULL, NULL),
('755bc354-4156-4f98-a05c-c7e606f62f77', 'Indiana - Vincennes', 'America/Indiana/Vincennes', 1, NULL, NULL),
('762c32bd-3d52-44d5-8960-638803d8ac3c', 'Virgin', 'America/Virgin', 1, NULL, NULL),
('76c635e4-600d-4743-abee-be02600b64fe', 'Ceuta', 'Africa/Ceuta', 1, NULL, NULL),
('76fc451e-0a5d-430a-b7ef-1be997c2fbc7', 'Bujumbura', 'Africa/Bujumbura', 1, NULL, NULL),
('77286ff7-9422-40c4-b93a-0e6adbc8679f', 'Catamarca', 'America/Catamarca', 1, NULL, NULL),
('77b25db9-c684-4a98-ab6d-f333d92639a5', 'Conakry', 'Africa/Conakry', 1, NULL, NULL),
('782109cb-fd7b-471c-997c-af2f7b27dc38', 'Andorra', 'Europe/Andorra', 1, NULL, NULL),
('78b2f030-9d53-4296-a5dc-a5d247b8a289', 'Harbin', 'Asia/Harbin', 1, NULL, NULL),
('78e3514d-9c1d-4a7c-be6b-c55a37afd176', 'Scoresbysund', 'America/Scoresbysund', 1, NULL, NULL),
('78fc1729-ed0e-4ee1-8b44-9634d2914026', 'Ojinaga', 'America/Ojinaga', 1, NULL, NULL),
('7927b9d7-8366-425b-9a80-644aad5781fc', 'Phnom Penh', 'Asia/Phnom_Penh', 1, NULL, NULL),
('793782e3-754e-40e2-ab89-c6e28520850c', 'Jan Mayen', 'Atlantic/Jan_Mayen', 1, NULL, NULL),
('793e5313-70f2-4eae-a54c-94a28fce8a72', 'Zurich', 'Europe/Zurich', 1, NULL, NULL),
('798cd4bd-4d2d-4056-8121-16e97bd0c78f', 'Atka', 'America/Atka', 1, NULL, NULL),
('79bb7ac6-3f00-4310-a858-7f440faa8118', 'McMurdo', 'Antarctica/McMurdo', 1, NULL, NULL),
('79ed6c1f-7c4e-4dc0-90c9-269a08e8065d', 'Midway', 'Pacific/Midway', 1, NULL, NULL),
('7a3fbfff-aada-41cf-91f7-04d4e1b29d84', 'Dili', 'Asia/Dili', 1, NULL, NULL),
('7b052285-077a-4e21-9150-39327f16ac6b', 'Novokuznetsk', 'Asia/Novokuznetsk', 1, NULL, NULL),
('7bc36b57-0a8a-404b-950e-93997e752aa5', 'Mendoza', 'America/Mendoza', 1, NULL, NULL),
('7bf03bab-b9c4-4e1c-b495-8bfffbc8877b', 'Kigali', 'Africa/Kigali', 1, NULL, NULL),
('7c92caac-c6e7-4226-8665-5a09fee22a89', 'Indiana - Tell City', 'America/Indiana/Tell_City', 1, NULL, NULL),
('7e8122e7-9df9-4692-82f4-be198d0f52aa', 'Madeira', 'Atlantic/Madeira', 1, NULL, NULL),
('7ea6009a-012b-4766-bf3a-3bf494619de7', 'Pontianak', 'Asia/Pontianak', 1, NULL, NULL),
('7f8799da-d48c-46d5-b2a8-e84b0b797e97', 'Saipan', 'Pacific/Saipan', 1, NULL, NULL),
('805e5710-056f-4cab-8f1d-9904ecaf394c', 'Chisinau', 'Europe/Chisinau', 1, NULL, NULL),
('8187eda6-96e8-4460-afdd-2c3e4cf04163', 'Costa Rica', 'America/Costa_Rica', 1, NULL, NULL),
('81f41e20-2397-488e-96b5-c66ae320d58f', 'Hovd', 'Asia/Hovd', 1, NULL, NULL),
('826cc311-da6c-4f7c-aaa7-d4b578294299', 'Luanda', 'Africa/Luanda', 1, NULL, NULL),
('82c15a7a-3b36-46cc-8610-c37b803c5068', 'Irkutsk', 'Asia/Irkutsk', 1, NULL, NULL),
('834a9fb7-115e-4d72-966e-4dfa6cbf531a', 'Ho Chi Minh', 'Asia/Ho_Chi_Minh', 1, NULL, NULL),
('83af56e6-6dd8-4651-8a31-662442af30aa', 'Ujung Pandang', 'Asia/Ujung_Pandang', 1, NULL, NULL),
('84a60844-037c-4c63-88df-818f75bcb6f8', 'Sofia', 'Europe/Sofia', 1, NULL, NULL),
('858aa624-f9f9-47e8-bef9-4d2d3363b20d', 'Apia', 'Pacific/Apia', 1, NULL, NULL),
('85dc2e9d-fced-4b29-9abd-de0f00b3156b', 'Tunis', 'Africa/Tunis', 1, NULL, NULL),
('864647f6-435a-4784-9a57-a33e88e7b1b4', 'Katmandu', 'Asia/Katmandu', 1, NULL, NULL),
('8697c464-a849-41e2-85d1-ad47335ebead', 'Guernsey', 'Europe/Guernsey', 1, NULL, NULL),
('8763b510-e39c-4089-9fe1-00d5a22ffdb4', 'Nouakchott', 'Africa/Nouakchott', 1, NULL, NULL),
('877efdf4-0168-4ebe-93fa-15701a266cff', 'Santarem', 'America/Santarem', 1, NULL, NULL),
('8786760a-1684-43e9-834e-52072c4e7cdd', 'Kosrae', 'Pacific/Kosrae', 1, NULL, NULL),
('87eade5e-474a-459a-94bb-6e79cb0a8d4a', 'Tirane', 'Europe/Tirane', 1, NULL, NULL),
('880217f9-21ae-45bb-a64b-2ac488f26b0a', 'Funafuti', 'Pacific/Funafuti', 1, NULL, NULL),
('888f3531-39f1-4634-9971-ff31ced8c949', 'Mexico City', 'America/Mexico_City', 1, NULL, NULL),
('88ca735d-b7c8-438a-9c46-a4b1ef5af3ec', 'Istanbul', 'Europe/Istanbul', 1, NULL, NULL),
('8aabf22a-a6c7-4ff0-b424-5c5d4bb205a9', 'Detroit', 'America/Detroit', 1, NULL, NULL),
('8b7ad4c5-5409-4af1-b59b-038a269cb0f4', 'Cambridge Bay', 'America/Cambridge_Bay', 1, NULL, NULL),
('8c212d3e-c32b-489f-a501-465b4d4d35d4', 'Denver (Mountain)', 'America/Denver', 1, NULL, NULL),
('8cf7eecb-e63f-4c7b-9b8d-147ed61d0221', 'Kuala Lumpur', 'Asia/Kuala_Lumpur', 1, NULL, NULL),
('8d48119b-d29c-4aae-a682-12d247a3aefd', 'Victoria', 'Australia/Victoria', 1, NULL, NULL),
('8e89629f-8550-49ff-9d11-01730cedd111', 'Qyzylorda', 'Asia/Qyzylorda', 1, NULL, NULL),
('8ee08dca-3b81-4e70-9938-01bee3831216', 'Argentina - Ushuaia', 'America/Argentina/Ushuaia', 1, NULL, NULL),
('9050329d-77f7-4d8e-aca4-8fabf4084ae0', 'Lubumbashi', 'Africa/Lubumbashi', 1, NULL, NULL),
('90bcd32a-65cb-4ef1-95c3-5b81de49ec70', 'Honolulu (Hawaii)', 'Pacific/Honolulu', 1, NULL, NULL),
('91092a09-45c5-4f5c-a43a-186d90264565', 'Cordoba', 'America/Cordoba', 1, NULL, NULL),
('91334803-e1ca-453e-a0ac-cbcce1b63cb0', 'Djibouti', 'Africa/Djibouti', 1, NULL, NULL),
('91b6cdc2-5efd-425f-8008-b3fe8eabaede', 'Jersey', 'Europe/Jersey', 1, NULL, NULL),
('91eb0f2c-de08-4ce2-95c8-20f3fa3643dc', 'Freetown', 'Africa/Freetown', 1, NULL, NULL),
('9257e943-452b-4f04-a987-bf69eb32999d', 'Chicago', 'America/Chicago', 1, NULL, NULL),
('92a2f7db-5290-4473-90e3-8d5ec47de264', 'Argentina - La Rioja', 'America/Argentina/La_Rioja', 1, NULL, NULL),
('945d7802-1f44-4ffc-a3fe-9c84ec796317', 'Winnipeg', 'America/Winnipeg', 1, NULL, NULL),
('94a81ed1-6226-4453-b27d-11f7d3e7670e', 'Simferopol', 'Europe/Simferopol', 1, NULL, NULL),
('94abf5a5-ef12-4fa0-8bdd-2611f741f75f', 'Macao', 'Asia/Macao', 1, NULL, NULL),
('94dbdeed-fc5f-48f0-8c57-b4f3b2644c11', 'Santa Isabel', 'America/Santa_Isabel', 1, NULL, NULL),
('95917ee2-5524-4ca8-a431-607ce5f7963c', 'Edmonton', 'America/Edmonton', 1, NULL, NULL),
('963c101a-b90a-4b29-9ddd-290cbdd9de42', 'Rarotonga', 'Pacific/Rarotonga', 1, NULL, NULL),
('9677768d-98b5-4738-b463-2dc14d553606', 'Ulaanbaatar', 'Asia/Ulaanbaatar', 1, NULL, NULL),
('974ca8fa-dd36-4ae0-a497-a178f2f80409', 'Thule', 'America/Thule', 1, NULL, NULL),
('991219ac-7568-4201-baf2-3e9aec72b841', 'Bahrain', 'Asia/Bahrain', 1, NULL, NULL),
('99df8558-b46b-4436-9538-6992959f6a74', 'Porto Velho', 'America/Porto_Velho', 1, NULL, NULL),
('9a12ca94-44bd-4cb1-b120-8f6f5c0a10f0', 'Colombo', 'Asia/Colombo', 1, NULL, NULL),
('9a15b9a7-8b6c-4b9a-b873-411f47989d92', 'Moscow', 'Europe/Moscow', 1, NULL, NULL),
('9a421ec7-3939-47b0-960c-e3c2a31d68fd', 'Puerto Rico (Atlantic)', 'America/Puerto_Rico', 1, NULL, NULL),
('9aeae691-1d93-474c-aa7b-69f0f429803c', 'Chongqing', 'Asia/Chongqing', 1, NULL, NULL),
('9b292482-6a5a-4188-aa29-725f8a434dce', 'Madrid', 'Europe/Madrid', 1, NULL, NULL),
('9b4924fe-7c15-4f76-8161-8942e48cdd44', 'Noronha', 'America/Noronha', 1, NULL, NULL),
('9b51e9fb-f6fc-4aee-8c77-af5a20fe3c46', 'Rainy River', 'America/Rainy_River', 1, NULL, NULL),
('9b72a644-18ae-483a-9899-3ecfe5987fc3', 'Amman', 'Asia/Amman', 1, NULL, NULL),
('9c946361-7c9f-4ab8-b691-17e28fdfcf7b', 'Fort Wayne', 'America/Fort_Wayne', 1, NULL, NULL),
('9cbca824-ed31-48f5-96e3-cfda251e0f3f', 'Vientiane', 'Asia/Vientiane', 1, NULL, NULL),
('9d57c1dc-1e37-49ec-b0aa-40b8635b4be5', 'Palmer', 'Antarctica/Palmer', 1, NULL, NULL),
('9d7be1eb-e938-4d98-8854-43f374e4bdd8', 'Menominee', 'America/Menominee', 1, NULL, NULL),
('9da22a71-4c41-4299-8a4c-5ba1b7654b67', 'Guadalcanal', 'Pacific/Guadalcanal', 1, NULL, NULL),
('9e94235c-5134-4f1b-87cd-4a5798816dd1', 'Indiana - Winamac', 'America/Indiana/Winamac', 1, NULL, NULL),
('9f4eaa75-3058-487a-82b4-40412e491067', 'Minsk', 'Europe/Minsk', 1, NULL, NULL),
('9f71c077-112f-4a24-9b60-2b907f27d3a2', 'Ljubljana', 'Europe/Ljubljana', 1, NULL, NULL),
('a008fed1-7da5-4f64-8723-d8dbb03f6bc0', 'Coral Harbour', 'America/Coral_Harbour', 1, NULL, NULL),
('a0dca2fd-3485-49a9-be7f-568c86ed8091', 'Swift Current', 'America/Swift_Current', 1, NULL, NULL),
('a3230efd-e263-4f02-b617-92d6bfc7466d', 'Niamey', 'Africa/Niamey', 1, NULL, NULL),
('a3252252-dadd-4811-ae84-c2629e5d55a8', 'Nauru', 'Pacific/Nauru', 1, NULL, NULL),
('a3674695-52c0-4284-a65c-30e426f98242', 'London', 'Europe/London', 1, NULL, NULL),
('a5647044-492e-442e-a429-c4af44bfd930', 'Istanbul', 'Asia/Istanbul', 1, NULL, NULL),
('a59026b7-3b23-40bb-a151-a77d7f65ffbd', 'Curacao', 'America/Curacao', 1, NULL, NULL),
('a5a58976-3c12-41e7-88cd-4e0764c45f2d', 'Indiana - Petersburg', 'America/Indiana/Petersburg', 1, NULL, NULL),
('a645d8f2-ba2e-472f-a38f-517c23bf345a', 'Iqaluit', 'America/Iqaluit', 1, NULL, NULL),
('a683efad-23e6-4ae6-bcc1-a9826bbf5bf4', 'Dushanbe', 'Asia/Dushanbe', 1, NULL, NULL),
('a694536f-6b4b-4b85-a2a6-1d15ea9710ef', 'Dakar', 'Africa/Dakar', 1, NULL, NULL),
('a73e9267-1884-4c47-9e88-c0c38e0b8c27', 'Harare', 'Africa/Harare', 1, NULL, NULL),
('a753f90d-f398-451a-b9c2-5661f2f5dbf2', 'Lagos', 'Africa/Lagos', 1, NULL, NULL),
('a776f2ec-cd30-4317-aefe-7b41f2c9bd4d', 'Chatham', 'Pacific/Chatham', 1, NULL, NULL),
('a780ab8e-e6fc-4cb6-88d6-6bb14918c30f', 'Ashgabat', 'Asia/Ashgabat', 1, NULL, NULL),
('a7e1c727-5113-4fd6-8595-1c5204a73c54', 'Guatemala', 'America/Guatemala', 1, NULL, NULL),
('a81ac90e-7c60-4aa9-bd5c-7a89d0f7b374', 'Argentina - Cordoba', 'America/Argentina/Cordoba', 1, NULL, NULL),
('a827852d-c11c-4b3c-9e3a-dab987b8cf77', 'Oslo', 'Europe/Oslo', 1, NULL, NULL),
('a882112c-109d-4c39-a636-f70c9e0326a4', 'Canberra', 'Australia/Canberra', 1, NULL, NULL),
('a8e4ad66-40c4-491b-9e58-df7e9937500c', 'Tashkent', 'Asia/Tashkent', 1, NULL, NULL),
('a9554c1b-b77b-42b9-b2ae-76327e71e791', 'Enderbury', 'Pacific/Enderbury', 1, NULL, NULL),
('a97be8e5-ca6c-4eaa-acf0-446e83e33ff2', 'Magadan', 'Asia/Magadan', 1, NULL, NULL),
('aa52e29b-e908-4368-a9e9-56551642083e', 'Brazzaville', 'Africa/Brazzaville', 1, NULL, NULL),
('aab38ed1-5225-4786-a0e4-be8365dac68a', 'Vaduz', 'Europe/Vaduz', 1, NULL, NULL),
('aba56ed6-6a7b-4d29-8626-02b1c235c9ec', 'Cuiaba', 'America/Cuiaba', 1, NULL, NULL),
('ad0616d6-f40b-491b-8cae-df77c41b5b7d', 'Norfolk', 'Pacific/Norfolk', 1, NULL, NULL),
('ade962fc-2c85-4f57-ac1f-ed2ab2c7f0e0', 'Port of Spain', 'America/Port_of_Spain', 1, NULL, NULL),
('ae37553d-124c-4d1b-b5f6-581b92db3679', 'Argentina - Tucuman', 'America/Argentina/Tucuman', 1, NULL, NULL),
('ae8a094b-1b15-41da-8f14-548f400c3547', 'Zagreb', 'Europe/Zagreb', 1, NULL, NULL),
('aec38e44-5737-4dcb-be10-f86424dbbc60', 'Argentina - Mendoza', 'America/Argentina/Mendoza', 1, NULL, NULL),
('af49d0fc-735f-4131-a875-c6f7bbb2db95', 'Tongatapu', 'Pacific/Tongatapu', 1, NULL, NULL),
('af8a621b-70e4-4936-9836-4726ab6551ec', 'Monterrey', 'America/Monterrey', 1, NULL, NULL),
('b031f8a0-b295-4601-918e-29bfc98d6509', 'Luxembourg', 'Europe/Luxembourg', 1, NULL, NULL),
('b055ba4c-9cb4-450a-9121-65639973b860', 'Chungking', 'Asia/Chungking', 1, NULL, NULL),
('b14de4eb-6fe8-4d78-ad20-95ea720f5fd9', 'St Lucia', 'America/St_Lucia', 1, NULL, NULL),
('b1eda8ca-45f8-4b6f-835f-1b67746b539a', 'Tiraspol', 'Europe/Tiraspol', 1, NULL, NULL),
('b22feb24-1d59-42c9-b8eb-b71f287ebb9b', 'Aruba', 'America/Aruba', 1, NULL, NULL),
('b2df2529-12a2-42f5-9fab-3082c08fcc37', 'Kentucky - Monticello', 'America/Kentucky/Monticello', 1, NULL, NULL),
('b4a7ec23-925c-41c6-ac68-3418530b528f', 'Ouagadougou', 'Africa/Ouagadougou', 1, NULL, NULL),
('b607278d-db2e-446a-bab5-b807d0a4eacf', 'Anguilla', 'America/Anguilla', 1, NULL, NULL),
('b668e964-bec1-4e8c-b0b7-7a5a58e0ac90', 'Majuro', 'Pacific/Majuro', 1, NULL, NULL),
('b8ccda4c-31a0-47cb-8ef0-9f85481f4f1e', 'Easter', 'Pacific/Easter', 1, NULL, NULL),
('b9b1a668-5fe2-483f-889f-470285e4f018', 'Kaliningrad', 'Europe/Kaliningrad', 1, NULL, NULL),
('ba0af000-dca8-43ed-8896-b5b51c93c31a', 'Gambier', 'Pacific/Gambier', 1, NULL, NULL),
('baa17922-284b-476d-92ba-060e4341111e', 'Yerevan', 'Asia/Yerevan', 1, NULL, NULL),
('bb154faa-187c-4905-8beb-8a8833cac876', 'St Kitts', 'America/St_Kitts', 1, NULL, NULL),
('bb9436aa-fab9-4d8e-858e-8c551977b975', 'La Paz', 'America/La_Paz', 1, NULL, NULL),
('bb9d81cc-49cc-404d-a0cd-4a10a0adeeb3', 'Muscat', 'Asia/Muscat', 1, NULL, NULL),
('bc2d3281-f3ca-4e1d-8b6b-96486f90a1a8', 'DumontDUrville', 'Antarctica/DumontDUrville', 1, NULL, NULL),
('bc4f93ef-8fa6-42b9-b7bb-f06fae4295fe', 'Uzhgorod', 'Europe/Uzhgorod', 1, NULL, NULL),
('bc9cd7ff-2d2f-4069-9654-c70cfd69a4dd', 'Pangnirtung', 'America/Pangnirtung', 1, NULL, NULL),
('bf0dcd53-7541-43ba-94dc-31ee991a5bc0', 'Honolulu', 'Pacific/Honolulu', 1, NULL, NULL),
('bf40a88d-37ee-438b-985d-9336fc03ca5f', 'Kentucky - Louisville', 'America/Kentucky/Louisville', 1, NULL, NULL),
('bf78c1d7-3446-4b25-b7fb-ec7bddfa37c8', 'Los Angeles (Pacific)', 'America/Los_Angeles', 1, NULL, NULL),
('bff71b10-c483-41b3-abd4-aad04fb5ba52', 'St Thomas', 'America/St_Thomas', 1, NULL, NULL),
('c0d684ee-8fac-443f-9d7c-4245517529a8', 'Recife', 'America/Recife', 1, NULL, NULL),
('c2dfb8bf-06ee-4208-909a-ec79e1e20043', 'Rankin Inlet', 'America/Rankin_Inlet', 1, NULL, NULL),
('c3412f5d-7862-4022-8cbd-062250c5b724', 'Nipigon', 'America/Nipigon', 1, NULL, NULL),
('c36a5cd8-9168-478f-9bc6-514d19206a79', 'Indiana - Knox', 'America/Indiana/Knox', 1, NULL, NULL),
('c3db5a24-1101-4108-a829-7fcea7c09bd8', 'Berlin', 'Europe/Berlin', 1, NULL, NULL),
('c6175344-c51a-4600-ad9b-b17189be5f69', 'Auckland', 'Pacific/Auckland', 1, NULL, NULL),
('c69f81ef-f6d1-412a-9717-040ef0165719', 'Kashgar', 'Asia/Kashgar', 1, NULL, NULL),
('c7eb2e6d-18ae-4a1d-84be-6eb5bd1d701e', 'Omsk', 'Asia/Omsk', 1, NULL, NULL),
('c8268fd8-79d0-4487-a2e5-c8749bdeafb1', 'North Dakota - Center', 'America/North_Dakota/Center', 1, NULL, NULL),
('c89cfff2-5a97-4010-9f31-95550186a5f9', 'Panama', 'America/Panama', 1, NULL, NULL),
('c94d1a35-b141-4ef7-a77d-11a6a19c976d', 'Tbilisi', 'Asia/Tbilisi', 1, NULL, NULL),
('c9d989fb-4a05-4774-9679-69a425737e10', 'Podgorica', 'Europe/Podgorica', 1, NULL, NULL),
('ca6b70a2-5121-43ca-a3cb-9d411e04c320', 'Belem', 'America/Belem', 1, NULL, NULL),
('ca80dbdc-4edd-4e77-9f48-73e6f0b726ae', 'Rosario', 'America/Rosario', 1, NULL, NULL),
('ca92550f-4fdd-4b67-a4b0-42e753a706ee', 'Antananarivo', 'Indian/Antananarivo', 1, NULL, NULL),
('cad69974-ffcc-45a0-9e42-0144b4f503e7', 'New York (Eastern)', 'America/New_York', 1, NULL, NULL),
('ccc85261-3f68-4230-aace-9ff98d5d38d5', 'Faroe', 'Atlantic/Faroe', 1, NULL, NULL),
('ce18b087-5400-4047-a64d-c68d9a6ed991', 'Nicosia', 'Asia/Nicosia', 1, NULL, NULL),
('cf1e0420-93a4-49d7-9ddc-f0dd6c1b8fb2', 'Eirunepe', 'America/Eirunepe', 1, NULL, NULL),
('cfcde389-ead3-4441-a28e-f11a7f4bfe6b', 'Bangkok', 'Asia/Bangkok', 1, NULL, NULL),
('d0c2bdd9-0bc8-491f-b32e-ad71b54801f9', 'Bissau', 'Africa/Bissau', 1, NULL, NULL),
('d1e2a309-8d0d-49d8-819f-31e27ed748cf', 'Shanghai', 'Asia/Shanghai', 1, NULL, NULL),
('d2e19147-300e-4218-841f-3d6e5ec31e77', 'Dar es Salaam', 'Africa/Dar_es_Salaam', 1, NULL, NULL),
('d3082ac0-445b-4f22-a3fd-edcb3748875d', 'Christmas', 'Indian/Christmas', 1, NULL, NULL),
('d319e42b-eba7-4184-883b-fc041168d04e', 'Chihuahua', 'America/Chihuahua', 1, NULL, NULL),
('d3507fd3-9da9-4943-bcd8-edb380d47676', 'Bratislava', 'Europe/Bratislava', 1, NULL, NULL),
('d38e8832-b90c-4e92-bef7-1ca277a76487', 'Asmera', 'Africa/Asmera', 1, NULL, NULL),
('d4b4e258-d23e-4027-8f0c-e82b53a4dafd', 'Qatar', 'Asia/Qatar', 1, NULL, NULL),
('d6526b01-f97c-44d0-bcc8-48f9edd82426', 'Ponape', 'Pacific/Ponape', 1, NULL, NULL),
('d6664fd2-d2c5-48db-899e-a143f984b83b', 'Stanley', 'Atlantic/Stanley', 1, NULL, NULL),
('d6acc14a-aac3-4336-b1d8-a8e6c5423887', 'Pyongyang', 'Asia/Pyongyang', 1, NULL, NULL),
('d6bcc526-06a1-471e-a435-15152666f94d', 'Kwajalein', 'Pacific/Kwajalein', 1, NULL, NULL),
('d73f2ec9-fbab-4738-baf0-c2297c5dc4aa', 'Manaus', 'America/Manaus', 1, NULL, NULL),
('d7eea24b-beb1-4b22-a105-27796b2be801', 'Nairobi', 'Africa/Nairobi', 1, NULL, NULL),
('d88012ba-b9d3-4f2d-930d-d338572c066c', 'Phoenix (MST)', 'America/Phoenix', 1, NULL, NULL),
('d899d931-50f7-4f27-8e9b-f55ea6c19b3b', 'Nassau', 'America/Nassau', 1, NULL, NULL),
('d8ccb179-3f9d-4070-84c3-a569dfa14719', 'North', 'Australia/North', 1, NULL, NULL),
('d944e64b-7e5a-4973-993a-033d8ce0aa26', 'Macquarie', 'Antarctica/Macquarie', 1, NULL, NULL),
('d9a24847-56ee-4ae1-94e3-998497871ea3', 'Caracas', 'America/Caracas', 1, NULL, NULL),
('d9da8b24-87a2-42b5-b8b4-6f1d8909c643', 'Reunion', 'Indian/Reunion', 1, NULL, NULL),
('d9f01fd4-f99c-454c-9855-1e11ac7a0fa6', 'Bucharest', 'Europe/Bucharest', 1, NULL, NULL),
('da3df733-0fe5-4eae-b71c-29900080a674', 'South', 'Australia/South', 1, NULL, NULL),
('daa8631b-90d2-41ca-b5a0-d6c319cddff2', 'Lord Howe', 'Australia/Lord_Howe', 1, NULL, NULL),
('daacc789-1c1f-400d-abfa-fd61bdbcc9a6', 'Santo Domingo', 'America/Santo_Domingo', 1, NULL, NULL),
('dacb17a2-94dd-4ff7-9076-4bf0a98fec90', 'St Vincent', 'America/St_Vincent', 1, NULL, NULL),
('db9e04cf-3dd2-4c4e-81fc-43b15acc9544', 'Jakarta', 'Asia/Jakarta', 1, NULL, NULL),
('dbd18bbb-e75c-43d4-bbe4-1041279582e5', 'Anchorage (Alaska)', 'America/Anchorage', 1, NULL, NULL),
('dbf127a5-cac7-4fef-ba6c-0b6ced28ff50', 'Currie', 'Australia/Currie', 1, NULL, NULL),
('dd7cf6c5-1f86-4c20-a4be-3dc95a2295d5', 'Vancouver', 'America/Vancouver', 1, NULL, NULL),
('ddcb0d49-fcf0-4d76-99b0-7b06847848e7', 'Montevideo', 'America/Montevideo', 1, NULL, NULL),
('de798e1f-b951-4588-b010-ca36c1f41df6', 'Aden', 'Asia/Aden', 1, NULL, NULL),
('debd6164-fd3c-4a0a-ab25-c3d5aa686e15', 'Resolute', 'America/Resolute', 1, NULL, NULL),
('ded4cce3-5d32-4f81-a6c5-baa18b5cd43b', 'Kuwait', 'Asia/Kuwait', 1, NULL, NULL),
('e044b1dc-30b1-44fe-899b-f6fd34af45de', 'New York', 'America/New_York', 1, NULL, NULL),
('e0514826-89a3-49d6-8392-9289347f436b', 'Adelaide', 'Australia/Adelaide', 1, NULL, NULL),
('e0a65b5c-d109-4436-8e81-789fcec4db0d', 'Manila', 'Asia/Manila', 1, NULL, NULL),
('e0d53c93-f4c1-443a-8dad-7c9954a67ffa', 'Mauritius', 'Indian/Mauritius', 1, NULL, NULL),
('e14cb6f6-d7bf-45a7-bb57-68a2a7ab9853', 'Aqtobe', 'Asia/Aqtobe', 1, NULL, NULL),
('e41911ab-ee2e-499a-8798-4c1db9fd676b', 'Blantyre', 'Africa/Blantyre', 1, NULL, NULL),
('e484147b-601f-402b-96b4-2173b51fef21', 'Juneau', 'America/Juneau', 1, NULL, NULL),
('e4e4cd8a-3c1b-4750-b826-d3b0293566b6', 'Kiev', 'Europe/Kiev', 1, NULL, NULL),
('e517a2fe-cad4-4573-9b8f-875751d088dd', 'Banjul', 'Africa/Banjul', 1, NULL, NULL),
('e61a8bb2-a9f9-477a-93c4-17ab52405629', 'Hobart', 'Australia/Hobart', 1, NULL, NULL),
('e6522fb8-9c3a-4c47-b09c-63a1d910f5de', 'Araguaina', 'America/Araguaina', 1, NULL, NULL),
('e75a50bc-df35-49fc-8b71-06393dbc17c2', 'Argentina - San Luis', 'America/Argentina/San_Luis', 1, NULL, NULL),
('e82124fe-dd4c-43f4-b36b-cde62d927bfd', 'Argentina - ComodRivadavia', 'America/Argentina/ComodRivadavia', 1, NULL, NULL),
('e83a437c-3065-438e-a14a-621690fb1a96', 'Karachi', 'Asia/Karachi', 1, NULL, NULL),
('e91598ee-1342-491c-a311-138ace833d09', 'Davis', 'Antarctica/Davis', 1, NULL, NULL),
('e9b838e7-72ff-4edf-8a64-4d91f3f6d5e9', 'Taipei', 'Asia/Taipei', 1, NULL, NULL),
('ea092bd8-11bf-4e80-b033-6717fba1cb36', 'Dubai', 'Asia/Dubai', 1, NULL, NULL),
('ea58cfce-8949-4968-9e5a-bccdc866fdbe', 'Brunei', 'Asia/Brunei', 1, NULL, NULL),
('ea6d6703-ee2a-4047-a5ce-9bfa56658261', 'Dominica', 'America/Dominica', 1, NULL, NULL),
('ebe1d2d6-b72b-4e9c-9214-f08e08e56d8d', 'Bermuda', 'Atlantic/Bermuda', 1, NULL, NULL),
('ec9baf95-d016-4656-b007-737aec43c1a3', 'Marigot', 'America/Marigot', 1, NULL, NULL),
('ecbbd134-833e-4436-88b3-c784327c3b10', 'Vostok', 'Antarctica/Vostok', 1, NULL, NULL),
('ed688438-4ba3-4bdb-a8f8-5e1c7003bcda', 'Jerusalem', 'Asia/Jerusalem', 1, NULL, NULL),
('eda11b6a-e08f-4630-8a93-77270fb6c1e6', 'Merida', 'America/Merida', 1, NULL, NULL),
('edc329b3-503a-421f-b4d2-ff116440a46c', 'Almaty', 'Asia/Almaty', 1, NULL, NULL),
('edee2938-e7b9-44ff-bc91-f54a4671805b', 'Dublin', 'Europe/Dublin', 1, NULL, NULL),
('ee7812df-645a-4702-add2-65f586ad8b6d', 'Asuncion', 'America/Asuncion', 1, NULL, NULL),
('ee8a92ea-1d5e-4745-8674-ac33dc271a2b', 'Dhaka', 'Asia/Dhaka', 1, NULL, NULL),
('ee8b8c34-b54d-436c-8f87-8f62537bb645', 'Kathmandu', 'Asia/Kathmandu', 1, NULL, NULL),
('eeae8471-89bb-4289-a25b-d0f2d2966e67', 'Stockholm', 'Europe/Stockholm', 1, NULL, NULL),
('f07d5878-2495-465d-b7d9-d8dbdb65060b', 'Port Moresby', 'Pacific/Port_Moresby', 1, NULL, NULL),
('f0b807e8-a505-42b3-8338-29bbdd3555df', 'Montreal', 'America/Montreal', 1, NULL, NULL),
('f3840738-c780-41ad-a2b7-f90e4417a4df', 'Urumqi', 'Asia/Urumqi', 1, NULL, NULL),
('f5830608-3738-4504-bc48-2401a3a4839a', 'Jayapura', 'Asia/Jayapura', 1, NULL, NULL),
('f6063ff8-fe01-4c2b-be84-3153a4058fda', 'Johannesburg', 'Africa/Johannesburg', 1, NULL, NULL),
('f6067e7f-8a4e-4f31-9a9f-5f418a9935fd', 'Damascus', 'Asia/Damascus', 1, NULL, NULL),
('f6a72ab3-707f-4d35-b4ed-7548404a542d', 'St Johns', 'America/St_Johns', 1, NULL, NULL),
('f71b33f7-d119-425c-9394-8488c932f894', 'Galapagos', 'Pacific/Galapagos', 1, NULL, NULL),
('f80bb915-e2cc-41af-bb2d-3b35d683ecdd', 'Maldives', 'Indian/Maldives', 1, NULL, NULL),
('f81fe95e-8ee9-4381-a993-be5bb5d48486', 'Argentina - Catamarca', 'America/Argentina/Catamarca', 1, NULL, NULL),
('f8d85591-6418-4c18-9191-7d254548a4f0', 'Adak', 'America/Adak', 1, NULL, NULL),
('fafbb495-8b03-4f22-a1ff-97734b62d2a3', 'Fakaofo', 'Pacific/Fakaofo', 1, NULL, NULL),
('fb1e4231-083c-4b07-90c5-de3fa11e6d35', 'Kerguelen', 'Indian/Kerguelen', 1, NULL, NULL),
('fb39cf46-5d58-4993-9df7-c0fbda454007', 'Indianapolis', 'America/Indianapolis', 1, NULL, NULL),
('fbe9de3b-c7e9-414e-be4a-8c3264507f61', 'Knox IN', 'America/Knox_IN', 1, NULL, NULL),
('fc345342-ffb3-4b9d-9ed0-7747c47ec5b5', 'Paramaribo', 'America/Paramaribo', 1, NULL, NULL),
('fe994bce-28ac-499b-882c-5b59d8430f96', 'North Dakota - New Salem', 'America/North_Dakota/New_Salem', 1, NULL, NULL),
('fef92edb-08a0-4567-b31a-6578abd940bd', 'Darwin', 'Australia/Darwin', 1, NULL, NULL),
('ff37f105-5f17-4a9f-bbeb-83c0d27b6c69', 'Belize', 'America/Belize', 1, NULL, NULL),
('ffcb4639-4113-4b89-85b5-ba29f3a47079', 'Kuching', 'Asia/Kuching', 1, NULL, NULL),
('ffe0617f-c0a5-4b01-9771-b5c79c772e03', 'Reykjavik', 'Atlantic/Reykjavik', 1, NULL, NULL);

-- --------------------------------------------------------

--
-- Table structure for table `users`
--

CREATE TABLE `users` (
  `id` int UNSIGNED NOT NULL,
  `name` varchar(191) CHARACTER SET utf8mb4 COLLATE utf8mb4_unicode_ci DEFAULT NULL,
  `company_key` varchar(191) CHARACTER SET utf8mb4 COLLATE utf8mb4_unicode_ci DEFAULT NULL,
  `username` varchar(25) CHARACTER SET utf8mb4 COLLATE utf8mb4_unicode_ci DEFAULT NULL,
  `map_type` varchar(191) CHARACTER SET utf8mb4 COLLATE utf8mb4_unicode_ci DEFAULT NULL,
  `email` varchar(150) CHARACTER SET utf8mb4 COLLATE utf8mb4_unicode_ci DEFAULT NULL,
  `password` varchar(191) CHARACTER SET utf8mb4 COLLATE utf8mb4_unicode_ci DEFAULT NULL,
  `mobile` varchar(14) CHARACTER SET utf8mb4 COLLATE utf8mb4_unicode_ci NOT NULL,
  `ride_otp` int DEFAULT NULL,
  `gender` varchar(191) CHARACTER SET utf8mb4 COLLATE utf8mb4_unicode_ci DEFAULT NULL,
  `profile_picture` varchar(191) CHARACTER SET utf8mb4 COLLATE utf8mb4_unicode_ci DEFAULT NULL,
  `stripe_customer_id` varchar(191) CHARACTER SET utf8mb4 COLLATE utf8mb4_unicode_ci DEFAULT NULL,
  `is_deleted_at` timestamp NULL DEFAULT NULL,
  `country` int UNSIGNED DEFAULT NULL,
  `timezone` varchar(191) CHARACTER SET utf8mb4 COLLATE utf8mb4_unicode_ci DEFAULT NULL,
  `active` tinyint(1) NOT NULL DEFAULT '1',
  `email_confirmed` tinyint(1) NOT NULL DEFAULT '0',
  `mobile_confirmed` tinyint(1) NOT NULL DEFAULT '0',
  `email_confirmation_token` varchar(191) CHARACTER SET utf8mb4 COLLATE utf8mb4_unicode_ci DEFAULT NULL,
  `fcm_token` varchar(191) CHARACTER SET utf8mb4 COLLATE utf8mb4_unicode_ci DEFAULT NULL,
  `apn_token` varchar(191) CHARACTER SET utf8mb4 COLLATE utf8mb4_unicode_ci DEFAULT NULL,
  `refferal_code` varchar(191) CHARACTER SET utf8mb4 COLLATE utf8mb4_unicode_ci DEFAULT NULL,
  `referred_by` int UNSIGNED DEFAULT NULL,
  `rating` double(8,2) NOT NULL DEFAULT '0.00',
  `lang` varchar(191) CHARACTER SET utf8mb4 COLLATE utf8mb4_unicode_ci DEFAULT NULL,
  `zone_id` char(36) CHARACTER SET utf8mb4 COLLATE utf8mb4_unicode_ci DEFAULT NULL,
  `current_lat` double(15,8) DEFAULT NULL,
  `current_lng` double(15,8) DEFAULT NULL,
  `rating_total` double(8,2) NOT NULL DEFAULT '0.00',
  `no_of_ratings` int NOT NULL DEFAULT '0',
  `login_by` enum('android','ios') CHARACTER SET utf8mb4 COLLATE utf8mb4_unicode_ci DEFAULT NULL,
  `remember_token` varchar(100) CHARACTER SET utf8mb4 COLLATE utf8mb4_unicode_ci DEFAULT NULL,
  `last_known_ip` varchar(45) CHARACTER SET utf8mb4 COLLATE utf8mb4_unicode_ci DEFAULT NULL,
  `last_login_at` timestamp NULL DEFAULT NULL,
  `social_provider` varchar(191) CHARACTER SET utf8mb4 COLLATE utf8mb4_unicode_ci DEFAULT NULL,
  `is_bid_app` tinyint(1) NOT NULL DEFAULT '0',
  `social_nickname` varchar(191) CHARACTER SET utf8mb4 COLLATE utf8mb4_unicode_ci DEFAULT NULL,
  `social_id` varchar(191) CHARACTER SET utf8mb4 COLLATE utf8mb4_unicode_ci DEFAULT NULL,
  `social_token` longtext CHARACTER SET utf8mb4 COLLATE utf8mb4_unicode_ci,
  `social_token_secret` longtext CHARACTER SET utf8mb4 COLLATE utf8mb4_unicode_ci,
  `social_refresh_token` longtext CHARACTER SET utf8mb4 COLLATE utf8mb4_unicode_ci,
  `social_expires_in` varchar(191) CHARACTER SET utf8mb4 COLLATE utf8mb4_unicode_ci DEFAULT NULL,
  `social_avatar` varchar(191) CHARACTER SET utf8mb4 COLLATE utf8mb4_unicode_ci DEFAULT NULL,
  `social_avatar_original` varchar(191) CHARACTER SET utf8mb4 COLLATE utf8mb4_unicode_ci DEFAULT NULL,
  `created_at` timestamp NULL DEFAULT NULL,
  `updated_at` timestamp NULL DEFAULT NULL,
  `authorization_code` varchar(191) CHARACTER SET utf8mb4 COLLATE utf8mb4_unicode_ci DEFAULT NULL,
  `deleted_at` timestamp NULL DEFAULT NULL,
  `service_location_id` char(36) CHARACTER SET utf8mb4 COLLATE utf8mb4_unicode_ci DEFAULT NULL
) ENGINE=InnoDB DEFAULT CHARSET=utf8mb4 COLLATE=utf8mb4_unicode_ci;

--
-- Dumping data for table `users`
--

INSERT INTO `users` (`id`, `name`, `company_key`, `username`, `map_type`, `email`, `password`, `mobile`, `ride_otp`, `gender`, `profile_picture`, `stripe_customer_id`, `is_deleted_at`, `country`, `timezone`, `active`, `email_confirmed`, `mobile_confirmed`, `email_confirmation_token`, `fcm_token`, `apn_token`, `refferal_code`, `referred_by`, `rating`, `lang`, `zone_id`, `current_lat`, `current_lng`, `rating_total`, `no_of_ratings`, `login_by`, `remember_token`, `last_known_ip`, `last_login_at`, `social_provider`, `is_bid_app`, `social_nickname`, `social_id`, `social_token`, `social_token_secret`, `social_refresh_token`, `social_expires_in`, `social_avatar`, `social_avatar_original`, `created_at`, `updated_at`, `authorization_code`, `deleted_at`, `service_location_id`) VALUES
(1, 'admin', NULL, NULL, NULL, 'admin@admin.com', '$2y$10$iEK5OqU2iSpOblGReRunsOjPXPyJRY4zWXF6bD0lC/Z9cl.XLp2tS', '9999999999', NULL, NULL, 'PMegCMXZGNEXgLEBaqRHSCfcyGxqdhmSkwf3xUXz.jpg', NULL, NULL, NULL, 'America/North_Dakota/New_Salem', 1, 0, 1, NULL, NULL, NULL, NULL, NULL, 0.00, NULL, NULL, NULL, NULL, 0.00, 0, NULL, 'yN55raf7CKSHWjCQYbVppx56N01rJ2dI6BkxkDeXJtvZwvqv64HKnlGNBen1', NULL, NULL, NULL, 0, NULL, NULL, NULL, NULL, NULL, NULL, NULL, NULL, '2026-01-26 08:20:59', '2026-02-10 10:49:46', NULL, NULL, NULL),
(2, 'test', NULL, NULL, NULL, 'test1234@gmail.com', '$2y$10$7BrDjdkXb7cp8PyL1hDTuOdZnH/kyw4JeVVYOmyGbVpx4nibzeBbS', '1234567890', NULL, 'male', 'bo21fNhSmHtl7RkqjHB7tkQXOsAsZP9iGsvadlCO.png', NULL, NULL, 102, NULL, 1, 0, 0, NULL, NULL, NULL, 'DCAtAd', NULL, 0.00, NULL, NULL, NULL, NULL, 0.00, 0, NULL, NULL, NULL, NULL, NULL, 0, NULL, NULL, NULL, NULL, NULL, NULL, NULL, NULL, '2026-01-26 08:24:06', '2026-01-26 08:24:06', NULL, NULL, NULL),
(3, 'shahzaib rajput', NULL, NULL, NULL, 'shahzaibfaisalrajput90@gmail.com', '$2y$10$9BnWM6CfsxIYw7XjEH7uTOKfTvTwUJfMPZFp3SqJ9I/mwP1E5/61m', '1234567899', 4266, 'male', 'owDCaZuMnXhnM8C8wjK1i8qlgpUU6qRjRp1656Tc.png', NULL, NULL, 167, 'Europe/London', 1, 0, 0, NULL, 'dnAkZ15VRYOEM5Tc2BFijF:APA91bEetu7cxjzCtZCyT-MiQyuANSAuN0fqMMEp2MjVcyf_0ehK5uQ1qxHDEqQrFt-5l29jvu6WHnYTAsGQqPT09FtRiURC9fCm-l-eYxNkgIygtu8ya3I', NULL, '5ozVEW', NULL, 5.00, NULL, 'f48f355f-ff68-49ab-bd27-a2b9e32231e7', 30.00677290, 73.26165040, 5.00, 1, NULL, NULL, NULL, NULL, NULL, 0, NULL, NULL, NULL, NULL, NULL, NULL, NULL, NULL, '2026-01-26 11:20:37', '2026-02-05 03:57:43', NULL, NULL, '4c0beb64-d574-4fc3-9458-be37c87af335'),
(4, 'test Dont Delete', NULL, NULL, NULL, 'test1234@gmail.com', '$2y$10$J25auIKtAwejikMOtCKeK.P9RaZkQyeEMsePUOX33/E5A.745PNxW', '1234567890', NULL, NULL, '5WnUlHxgNHB0UBNN98ARxWMbBMYh04J3t3gnytPK.png', NULL, NULL, 232, 'Europe/London', 1, 0, 1, NULL, NULL, NULL, 'dmS9YT', NULL, 0.00, NULL, 'f48f355f-ff68-49ab-bd27-a2b9e32231e7', 30.01119080, 73.26152300, 0.00, 0, NULL, NULL, NULL, NULL, NULL, 0, NULL, NULL, NULL, NULL, NULL, NULL, NULL, NULL, '2026-01-26 11:21:45', '2026-02-10 10:35:37', NULL, '2026-02-10 10:35:37', '4c0beb64-d574-4fc3-9458-be37c87af335'),
(5, 'shahzaib rajput', NULL, NULL, NULL, 'shahzaibfaisalrajput90@gmail.com', '$2y$10$SP9Gcrrgbf2RUciFmD96suzdCKGB6TOYqJmBi7kbZc/2lEF.d/Hna', '12345678998', NULL, NULL, 'bXxOKedGAoI2wXpyGyzV8hvB2fpFl0lLnpHXZDQd.png', NULL, NULL, 167, NULL, 1, 0, 1, NULL, NULL, NULL, 'qeFdXg', NULL, 0.00, NULL, NULL, NULL, NULL, 0.00, 0, NULL, NULL, NULL, NULL, NULL, 0, NULL, NULL, NULL, NULL, NULL, NULL, NULL, NULL, '2026-01-26 11:24:02', '2026-01-27 05:14:22', NULL, '2026-01-27 05:14:22', NULL),
(6, 'shahzaib rajput', NULL, NULL, NULL, 'shahzaibfaisalrajput1122@gmail.com', '$2y$10$BgKCEJoF.ctjoQ4TdoQTvuamPaaVimlPEYXx5O/7EiTz.Q/BUlI1i', '12345678999', NULL, NULL, 'bIxOt4ue0evQ914Q7sAIZxpGrHBygVHXWSHN2WsE.png', NULL, NULL, 167, NULL, 1, 0, 1, NULL, NULL, NULL, '5Lb3fU', NULL, 0.00, NULL, NULL, NULL, NULL, 0.00, 0, NULL, NULL, NULL, NULL, NULL, 0, NULL, NULL, NULL, NULL, NULL, NULL, NULL, NULL, '2026-01-26 11:27:03', '2026-01-27 05:12:23', NULL, '2026-01-27 05:12:23', NULL),
(7, 'Arshid Mahroof', NULL, NULL, NULL, 'arshidmahroof@yahoo.co.uk', '$2y$10$v1chRJB5Dwru04UbYOaFV.8xNJmDqTzTDjsFU0ChBE95p.D5frCw6', '7788643713', 3832, 'male', 'D7nI68ZdgjUepxCKCt13Hf0lxkKYb7eiIKbI906k.jpg', NULL, NULL, 232, 'Europe/London', 1, 0, 1, NULL, 'cWzvV68JSKiKTdTnTf-6Iu:APA91bGZkmgdK72NtlKISqKcS8poSns86nSMhVX7n-DspVhnfyIR5oiuxkgbgklHrUu0ULN2S_Qsdnevfkt9LU6kVXFMp_ue61kvysjLY0LaexGfxQVVcgU', NULL, 'BMPVyY', NULL, 5.00, 'en', 'f48f355f-ff68-49ab-bd27-a2b9e32231e7', 52.43986290, -1.85585410, 45.00, 9, 'android', NULL, NULL, NULL, NULL, 0, NULL, NULL, NULL, NULL, NULL, NULL, NULL, NULL, '2026-01-26 15:57:22', '2026-02-06 07:54:18', NULL, NULL, '4c0beb64-d574-4fc3-9458-be37c87af335'),
(8, 'Arshid Mahroof', NULL, NULL, 'google_map', 'arshidmahroof@yahoo.co.uk', '$2y$10$WblPCQ09IjbUEffCVHZwrOWZL0rwFjsRbdlP41CUvQ4wyHtPa.hIm', '7788643713', NULL, 'male', 'VSVqNVGYYalBMgMDagjD4JdNYrnviopq2AViKbL5.jpg', NULL, NULL, 232, 'Europe/London', 1, 0, 1, NULL, 'd0NObFVbSbKel5nqdmUXa9:APA91bF01Kiw29wYSRtbY6csDZ8-7iYURojX7YSOxQfwJCpBfMr0PCpVUh9JuHoVLYPmW1cvQ4PGSCt3EyptiFP_xD_HNlqTXqt-a2VwpmC1HKEKh0nsVJw', NULL, 'xIsRu1', NULL, 5.00, 'en', 'f48f355f-ff68-49ab-bd27-a2b9e32231e7', 52.43960140, -1.85601650, 45.00, 9, 'android', NULL, NULL, NULL, NULL, 0, NULL, NULL, NULL, NULL, NULL, NULL, NULL, NULL, '2026-01-26 18:09:17', '2026-02-10 10:35:32', NULL, '2026-02-10 10:35:32', '4c0beb64-d574-4fc3-9458-be37c87af335'),
(9, 'shahzaib rajput', NULL, NULL, 'google_map', 'shahzaibfaisalrajput90@gmail.com', '$2y$10$tF2CWpm6TUiSY87ZhNrTEu35mLYrbDsbkMSHMyST35lRFBvLk.Im.', '987654321', NULL, NULL, '4Mm6V0LJ6RErhce2sQjxWV0GG73oZ2Sne5BYN33S.jpg', NULL, NULL, 232, 'Europe/London', 1, 0, 1, NULL, 'ep2dUhegRYGMaVPVfFyXy1:APA91bFdt6-nVVGJtoWyNsfAhOaTyK_KTsNw7ya6IAb4wr0yMlAsrgWa49fWybIevxv6Rru5Izt_2ksQ-Ly2kVn1EbvN2SywvCdDRz1pT3Dx6-9e_1dX8qo', NULL, 'Bbh0se', NULL, 5.00, NULL, 'f48f355f-ff68-49ab-bd27-a2b9e32231e7', 30.01121820, 73.26149810, 5.00, 1, NULL, NULL, NULL, NULL, NULL, 0, NULL, NULL, NULL, NULL, NULL, NULL, NULL, NULL, '2026-01-27 05:15:55', '2026-02-10 10:35:20', NULL, '2026-02-10 10:35:20', '4c0beb64-d574-4fc3-9458-be37c87af335'),
(10, 'dispatch', NULL, NULL, NULL, 'dispatch@admin.com', '$2y$10$iEK5OqU2iSpOblGReRunsOjPXPyJRY4zWXF6bD0lC/Z9cl.XLp2tS', '8369737894', NULL, 'male', NULL, NULL, NULL, 232, 'Europe/London', 1, 0, 1, NULL, 'd0NObFVbSbKel5nqdmUXa9:APA91bE6gymGHZXT4KCuVA1Nm8ksklxEKg2uLsaph8e4kv-z342gRHL07dvc0rTufh3cuMstwrLTOb4rG2RlCdH87Nbdts8FFYx4zZ13dVkEMVDJyJPYGkY', NULL, 'tQF3ek', NULL, 0.00, 'en', 'f48f355f-ff68-49ab-bd27-a2b9e32231e7', 52.47588820, -1.88895530, 0.00, 0, 'android', NULL, NULL, NULL, NULL, 0, NULL, NULL, NULL, NULL, NULL, NULL, NULL, NULL, '2026-01-27 10:58:12', '2026-01-27 11:06:55', NULL, '2026-01-27 11:06:55', '4c0beb64-d574-4fc3-9458-be37c87af335'),
(11, NULL, NULL, NULL, NULL, NULL, NULL, '3051433998', NULL, NULL, NULL, NULL, NULL, 167, NULL, 1, 0, 1, NULL, NULL, NULL, 'ZjdKJw', NULL, 0.00, 'en', NULL, NULL, NULL, 0.00, 0, NULL, NULL, NULL, NULL, NULL, 0, NULL, NULL, NULL, NULL, NULL, NULL, NULL, NULL, '2026-01-27 11:13:58', '2026-01-30 21:27:14', NULL, '2026-01-30 21:27:14', NULL),
(12, 'Arshid Mahroof', NULL, NULL, NULL, 'arshidmahroof@yahoo.co.uk', '$2y$10$t9o6zK715h6v5FYuzYbL.eLEWe8bLCH7KG4AMdBvq0/Tt6M4exLW.', '07788643713', NULL, NULL, '3amkSuysE6YPm4fhltoboQWJCJPovTW51VBaD9E7.jpg', NULL, NULL, 232, 'Europe/London', 1, 0, 0, NULL, NULL, NULL, NULL, NULL, 0.00, NULL, NULL, NULL, NULL, 0.00, 0, NULL, 'iFEyzjvy1cpDlz3fpTHSrVEdxplrLqYKoWRmTCrsJsiQWIAJSdwj0VtWBNdl', NULL, NULL, NULL, 0, NULL, NULL, NULL, NULL, NULL, NULL, NULL, NULL, '2026-01-27 12:17:08', '2026-01-30 22:19:41', NULL, '2026-01-30 22:19:41', NULL),
(13, 'Arshid Mahroof', NULL, NULL, NULL, 'arshidmahroof@yahoo.co.uk', '$2y$10$Fbhotp40O1/P06woXouB6uF6OafQJfsQ8FM5otfX2b3z9JC4z3zPG', '7788643713', NULL, NULL, NULL, NULL, NULL, 232, 'Europe/London', 1, 0, 0, NULL, NULL, NULL, 'NdCfhh', NULL, 0.00, NULL, 'f48f355f-ff68-49ab-bd27-a2b9e32231e7', 52.43997310, -1.85605860, 0.00, 0, NULL, NULL, NULL, NULL, NULL, 0, NULL, NULL, NULL, NULL, NULL, NULL, NULL, NULL, '2026-01-27 12:37:47', '2026-01-27 12:44:13', NULL, NULL, '4c0beb64-d574-4fc3-9458-be37c87af335'),
(14, 'shahzaib rajput', NULL, NULL, NULL, NULL, NULL, '123456789', 9358, NULL, NULL, NULL, NULL, 71, NULL, 1, 0, 0, NULL, NULL, NULL, NULL, NULL, 0.00, NULL, NULL, NULL, NULL, 0.00, 0, NULL, NULL, NULL, NULL, NULL, 0, NULL, NULL, NULL, NULL, NULL, NULL, NULL, NULL, '2026-01-27 12:53:21', '2026-01-30 21:27:26', NULL, '2026-01-30 21:27:26', NULL),
(15, 'Arslan Arif', NULL, NULL, NULL, 'arslan.arif@yahoo.com', '$2y$10$uBf8abPaQxo9TohsHC/1sOXTBoxr9YhUJ47f9TASSUwNTTyJhoSk6', '07534324972', NULL, 'male', NULL, NULL, NULL, 232, 'Europe/London', 1, 0, 1, NULL, 'e1G6JTgwDE-disAkOl_dX_:APA91bEXTq9iyd-YtCIy8r8ZQeuHKaHdWzUwGsEcKvRlwCxJCentg2fs3un1BfyRbTMBXOEBRuSgiu1koEqKiDr_iEaWi68eUXnmSrSMqHqq7RulhUJ4oUY', NULL, '3GiKJ8', NULL, 0.00, 'en', 'f48f355f-ff68-49ab-bd27-a2b9e32231e7', 52.39466100, -1.93664497, 0.00, 0, 'ios', NULL, NULL, NULL, NULL, 0, NULL, NULL, NULL, NULL, NULL, NULL, NULL, NULL, '2026-01-29 15:41:19', '2026-02-10 10:36:08', NULL, '2026-02-10 10:36:08', '4c0beb64-d574-4fc3-9458-be37c87af335'),
(16, 'Arshid Mahroof', NULL, NULL, NULL, 'arshidmahroof@yahoo.co.uk', '$2y$10$Op1EZFZAaHprMc0a5./3m.P5R6Dbb/ksLSFCakH5YrtqmhWUKteWq', '07788643713', NULL, NULL, 'CnVAZ1TupqSRCZiM83yOcdzdJLypgSFDpsL3d0QP.jpg', NULL, NULL, 232, 'Europe/London', 1, 0, 0, NULL, NULL, NULL, NULL, NULL, 0.00, NULL, NULL, NULL, NULL, 0.00, 0, NULL, NULL, NULL, NULL, NULL, 0, NULL, NULL, NULL, NULL, NULL, NULL, NULL, NULL, '2026-01-30 21:25:03', '2026-01-30 21:25:03', NULL, NULL, NULL),
(17, 'Arshid Mahroof', NULL, NULL, NULL, 'arshidmahroof@yahoo.co.uk', '$2y$10$1FJqVRDGS.ogQ4bTbWlMOOzX6CBF3RJT6EvG1ufdBdT9sle/RrqFG', '07788643713', NULL, NULL, 'XDNr1cigt80JVTInHwtJZzSivsibyJM8Ojeb0o1e.jpg', NULL, NULL, 232, 'Europe/London', 1, 0, 0, NULL, NULL, NULL, NULL, NULL, 0.00, NULL, NULL, NULL, NULL, 0.00, 0, NULL, NULL, NULL, NULL, NULL, 0, NULL, NULL, NULL, NULL, NULL, NULL, NULL, NULL, '2026-01-30 22:49:47', '2026-02-02 17:36:50', NULL, '2026-02-02 17:36:50', NULL),
(18, 'Arshid Mahroof', NULL, NULL, NULL, 'arshidmahroof@gmail.com', '$2y$10$UqH5sp6aVZHYqwqV5eYYi.k08xophqxmDCpxSACtO3fx8PTlYY5mC', '07944563563', NULL, NULL, 'Nx0aHMPh0jtJfml4tVI4zLAVgfsBPbo7PU2HPSMO.jpg', NULL, NULL, 232, 'Europe/London', 1, 0, 0, NULL, NULL, NULL, NULL, NULL, 0.00, NULL, NULL, NULL, NULL, 0.00, 0, NULL, '5PcVbeTWPESyFVOAONq2zWAkXJHWhtLtWhrSBHQ0x1v3fbgxnOXlaKsGMC7W', NULL, NULL, NULL, 0, NULL, NULL, NULL, NULL, NULL, NULL, NULL, NULL, '2026-01-30 23:21:51', '2026-02-02 17:36:56', NULL, '2026-02-02 17:36:56', NULL),
(19, 'Rahul Prasad', NULL, NULL, NULL, 'prasadr700@gmail.com', '$2y$10$ircbqIItMRADvI6yeDkeK.IYDe49Ox7kc6SH/f.i5ZfTPawcxsX6e', '6026739464', NULL, NULL, '4uxVDw2nXuoAHhlDdvEFVyQ825DmndMmDBkHlWHY.jpeg', NULL, NULL, 102, 'Europe/London', 1, 0, 0, NULL, NULL, NULL, NULL, NULL, 0.00, NULL, NULL, NULL, NULL, 0.00, 0, NULL, 'aYbpd1jL69uVmFgZM46V6Djkq0LppBFozZb4WVL8vWlAdNsl9MZTfiy6mHWC', NULL, NULL, NULL, 0, NULL, NULL, NULL, NULL, NULL, NULL, NULL, NULL, '2026-01-31 03:59:59', '2026-02-02 10:35:15', NULL, '2026-02-02 10:35:15', NULL),
(20, 'Rahul Prasad', NULL, NULL, NULL, 'prasadr700@gmail.com', '$2y$10$H9S1i.Opnd5oO80NPkPxpuvzOOvGwnF7AI.mPeQbs2YvVbUcCfb9W', '8638062059', NULL, NULL, 'tff92fYhrfPrwyQNaRyv4AEgvsXCRqymckhKat6J.png', NULL, NULL, 102, 'Europe/London', 1, 0, 0, NULL, NULL, NULL, NULL, NULL, 0.00, NULL, NULL, NULL, NULL, 0.00, 0, NULL, NULL, NULL, NULL, NULL, 0, NULL, NULL, NULL, NULL, NULL, NULL, NULL, NULL, '2026-01-31 04:42:08', '2026-02-10 10:07:03', NULL, '2026-02-10 10:07:03', NULL),
(21, 'Super Admin', NULL, NULL, NULL, 'admin2@admin.com', '$2y$10$am.XAKFQSyuc4KHoYALome8qCUq9daJEgAZ43v9C4jTR71yYrQdXq', '8638062059', NULL, NULL, NULL, NULL, NULL, 18, 'Europe/London', 1, 0, 0, NULL, NULL, NULL, NULL, NULL, 0.00, NULL, NULL, NULL, NULL, 0.00, 0, NULL, NULL, NULL, NULL, NULL, 0, NULL, NULL, NULL, NULL, NULL, NULL, NULL, NULL, '2026-01-31 14:00:09', '2026-01-31 14:00:09', NULL, NULL, NULL),
(22, 'Super Admin', NULL, NULL, NULL, 'admin2@admin.com', '$2y$10$iL0XKRlnOGxfnN0TrvzceeTphKRf6644TQOgvjqOIKJnzQ2mF3iYK', '8638062059', NULL, NULL, 'ZmB2ETA59RyNa1tXZGuVsk252kMa8SWyhIIeHWEq.png', NULL, NULL, 18, 'Europe/London', 1, 0, 0, NULL, NULL, NULL, NULL, NULL, 0.00, NULL, NULL, NULL, NULL, 0.00, 0, NULL, NULL, NULL, NULL, NULL, 0, NULL, NULL, NULL, NULL, NULL, NULL, NULL, NULL, '2026-01-31 14:00:23', '2026-01-31 14:00:23', NULL, NULL, NULL),
(23, 'Super Admin', NULL, NULL, NULL, 'admin2@admin.com', '$2y$10$KQ3l/S46Xrgu1hgrFv2HZuG4PAw5ZVEnkipY5XJAgxyZpFg4YD0kC', '8638062059', NULL, NULL, 'tPxLjQUwUOkDGvEcx1hCsQpw6KdAF2GGtshblCKD.png', NULL, NULL, 18, 'Europe/London', 1, 0, 0, NULL, NULL, NULL, NULL, NULL, 0.00, NULL, NULL, NULL, NULL, 0.00, 0, NULL, NULL, NULL, NULL, NULL, 0, NULL, NULL, NULL, NULL, NULL, NULL, NULL, NULL, '2026-01-31 14:00:28', '2026-01-31 14:00:28', NULL, NULL, NULL),
(24, 'Aqsa', NULL, NULL, NULL, 'aqsasialkot88@gmail.com', '$2y$10$2W5192kK6T1Ooy5YdcqBseFuOzMVoqjphYA1OBxO20eD3XP4EUk6W', '+923286280391', NULL, NULL, NULL, NULL, NULL, 167, 'Europe/London', 1, 0, 0, NULL, NULL, NULL, NULL, NULL, 0.00, NULL, NULL, NULL, NULL, 0.00, 0, NULL, NULL, NULL, NULL, NULL, 0, NULL, NULL, NULL, NULL, NULL, NULL, NULL, NULL, '2026-02-02 17:26:20', '2026-02-07 11:32:23', NULL, '2026-02-07 11:32:23', NULL),
(25, 'Arshid Mahroof', NULL, NULL, NULL, 'arshidmahroof@yahoo.co.uk', '$2y$10$GVvXK44HlcwfP/Ykq3C.E.FNg29NoYlMLBOGx/h1t7bC2qMWFP6TW', '07788643713', NULL, NULL, NULL, NULL, NULL, 232, 'Europe/London', 1, 0, 0, NULL, NULL, NULL, NULL, NULL, 0.00, NULL, NULL, NULL, NULL, 0.00, 0, NULL, NULL, NULL, NULL, NULL, 0, NULL, NULL, NULL, NULL, NULL, NULL, NULL, NULL, '2026-02-02 17:32:24', '2026-02-07 11:32:26', NULL, '2026-02-07 11:32:26', NULL),
(26, 'Arshid Mahroof', NULL, NULL, NULL, 'arshidmahroof@yahoo.co.uk', '$2y$10$2ASWJqqB4Q2JgP1gv01LseP3DI1J5xcbfOetyWOnKcLxeg0.HWXRa', '07788643713', NULL, NULL, NULL, NULL, NULL, 232, 'Europe/London', 1, 0, 0, NULL, NULL, NULL, NULL, NULL, 0.00, NULL, NULL, NULL, NULL, 0.00, 0, NULL, NULL, NULL, NULL, NULL, 0, NULL, NULL, NULL, NULL, NULL, NULL, NULL, NULL, '2026-02-03 08:43:55', '2026-02-03 08:43:55', NULL, NULL, NULL),
(27, 'Agent', NULL, NULL, NULL, 'fecwjkem@gmail.com', '$2y$10$NdY3IWuS8YfSizwTKHvS1Ogek9uSujJSZ//ENTs8suJ4QmiDN/Ifa', '8989898989', NULL, NULL, NULL, NULL, NULL, 102, 'Europe/London', 1, 0, 0, NULL, NULL, NULL, NULL, NULL, 0.00, NULL, NULL, NULL, NULL, 0.00, 0, NULL, NULL, NULL, NULL, NULL, 0, NULL, NULL, NULL, NULL, NULL, NULL, NULL, NULL, '2026-02-03 11:49:23', '2026-02-07 11:32:32', NULL, '2026-02-07 11:32:32', NULL),
(28, 'Ahmed Mahroof', NULL, NULL, NULL, NULL, '$2y$10$6M7Mkfah5nbNQy2IbERZoOYYavrkJ4siSSiJGbz1kpXHO/Y4xAB8u', '07447796791', NULL, 'male', NULL, NULL, NULL, 232, 'Europe/London', 1, 0, 1, NULL, 'cKY3U4IytEJRscZC2dpZjx:APA91bF-xVs-5lNA2kz8Z2pMG6cR_Ank6Jqid5nTCWTK7Av-3Wy_Eobs_QrmWgswQs36H8bWSwHD4gUYkaccm2-ysP3G78BFv4MP7KdfMdXi-MDUQGERX0M', NULL, 'mlCPDG', NULL, 0.00, 'en', 'f48f355f-ff68-49ab-bd27-a2b9e32231e7', 52.43220666, -1.87518529, 0.00, 0, 'ios', NULL, NULL, NULL, NULL, 0, NULL, NULL, NULL, NULL, NULL, NULL, NULL, NULL, '2026-02-03 14:24:19', '2026-02-10 10:36:02', NULL, '2026-02-10 10:36:02', '4c0beb64-d574-4fc3-9458-be37c87af335'),
(29, 'Arshid Mahroof', NULL, NULL, NULL, 'arshidmahroof@yahoo.co.uk', '$2y$10$GpiNRvz1khsNmbcTT5foBugfCT/ox08JYRijDKYzGTi1IXcdZvXnu', '07788643713', NULL, NULL, NULL, NULL, NULL, 232, 'Europe/London', 1, 0, 0, NULL, NULL, NULL, NULL, NULL, 0.00, NULL, NULL, NULL, NULL, 0.00, 0, NULL, NULL, NULL, NULL, NULL, 0, NULL, NULL, NULL, NULL, NULL, NULL, NULL, NULL, '2026-02-05 16:29:45', '2026-02-05 16:29:45', NULL, NULL, NULL),
(30, 'Arshid Mahroof', NULL, NULL, NULL, 'arshidmahroof@yahoo.co.uk', '$2y$10$yZgzVt5Xal0T6yoQQuiY1.q7x47X9VoGAoDWCBIclEkSZtGWfOLou', '07788643713', NULL, NULL, NULL, NULL, NULL, 232, 'Europe/London', 1, 0, 0, NULL, NULL, NULL, NULL, NULL, 0.00, NULL, NULL, NULL, NULL, 0.00, 0, NULL, NULL, NULL, NULL, NULL, 0, NULL, NULL, NULL, NULL, NULL, NULL, NULL, NULL, '2026-02-07 11:33:32', '2026-02-07 11:33:32', NULL, NULL, NULL),
(31, 'Dispatcher', NULL, NULL, NULL, 'dispatch@admin.com', '$2y$10$LSay1tb5A8/dQahVploizeXuK7EpzT3kULcXCsH5BbpNl7iPoaIO6', '8369737894', NULL, NULL, 'nopWrLbRVA1X9dqc1lGS0PtthkTuuOjIFDdNPIWO.png', NULL, NULL, 2, 'Europe/Tirane', 1, 0, 0, NULL, NULL, NULL, NULL, NULL, 0.00, NULL, NULL, NULL, NULL, 0.00, 0, NULL, 'qgabWq2D5BkU319rNgltfEi8Dup1g0BfgUEt9yUpGKrSXE83JJrM8r7RrZIE', NULL, NULL, NULL, 0, NULL, NULL, NULL, NULL, NULL, NULL, NULL, NULL, '2026-02-07 11:35:52', '2026-02-10 10:15:14', NULL, '2026-02-10 10:15:14', NULL),
(32, 'Rahul Prasad', NULL, NULL, NULL, 'dispatcher@admin.com', '$2y$10$FAne1gXeUfSccPDqji3xTOID0QbCk9bLFMDCvTNqpaKh60UnzbIMC', '09101841322', NULL, NULL, NULL, NULL, NULL, 2, 'Europe/Tirane', 1, 0, 0, NULL, NULL, NULL, NULL, NULL, 0.00, NULL, NULL, NULL, NULL, 0.00, 0, NULL, 'k4d9XCXdQ4aSfQxyts7e9AVnLSqlx8tFXb8q4dkGPUQBnjbvWnyYMgPGjnfj', NULL, NULL, NULL, 0, NULL, NULL, NULL, NULL, NULL, NULL, NULL, NULL, '2026-02-10 10:16:06', '2026-02-10 10:16:06', NULL, NULL, NULL),
(33, 'Rahul', NULL, NULL, NULL, NULL, '$2y$10$hFZiIQP0w.GqevC739Dd7.ITvLZWRB8qalS0f2y4u0NvoH9RyXpAi', '8369737894', 8713, 'male', NULL, NULL, NULL, 102, 'Europe/Tirane', 1, 0, 1, NULL, 'cypaJBvJRoqn8nwXpOObvp:APA91bE4Gx3UD1KDlRKB2kQtbhkwK6iFiYWywUy0YmJujFIQ4Gi6asm3PsaGjOv0lFlXbYs7vefOuTCPUPAaH6LkCHtKX2rvmqqg4OYnEUVBbMv-KIVCUQc', NULL, '2s6wpb', NULL, 5.00, 'en', '2f8b8d48-8da4-4cdc-baab-b609dc243388', 26.10245140, 91.71964630, 25.00, 5, 'android', NULL, NULL, NULL, NULL, 0, NULL, NULL, NULL, NULL, NULL, NULL, NULL, NULL, '2026-02-10 10:25:56', '2026-02-10 11:27:54', NULL, NULL, '4c0beb64-d574-4fc3-9458-be37c87af335'),
(34, 'Rahul Prasad', NULL, NULL, NULL, 'ruuzra@gmail.com', '$2y$10$ENc1HS0lwSpOj8YnBswA6Oipx5tvM.wFpaNTG8pAsfRNEACP6lQOW', '8369737894', NULL, 'male', NULL, NULL, NULL, 102, 'Europe/Tirane', 1, 0, 1, NULL, 'eEyTcO4URGmkZvE1Fwb7lc:APA91bEX2KH9SObPc3e-Edr5P8sS0lfafeVfFCYgVdj-HM5Z-JNDHDlG1EqC5uIBMV_-6t6YcsLbIzVG30Tc4CBkGoS0c4S1u5xy1E_S6-tBoA7f2H3xfN4', NULL, '6mA9hr', NULL, 5.00, 'en', '2f8b8d48-8da4-4cdc-baab-b609dc243388', 26.10245140, 91.71964630, 5.00, 1, 'android', NULL, NULL, NULL, NULL, 0, NULL, NULL, NULL, NULL, NULL, NULL, NULL, NULL, '2026-02-10 10:33:18', '2026-02-10 11:26:25', NULL, NULL, '4c0beb64-d574-4fc3-9458-be37c87af335'),
(35, 'Niko', NULL, NULL, NULL, 'nikoblloshmi88@gmail.com', '$2y$10$0bXOX5g5y2nl5y/z9yjssuW0zBjVF02hmlYK/eN9SqDI9Hp0xUECy', '683398452', NULL, 'male', NULL, NULL, NULL, 2, 'Europe/Tirane', 1, 0, 1, NULL, NULL, NULL, 'gxjenz', NULL, 5.00, 'en', '2f8b8d48-8da4-4cdc-baab-b609dc243388', 40.73693660, 19.57400460, 5.00, 1, 'android', NULL, NULL, NULL, NULL, 0, NULL, NULL, NULL, NULL, NULL, NULL, NULL, NULL, '2026-02-10 11:10:06', '2026-02-10 14:13:26', NULL, NULL, '4c0beb64-d574-4fc3-9458-be37c87af335'),
(36, 'Maks', NULL, NULL, NULL, NULL, '$2y$10$3P3zwxr.1qiKiPxuSYyQfeWx3A2V/5gnrWYgnOvmzjTXSo1pQfNcy', '683398452', 5362, 'male', NULL, NULL, NULL, 2, 'Europe/Tirane', 1, 0, 1, NULL, NULL, NULL, 'W4IgVy', NULL, 5.00, 'en', '2f8b8d48-8da4-4cdc-baab-b609dc243388', 40.73692810, 19.57399660, 5.00, 1, 'android', NULL, NULL, NULL, NULL, 0, NULL, NULL, NULL, NULL, NULL, NULL, NULL, NULL, '2026-02-10 11:15:52', '2026-02-10 13:29:36', NULL, NULL, '4c0beb64-d574-4fc3-9458-be37c87af335'),
(37, 'Niko Blloshmi', NULL, NULL, NULL, NULL, NULL, '0698399995', 1851, NULL, NULL, NULL, NULL, 2, NULL, 1, 0, 0, NULL, NULL, NULL, NULL, NULL, 0.00, NULL, NULL, NULL, NULL, 0.00, 0, NULL, NULL, NULL, NULL, NULL, 0, NULL, NULL, NULL, NULL, NULL, NULL, NULL, NULL, '2026-02-10 11:51:43', '2026-02-10 11:51:43', NULL, NULL, NULL),
(38, 'Niko B', NULL, NULL, NULL, NULL, NULL, '0683398452', 7428, NULL, NULL, NULL, NULL, 2, NULL, 1, 0, 0, NULL, NULL, NULL, NULL, NULL, 0.00, NULL, NULL, NULL, NULL, 0.00, 0, NULL, NULL, NULL, NULL, NULL, 0, NULL, NULL, NULL, NULL, NULL, NULL, NULL, NULL, '2026-02-10 12:15:42', '2026-02-10 12:15:42', NULL, NULL, NULL),
(39, 'Niko Blloshmi', NULL, NULL, NULL, 'viatransfer.al@gmail.com', '$2y$10$RWfbxNdBUSryjy.vLLwsv.QPZnH8b87.SjOHie9AwzID5xaKB04I2', '+3556983398452', NULL, NULL, 'hfaPLiEUX5TmDoxhQKdDzihQSGEiECaWhS99zxEx.jpg', NULL, NULL, 2, 'Europe/Tirane', 1, 0, 0, NULL, NULL, NULL, NULL, NULL, 0.00, NULL, NULL, NULL, NULL, 0.00, 0, NULL, 'H95Qp1pw6o8p2eVRqGIunu4D5kxvtTyRZQ4YVSRH5GieLvkyiNi6SF3VZqAB', NULL, NULL, NULL, 0, NULL, NULL, NULL, NULL, NULL, NULL, NULL, NULL, '2026-02-10 12:34:19', '2026-02-10 12:34:19', NULL, NULL, NULL);

-- --------------------------------------------------------

--
-- Table structure for table `users_bank_info`
--

CREATE TABLE `users_bank_info` (
  `id` char(36) CHARACTER SET utf8mb4 COLLATE utf8mb4_unicode_ci NOT NULL,
  `user_id` int UNSIGNED DEFAULT NULL,
  `account_name` varchar(191) CHARACTER SET utf8mb4 COLLATE utf8mb4_unicode_ci DEFAULT NULL,
  `account_no` varchar(191) CHARACTER SET utf8mb4 COLLATE utf8mb4_unicode_ci DEFAULT NULL,
  `bank_code` varchar(191) CHARACTER SET utf8mb4 COLLATE utf8mb4_unicode_ci DEFAULT NULL,
  `bank_name` varchar(191) CHARACTER SET utf8mb4 COLLATE utf8mb4_unicode_ci DEFAULT NULL,
  `created_at` timestamp NULL DEFAULT NULL,
  `updated_at` timestamp NULL DEFAULT NULL
) ENGINE=InnoDB DEFAULT CHARSET=utf8mb4 COLLATE=utf8mb4_unicode_ci;

-- --------------------------------------------------------

--
-- Table structure for table `users_imported`
--

CREATE TABLE `users_imported` (
  `id` bigint UNSIGNED NOT NULL,
  `user_id` int UNSIGNED NOT NULL,
  `valid_file` tinyint(1) NOT NULL DEFAULT '0',
  `invalid_file` tinyint(1) NOT NULL DEFAULT '0',
  `invalid_file_path` varchar(191) CHARACTER SET utf8mb4 COLLATE utf8mb4_unicode_ci DEFAULT NULL,
  `status` varchar(191) CHARACTER SET utf8mb4 COLLATE utf8mb4_unicode_ci DEFAULT NULL,
  `created_at` timestamp NULL DEFAULT NULL,
  `updated_at` timestamp NULL DEFAULT NULL
) ENGINE=InnoDB DEFAULT CHARSET=utf8mb4 COLLATE=utf8mb4_unicode_ci;

-- --------------------------------------------------------

--
-- Table structure for table `user_details`
--

CREATE TABLE `user_details` (
  `id` char(36) CHARACTER SET utf8mb4 COLLATE utf8mb4_unicode_ci NOT NULL,
  `user_id` int UNSIGNED NOT NULL,
  `name` varchar(191) CHARACTER SET utf8mb4 COLLATE utf8mb4_unicode_ci NOT NULL,
  `mobile` varchar(191) CHARACTER SET utf8mb4 COLLATE utf8mb4_unicode_ci NOT NULL,
  `email` varchar(150) CHARACTER SET utf8mb4 COLLATE utf8mb4_unicode_ci NOT NULL,
  `address` varchar(500) CHARACTER SET utf8mb4 COLLATE utf8mb4_unicode_ci DEFAULT NULL,
  `state` varchar(50) CHARACTER SET utf8mb4 COLLATE utf8mb4_unicode_ci DEFAULT NULL,
  `city` varchar(50) CHARACTER SET utf8mb4 COLLATE utf8mb4_unicode_ci DEFAULT NULL,
  `country` int UNSIGNED NOT NULL,
  `country_code` varchar(191) CHARACTER SET utf8mb4 COLLATE utf8mb4_unicode_ci DEFAULT NULL,
  `gender` enum('male','fe-male','others') CHARACTER SET utf8mb4 COLLATE utf8mb4_unicode_ci NOT NULL,
  `profile` varchar(191) CHARACTER SET utf8mb4 COLLATE utf8mb4_unicode_ci DEFAULT NULL,
  `token` varchar(191) CHARACTER SET utf8mb4 COLLATE utf8mb4_unicode_ci DEFAULT NULL,
  `token_expiry` timestamp NULL DEFAULT NULL,
  `device_token` varchar(191) CHARACTER SET utf8mb4 COLLATE utf8mb4_unicode_ci DEFAULT NULL,
  `login_by` varchar(191) CHARACTER SET utf8mb4 COLLATE utf8mb4_unicode_ci DEFAULT NULL,
  `created_at` timestamp NULL DEFAULT NULL,
  `updated_at` timestamp NULL DEFAULT NULL,
  `deleted_at` timestamp NULL DEFAULT NULL
) ENGINE=InnoDB DEFAULT CHARSET=utf8mb4 COLLATE=utf8mb4_unicode_ci;

-- --------------------------------------------------------

--
-- Table structure for table `user_driver_notifications`
--

CREATE TABLE `user_driver_notifications` (
  `id` char(36) CHARACTER SET utf8mb4 COLLATE utf8mb4_unicode_ci NOT NULL,
  `notify_id` char(36) CHARACTER SET utf8mb4 COLLATE utf8mb4_unicode_ci NOT NULL,
  `user_id` int UNSIGNED DEFAULT NULL,
  `driver_id` int UNSIGNED DEFAULT NULL,
  `is_read` tinyint(1) NOT NULL DEFAULT '0',
  `read_at` timestamp NULL DEFAULT NULL,
  `push_enum` varchar(191) CHARACTER SET utf8mb4 COLLATE utf8mb4_unicode_ci DEFAULT NULL,
  `title` varchar(191) CHARACTER SET utf8mb4 COLLATE utf8mb4_unicode_ci DEFAULT NULL,
  `body` longtext CHARACTER SET utf8mb4 COLLATE utf8mb4_unicode_ci,
  `image` varchar(191) CHARACTER SET utf8mb4 COLLATE utf8mb4_unicode_ci DEFAULT NULL,
  `data` longtext CHARACTER SET utf8mb4 COLLATE utf8mb4_unicode_ci,
  `created_at` timestamp NULL DEFAULT NULL,
  `updated_at` timestamp NULL DEFAULT NULL,
  `deleted_at` timestamp NULL DEFAULT NULL,
  `chat_id` varchar(191) CHARACTER SET utf8mb4 COLLATE utf8mb4_unicode_ci DEFAULT NULL
) ENGINE=InnoDB DEFAULT CHARSET=utf8mb4 COLLATE=utf8mb4_unicode_ci;

--
-- Dumping data for table `user_driver_notifications`
--

INSERT INTO `user_driver_notifications` (`id`, `notify_id`, `user_id`, `driver_id`, `is_read`, `read_at`, `push_enum`, `title`, `body`, `image`, `data`, `created_at`, `updated_at`, `deleted_at`, `chat_id`) VALUES
('e641c4c0-947e-4c3f-9d85-0112ffea77bc', '17dcae3f-3626-4a4e-9977-3106841837ff', NULL, 4, 0, NULL, NULL, NULL, NULL, NULL, NULL, '2026-01-26 20:56:15', '2026-01-26 20:56:15', NULL, NULL),
('f5fd4b73-7f3a-4b1c-af68-5a428a3d2932', '17dcae3f-3626-4a4e-9977-3106841837ff', NULL, 1, 0, NULL, NULL, NULL, NULL, NULL, NULL, '2026-01-26 20:56:15', '2026-01-26 20:56:15', NULL, NULL);

-- --------------------------------------------------------

--
-- Table structure for table `user_wallet`
--

CREATE TABLE `user_wallet` (
  `id` char(36) CHARACTER SET utf8mb4 COLLATE utf8mb4_unicode_ci NOT NULL,
  `user_id` int UNSIGNED NOT NULL,
  `amount_added` double(10,2) NOT NULL DEFAULT '0.00',
  `amount_balance` double(10,2) NOT NULL DEFAULT '0.00',
  `amount_spent` double(10,2) NOT NULL DEFAULT '0.00',
  `created_at` timestamp NULL DEFAULT NULL,
  `updated_at` timestamp NULL DEFAULT NULL
) ENGINE=InnoDB DEFAULT CHARSET=utf8mb4 COLLATE=utf8mb4_unicode_ci;

--
-- Dumping data for table `user_wallet`
--

INSERT INTO `user_wallet` (`id`, `user_id`, `amount_added`, `amount_balance`, `amount_spent`, `created_at`, `updated_at`) VALUES
('1e2296ab-7ded-4fb1-a43c-212d9007dff4', 11, 0.00, 0.00, 0.00, '2026-01-27 11:13:58', '2026-01-27 11:13:58'),
('6815ec62-683a-494d-b4c1-3e056cd8affd', 36, 0.00, 0.00, 0.00, '2026-02-10 11:15:52', '2026-02-10 11:15:52'),
('a69f1adc-7251-42fb-b529-995fd6d05699', 2, 0.00, 0.00, 0.00, '2026-01-26 08:24:06', '2026-01-26 08:24:06'),
('bf13457d-36bc-42de-8874-df63c0c50211', 3, 0.00, 0.00, 0.00, '2026-01-26 11:20:37', '2026-01-26 11:20:37'),
('c3d6c95b-b379-4eaf-8f4c-70c6ee20bad9', 7, 0.00, 0.00, 0.00, '2026-01-26 15:57:22', '2026-01-26 15:57:22'),
('ef9c7ced-e6ac-43dc-b5e2-62d9523b6e55', 33, 0.00, 0.00, 0.00, '2026-02-10 10:25:56', '2026-02-10 10:25:56');

-- --------------------------------------------------------

--
-- Table structure for table `user_wallet_history`
--

CREATE TABLE `user_wallet_history` (
  `id` char(36) CHARACTER SET utf8mb4 COLLATE utf8mb4_unicode_ci NOT NULL,
  `user_id` int UNSIGNED NOT NULL,
  `card_id` char(36) CHARACTER SET utf8mb4 COLLATE utf8mb4_unicode_ci DEFAULT NULL,
  `request_id` char(36) CHARACTER SET utf8mb4 COLLATE utf8mb4_unicode_ci DEFAULT NULL,
  `refferal_code` varchar(191) CHARACTER SET utf8mb4 COLLATE utf8mb4_unicode_ci DEFAULT NULL,
  `transaction_id` varchar(191) CHARACTER SET utf8mb4 COLLATE utf8mb4_unicode_ci DEFAULT NULL,
  `amount` double(10,2) NOT NULL DEFAULT '0.00',
  `conversion` varchar(191) CHARACTER SET utf8mb4 COLLATE utf8mb4_unicode_ci DEFAULT NULL,
  `merchant` varchar(191) CHARACTER SET utf8mb4 COLLATE utf8mb4_unicode_ci DEFAULT NULL,
  `remarks` varchar(191) CHARACTER SET utf8mb4 COLLATE utf8mb4_unicode_ci DEFAULT NULL,
  `is_credit` tinyint(1) NOT NULL DEFAULT '0',
  `admin_id` char(36) CHARACTER SET utf8mb4 COLLATE utf8mb4_unicode_ci DEFAULT NULL,
  `created_at` timestamp NULL DEFAULT NULL,
  `updated_at` timestamp NULL DEFAULT NULL
) ENGINE=InnoDB DEFAULT CHARSET=utf8mb4 COLLATE=utf8mb4_unicode_ci;

-- --------------------------------------------------------

--
-- Table structure for table `vehicle_types`
--

CREATE TABLE `vehicle_types` (
  `id` char(36) CHARACTER SET utf8mb4 COLLATE utf8mb4_unicode_ci NOT NULL,
  `company_key` varchar(191) CHARACTER SET utf8mb4 COLLATE utf8mb4_unicode_ci DEFAULT NULL,
  `name` varchar(191) CHARACTER SET utf8mb4 COLLATE utf8mb4_unicode_ci NOT NULL,
  `translation_dataset` text CHARACTER SET utf8mb4 COLLATE utf8mb4_unicode_ci,
  `icon` varchar(191) CHARACTER SET utf8mb4 COLLATE utf8mb4_unicode_ci DEFAULT NULL,
  `icon_types_for` varchar(191) CHARACTER SET utf8mb4 COLLATE utf8mb4_unicode_ci NOT NULL,
  `trip_dispatch_type` enum('bidding','normal','both') CHARACTER SET utf8mb4 COLLATE utf8mb4_unicode_ci DEFAULT 'both',
  `capacity` int NOT NULL DEFAULT '0',
  `size` varchar(191) CHARACTER SET utf8mb4 COLLATE utf8mb4_unicode_ci DEFAULT NULL,
  `description` text CHARACTER SET utf8mb4 COLLATE utf8mb4_unicode_ci,
  `short_description` text CHARACTER SET utf8mb4 COLLATE utf8mb4_unicode_ci,
  `supported_vehicles` text CHARACTER SET utf8mb4 COLLATE utf8mb4_unicode_ci,
  `is_accept_share_ride` tinyint(1) NOT NULL DEFAULT '0',
  `active` tinyint(1) NOT NULL DEFAULT '1',
  `created_at` timestamp NULL DEFAULT NULL,
  `updated_at` timestamp NULL DEFAULT NULL,
  `deleted_at` timestamp NULL DEFAULT NULL,
  `is_taxi` enum('taxi','delivery','both') CHARACTER SET utf8mb4 COLLATE utf8mb4_unicode_ci DEFAULT NULL
) ENGINE=InnoDB DEFAULT CHARSET=utf8mb4 COLLATE=utf8mb4_unicode_ci;

--
-- Dumping data for table `vehicle_types`
--

INSERT INTO `vehicle_types` (`id`, `company_key`, `name`, `translation_dataset`, `icon`, `icon_types_for`, `trip_dispatch_type`, `capacity`, `size`, `description`, `short_description`, `supported_vehicles`, `is_accept_share_ride`, `active`, `created_at`, `updated_at`, `deleted_at`, `is_taxi`) VALUES
('6536b3f2-287b-4cd7-bb15-6cf20027b60b', NULL, 'MPV 8', NULL, 'VDsTMeTj4KDiB1NOXoUcqtGYx9TAzr41BqISoWYb.png', 'suv', 'both', 8, NULL, '8 Passengers', '8 Passengers', NULL, 0, 0, '2026-01-26 20:20:42', '2026-02-10 09:56:41', NULL, 'both'),
('8db7d6d1-c086-41e6-8fba-e2d762150b29', NULL, 'MPV 6', NULL, '8pHXgVEwewzvICAEcb0Fx8X95bCSrERTuptqQCRH.png', 'suv', 'both', 6, NULL, '6 Passengers', '6 Passengers', NULL, 0, 0, '2026-01-26 20:02:39', '2026-02-10 09:57:27', NULL, 'both'),
('963fc9d0-c108-4792-9624-dd2adcc2cb8a', NULL, 'Kurknu PET', NULL, 'u4iMiaJe487PIBy5uloOCaBesSyVhji5so7U81Cf.png', 'car', 'both', 3, NULL, 'Pet Friendly', 'Pet friendly', NULL, 0, 0, '2026-01-26 20:26:05', '2026-02-10 09:56:28', NULL, 'both'),
('9ee0bdb8-4ec2-4a40-839f-488421c56b51', NULL, 'Executive', NULL, '4sks7LK7UVWWJqTnWsDIk5L8OO2dWcFoxuqWg1O9.png', 'car', 'normal', 3, NULL, '3 Passengers', '3 Passengers', NULL, 0, 1, '2026-01-26 20:24:18', '2026-02-10 09:57:05', NULL, 'both'),
('b75479ae-49dc-4255-a58b-803ffbfde473', NULL, 'Car', NULL, 'q0rxs8O8nHMZrd8cjjxdFHhFgY8NYw5o1Wnb6PXT.png', 'car', 'both', 4, '14ft', 'no', 'no', NULL, 0, 0, '2026-01-26 11:19:12', '2026-02-10 09:57:30', NULL, 'both'),
('c62da8fc-1500-4706-b63e-f9e5bacb54d1', NULL, 'Black Cab 5', NULL, 'b4q3LWd8EItdLGZJxujjU2AEvID8D4MzUxKqoddU.png', 'suv', 'normal', 5, NULL, '% Passengers', '5 Passengers', NULL, 0, 1, '2026-01-26 20:22:06', '2026-02-10 09:57:14', NULL, 'both'),
('d476ae04-b4b9-4884-9f13-7dddf8826a9a', NULL, 'MPV 7', NULL, 'QmH7pRkfrqyA1Yqb3HHNY1Jdr9PXtuMxgALB3vGV.png', 'suv', 'both', 7, NULL, '7 Passengers', '7 Passengers', NULL, 0, 0, '2026-01-26 20:07:34', '2026-02-10 09:57:23', NULL, 'both');

-- --------------------------------------------------------

--
-- Table structure for table `vehicle_type_translations`
--

CREATE TABLE `vehicle_type_translations` (
  `id` int UNSIGNED NOT NULL,
  `vehicle_type_id` char(36) CHARACTER SET utf8mb4 COLLATE utf8mb4_unicode_ci NOT NULL,
  `name` varchar(191) CHARACTER SET utf8mb4 COLLATE utf8mb4_unicode_ci NOT NULL,
  `locale` varchar(191) CHARACTER SET utf8mb4 COLLATE utf8mb4_unicode_ci NOT NULL,
  `created_at` timestamp NULL DEFAULT NULL,
  `updated_at` timestamp NULL DEFAULT NULL
) ENGINE=InnoDB DEFAULT CHARSET=utf8mb4 COLLATE=utf8mb4_unicode_ci;

-- --------------------------------------------------------

--
-- Table structure for table `wallet_withdrawal_requests`
--

CREATE TABLE `wallet_withdrawal_requests` (
  `id` int UNSIGNED NOT NULL,
  `user_id` int UNSIGNED DEFAULT NULL,
  `driver_id` int UNSIGNED DEFAULT NULL,
  `agent_id` char(36) CHARACTER SET utf8mb4 COLLATE utf8mb4_unicode_ci DEFAULT NULL,
  `owner_id` char(36) CHARACTER SET utf8mb4 COLLATE utf8mb4_unicode_ci DEFAULT NULL,
  `requested_amount` double NOT NULL DEFAULT '0',
  `requested_currency` varchar(191) CHARACTER SET utf8mb4 COLLATE utf8mb4_unicode_ci DEFAULT NULL,
  `status` tinyint NOT NULL DEFAULT '0',
  `payment_status` varchar(191) CHARACTER SET utf8mb4 COLLATE utf8mb4_unicode_ci DEFAULT NULL,
  `created_at` timestamp NULL DEFAULT NULL,
  `updated_at` timestamp NULL DEFAULT NULL
) ENGINE=InnoDB DEFAULT CHARSET=utf8mb4 COLLATE=utf8mb4_unicode_ci;

-- --------------------------------------------------------

--
-- Table structure for table `websockets_statistics_entries`
--

CREATE TABLE `websockets_statistics_entries` (
  `id` int UNSIGNED NOT NULL,
  `app_id` varchar(191) CHARACTER SET utf8mb4 COLLATE utf8mb4_unicode_ci NOT NULL,
  `peak_connection_count` int NOT NULL,
  `websocket_message_count` int NOT NULL,
  `api_message_count` int NOT NULL,
  `created_at` timestamp NULL DEFAULT NULL,
  `updated_at` timestamp NULL DEFAULT NULL
) ENGINE=InnoDB DEFAULT CHARSET=utf8mb4 COLLATE=utf8mb4_unicode_ci;

-- --------------------------------------------------------

--
-- Table structure for table `zones`
--

CREATE TABLE `zones` (
  `id` char(36) CHARACTER SET utf8mb4 COLLATE utf8mb4_unicode_ci NOT NULL,
  `company_key` varchar(191) CHARACTER SET utf8mb4 COLLATE utf8mb4_unicode_ci DEFAULT NULL,
  `service_location_id` char(36) CHARACTER SET utf8mb4 COLLATE utf8mb4_unicode_ci NOT NULL,
  `name` varchar(191) CHARACTER SET utf8mb4 COLLATE utf8mb4_unicode_ci NOT NULL,
  `translation_dataset` text CHARACTER SET utf8mb4 COLLATE utf8mb4_unicode_ci,
  `unit` enum('1','2') CHARACTER SET utf8mb4 COLLATE utf8mb4_unicode_ci NOT NULL COMMENT '1 => kilometers,2 => miles',
  `maximum_distance` double(10,2) NOT NULL DEFAULT '0.00',
  `maximum_outstation_distance` double(10,2) NOT NULL DEFAULT '0.00',
  `coordinates` multipolygon DEFAULT NULL,
  `active` tinyint(1) NOT NULL DEFAULT '1',
  `default_vehicle_type` char(36) CHARACTER SET utf8mb4 COLLATE utf8mb4_unicode_ci DEFAULT NULL,
  `created_at` timestamp NULL DEFAULT NULL,
  `updated_at` timestamp NULL DEFAULT NULL,
  `lat` double(15,8) NOT NULL DEFAULT '11.01595600',
  `lng` double(15,8) NOT NULL DEFAULT '76.96898500',
  `default_vehicle_type_for_delivery` char(36) CHARACTER SET utf8mb4 COLLATE utf8mb4_unicode_ci DEFAULT NULL,
  `peak_zone_radius` int DEFAULT '0',
  `peak_zone_duration` double(10,2) DEFAULT '0.00',
  `peak_zone_history_duration` double(10,2) DEFAULT '0.00',
  `peak_zone_ride_count` int DEFAULT '0',
  `distance_price_percentage` int DEFAULT '0' COMMENT 'In percentage'
) ENGINE=InnoDB DEFAULT CHARSET=utf8mb4 COLLATE=utf8mb4_unicode_ci;

--
-- Dumping data for table `zones`
--

INSERT INTO `zones` (`id`, `company_key`, `service_location_id`, `name`, `translation_dataset`, `unit`, `maximum_distance`, `maximum_outstation_distance`, `coordinates`, `active`, `default_vehicle_type`, `created_at`, `updated_at`, `lat`, `lng`, `default_vehicle_type_for_delivery`, `peak_zone_radius`, `peak_zone_duration`, `peak_zone_history_duration`, `peak_zone_ride_count`, `distance_price_percentage`) VALUES
('2f8b8d48-8da4-4cdc-baab-b609dc243388', NULL, '4c0beb64-d574-4fc3-9458-be37c87af335', 'Albania', '{\"en\":{\"locale\":\"en\",\"name\":\"Albania\"}}', '1', 0.00, 0.00, 0x000000000106000000010000000103000000010000000d000000508d976e12464740aee74983db394dc0ac1c5a647b8160c0aee74983db394dc0ac1c5a647bf762c0ddd04d3ddce03740ac1c5a647be664c09035773913064a40ac1c5a647b5f64c0b337cc69f72154405839b4c8f69852c0077aff04860c5540a8c64b3709055340a566c9001fdc544054e3a59b84e16340bb6af4fdeab05440ac1c5a647b4065c0e5fc5fd879b2504054e3a59b843b6440a41c8c7ad046474054e3a59b843b644018e7ae156ca732c054e3a59b841f6240da56317b58164cc0508d976e12464740aee74983db394dc0, 1, NULL, '2026-02-10 10:27:50', '2026-02-10 10:27:50', -58.45201150, 46.54743750, NULL, 0, 0.00, 0.00, 0, 0);

-- --------------------------------------------------------

--
-- Table structure for table `zone_bounds`
--

CREATE TABLE `zone_bounds` (
  `id` char(36) CHARACTER SET utf8mb4 COLLATE utf8mb4_unicode_ci NOT NULL,
  `zone_id` char(36) CHARACTER SET utf8mb4 COLLATE utf8mb4_unicode_ci NOT NULL,
  `north` double(8,2) DEFAULT NULL,
  `east` double(8,2) DEFAULT NULL,
  `south` double(8,2) DEFAULT NULL,
  `west` double(8,2) DEFAULT NULL,
  `created_at` timestamp NULL DEFAULT NULL,
  `updated_at` timestamp NULL DEFAULT NULL
) ENGINE=InnoDB DEFAULT CHARSET=utf8mb4 COLLATE=utf8mb4_unicode_ci;

-- --------------------------------------------------------

--
-- Table structure for table `zone_surge_prices`
--

CREATE TABLE `zone_surge_prices` (
  `id` bigint UNSIGNED NOT NULL,
  `zone_type_id` char(36) CHARACTER SET utf8mb4 COLLATE utf8mb4_unicode_ci DEFAULT NULL,
  `start_time` time NOT NULL,
  `end_time` time NOT NULL,
  `day` varchar(191) CHARACTER SET utf8mb4 COLLATE utf8mb4_unicode_ci DEFAULT NULL,
  `value` int NOT NULL COMMENT 'In percentage',
  `created_at` timestamp NULL DEFAULT NULL,
  `updated_at` timestamp NULL DEFAULT NULL,
  `deleted_at` timestamp NULL DEFAULT NULL
) ENGINE=InnoDB DEFAULT CHARSET=utf8mb4 COLLATE=utf8mb4_unicode_ci;

-- --------------------------------------------------------

--
-- Table structure for table `zone_translations`
--

CREATE TABLE `zone_translations` (
  `id` int UNSIGNED NOT NULL,
  `zone_id` char(36) CHARACTER SET utf8mb4 COLLATE utf8mb4_unicode_ci NOT NULL,
  `name` varchar(191) CHARACTER SET utf8mb4 COLLATE utf8mb4_unicode_ci NOT NULL,
  `locale` varchar(191) CHARACTER SET utf8mb4 COLLATE utf8mb4_unicode_ci NOT NULL,
  `created_at` timestamp NULL DEFAULT NULL,
  `updated_at` timestamp NULL DEFAULT NULL
) ENGINE=InnoDB DEFAULT CHARSET=utf8mb4 COLLATE=utf8mb4_unicode_ci;

--
-- Dumping data for table `zone_translations`
--

INSERT INTO `zone_translations` (`id`, `zone_id`, `name`, `locale`, `created_at`, `updated_at`) VALUES
(3, '2f8b8d48-8da4-4cdc-baab-b609dc243388', 'Albania', 'en', NULL, NULL);

-- --------------------------------------------------------

--
-- Table structure for table `zone_types`
--

CREATE TABLE `zone_types` (
  `id` char(36) CHARACTER SET utf8mb4 COLLATE utf8mb4_unicode_ci NOT NULL,
  `zone_id` char(36) CHARACTER SET utf8mb4 COLLATE utf8mb4_unicode_ci NOT NULL,
  `type_id` char(36) CHARACTER SET utf8mb4 COLLATE utf8mb4_unicode_ci NOT NULL,
  `bill_status` tinyint(1) NOT NULL DEFAULT '0' COMMENT '0 => Not show,1 => show bill',
  `transport_type` enum('taxi','delivery','both') CHARACTER SET utf8mb4 COLLATE utf8mb4_unicode_ci DEFAULT NULL,
  `drop_zone` char(36) CHARACTER SET utf8mb4 COLLATE utf8mb4_unicode_ci DEFAULT NULL,
  `order_number` int UNSIGNED NOT NULL DEFAULT '1',
  `payment_type` varchar(191) CHARACTER SET utf8mb4 COLLATE utf8mb4_unicode_ci NOT NULL,
  `enable_shared_ride` tinyint NOT NULL DEFAULT '0',
  `price_per_seat` double(10,2) DEFAULT '0.00',
  `shared_price_per_distance` double(10,2) DEFAULT '0.00',
  `shared_cancel_fee` double(10,2) DEFAULT '0.00',
  `admin_commission_type_for_owner` tinyint DEFAULT NULL,
  `admin_commission_for_owner` double(10,2) NOT NULL DEFAULT '0.00',
  `admin_commision_type` tinyint DEFAULT NULL,
  `admin_commision` double(10,2) NOT NULL DEFAULT '0.00',
  `service_tax` double(10,2) NOT NULL DEFAULT '0.00',
  `airport_surge` double(10,2) DEFAULT NULL,
  `support_airport_fee` tinyint(1) NOT NULL DEFAULT '0',
  `support_outstation` tinyint(1) NOT NULL DEFAULT '0',
  `admin_commission_type_from_driver` tinyint DEFAULT NULL,
  `admin_commission_from_driver` double(10,2) DEFAULT NULL,
  `agent_commision_type` tinyint DEFAULT NULL,
  `agent_commision` double(10,2) NOT NULL DEFAULT '0.00',
  `active` tinyint(1) NOT NULL DEFAULT '1',
  `created_at` timestamp NULL DEFAULT NULL,
  `updated_at` timestamp NULL DEFAULT NULL,
  `deleted_at` timestamp NULL DEFAULT NULL
) ENGINE=InnoDB DEFAULT CHARSET=utf8mb4 COLLATE=utf8mb4_unicode_ci;

--
-- Dumping data for table `zone_types`
--

INSERT INTO `zone_types` (`id`, `zone_id`, `type_id`, `bill_status`, `transport_type`, `drop_zone`, `order_number`, `payment_type`, `enable_shared_ride`, `price_per_seat`, `shared_price_per_distance`, `shared_cancel_fee`, `admin_commission_type_for_owner`, `admin_commission_for_owner`, `admin_commision_type`, `admin_commision`, `service_tax`, `airport_surge`, `support_airport_fee`, `support_outstation`, `admin_commission_type_from_driver`, `admin_commission_from_driver`, `agent_commision_type`, `agent_commision`, `active`, `created_at`, `updated_at`, `deleted_at`) VALUES
('6245f634-25d0-4159-ad2b-913dd2065d5a', '2f8b8d48-8da4-4cdc-baab-b609dc243388', 'c62da8fc-1500-4706-b63e-f9e5bacb54d1', 1, 'both', NULL, 1, 'cash', 0, NULL, 0.00, 0.00, 1, 0.00, 1, 1.00, 1.00, NULL, 0, 0, 1, 1.00, NULL, 0.00, 1, '2026-02-10 13:44:52', '2026-02-10 13:44:52', NULL),
('f75280d2-db9a-4838-b19b-685d651bd0bb', '2f8b8d48-8da4-4cdc-baab-b609dc243388', '9ee0bdb8-4ec2-4a40-839f-488421c56b51', 1, 'taxi', NULL, 0, 'cash,online', 0, 0.00, 0.00, 0.00, 1, 0.00, 1, 0.00, 1.00, 0.00, 0, 0, 1, 5.00, NULL, 0.00, 1, '2026-02-10 10:29:32', '2026-02-10 11:59:41', NULL);

-- --------------------------------------------------------

--
-- Table structure for table `zone_type_package_prices`
--

CREATE TABLE `zone_type_package_prices` (
  `id` char(36) CHARACTER SET utf8mb4 COLLATE utf8mb4_unicode_ci NOT NULL,
  `zone_type_id` char(36) CHARACTER SET utf8mb4 COLLATE utf8mb4_unicode_ci NOT NULL,
  `zone_id` char(36) CHARACTER SET utf8mb4 COLLATE utf8mb4_unicode_ci DEFAULT NULL,
  `base_price` double(10,2) NOT NULL DEFAULT '0.00',
  `package_type_id` varchar(191) CHARACTER SET utf8mb4 COLLATE utf8mb4_unicode_ci NOT NULL,
  `distance_price_per_km` varchar(191) CHARACTER SET utf8mb4 COLLATE utf8mb4_unicode_ci NOT NULL,
  `time_price_per_min` varchar(191) CHARACTER SET utf8mb4 COLLATE utf8mb4_unicode_ci NOT NULL,
  `cancellation_fee` varchar(191) CHARACTER SET utf8mb4 COLLATE utf8mb4_unicode_ci NOT NULL,
  `free_distance` varchar(191) CHARACTER SET utf8mb4 COLLATE utf8mb4_unicode_ci NOT NULL,
  `free_min` varchar(191) CHARACTER SET utf8mb4 COLLATE utf8mb4_unicode_ci NOT NULL,
  `active` tinyint(1) NOT NULL DEFAULT '1',
  `admin_commission_type` tinyint DEFAULT NULL,
  `admin_commission` double(10,2) NOT NULL DEFAULT '0.00',
  `admin_commission_type_from_driver` tinyint DEFAULT NULL,
  `admin_commission_from_driver` double(10,2) NOT NULL DEFAULT '0.00',
  `admin_commission_type_from_owner` tinyint DEFAULT NULL,
  `admin_commission_from_owner` double(10,2) NOT NULL DEFAULT '0.00',
  `service_tax` double(10,2) NOT NULL DEFAULT '0.00',
  `agent_commision_type` tinyint DEFAULT NULL,
  `agent_commision` double(10,2) NOT NULL DEFAULT '0.00',
  `created_at` timestamp NULL DEFAULT NULL,
  `updated_at` timestamp NULL DEFAULT NULL,
  `deleted_at` timestamp NULL DEFAULT NULL
) ENGINE=InnoDB DEFAULT CHARSET=utf8mb4 COLLATE=utf8mb4_unicode_ci;

-- --------------------------------------------------------

--
-- Table structure for table `zone_type_price`
--

CREATE TABLE `zone_type_price` (
  `id` char(36) CHARACTER SET utf8mb4 COLLATE utf8mb4_unicode_ci NOT NULL,
  `zone_type_id` char(36) CHARACTER SET utf8mb4 COLLATE utf8mb4_unicode_ci NOT NULL,
  `price_type` int DEFAULT NULL COMMENT '1 => Ridenow,2 => RideLater',
  `base_price` double(10,2) NOT NULL DEFAULT '0.00',
  `base_distance` int NOT NULL,
  `price_per_distance` double(10,2) NOT NULL DEFAULT '0.00',
  `free_waiting_time_in_mins_before_trip_start` int NOT NULL DEFAULT '0',
  `free_waiting_time_in_mins_after_trip_start` int NOT NULL DEFAULT '0',
  `waiting_charge` double(10,2) NOT NULL DEFAULT '0.00',
  `price_per_time` double(10,2) NOT NULL DEFAULT '0.00',
  `cancellation_fee` double(10,2) NOT NULL DEFAULT '0.00',
  `outstation_base_price` double(10,2) NOT NULL DEFAULT '0.00',
  `outstation_price_per_distance` double(10,2) NOT NULL DEFAULT '0.00',
  `outstation_base_distance` int NOT NULL,
  `outstation_price_per_time` double(10,2) NOT NULL DEFAULT '0.00',
  `cancellation_fee_for_user` int NOT NULL DEFAULT '60' COMMENT 'In percentage',
  `cancellation_fee_for_driver` int NOT NULL DEFAULT '60' COMMENT 'In percentage',
  `fee_goes_to` enum('driver','admin','partially_driver_admin') CHARACTER SET utf8mb4 COLLATE utf8mb4_unicode_ci NOT NULL DEFAULT 'admin',
  `driver_get_fee_percentage` int NOT NULL DEFAULT '0' COMMENT 'In percentage',
  `admin_get_fee_percentage` int NOT NULL DEFAULT '0' COMMENT 'In percentage',
  `active` tinyint(1) NOT NULL DEFAULT '1',
  `created_at` timestamp NULL DEFAULT NULL,
  `updated_at` timestamp NULL DEFAULT NULL,
  `deleted_at` timestamp NULL DEFAULT NULL
) ENGINE=InnoDB DEFAULT CHARSET=utf8mb4 COLLATE=utf8mb4_unicode_ci;

--
-- Dumping data for table `zone_type_price`
--

INSERT INTO `zone_type_price` (`id`, `zone_type_id`, `price_type`, `base_price`, `base_distance`, `price_per_distance`, `free_waiting_time_in_mins_before_trip_start`, `free_waiting_time_in_mins_after_trip_start`, `waiting_charge`, `price_per_time`, `cancellation_fee`, `outstation_base_price`, `outstation_price_per_distance`, `outstation_base_distance`, `outstation_price_per_time`, `cancellation_fee_for_user`, `cancellation_fee_for_driver`, `fee_goes_to`, `driver_get_fee_percentage`, `admin_get_fee_percentage`, `active`, `created_at`, `updated_at`, `deleted_at`) VALUES
('10cfe646-a466-42e4-aeb0-5a6a2831e5bb', '6245f634-25d0-4159-ad2b-913dd2065d5a', 1, 1.00, 20, 0.85, 5, 5, 0.00, 0.00, 0.00, 0.00, 0.00, 0, 0.00, 1, 1, 'driver', 0, 0, 1, '2026-02-10 13:44:52', '2026-02-10 13:44:52', NULL),
('cc397b5f-7f20-4b00-ba96-840440cd1fd0', 'f75280d2-db9a-4838-b19b-685d651bd0bb', 1, 0.00, 0, 0.80, 0, 0, 0.00, 0.00, 0.00, 0.00, 0.00, 0, 0.00, 0, 0, 'driver', 0, 0, 1, '2026-02-10 10:29:32', '2026-02-10 11:59:41', NULL);

--
-- Indexes for dumped tables
--

--
-- Indexes for table `adhocs`
--
ALTER TABLE `adhocs`
  ADD PRIMARY KEY (`id`);

--
-- Indexes for table `adhoc_users`
--
ALTER TABLE `adhoc_users`
  ADD PRIMARY KEY (`id`),
  ADD KEY `adhoc_users_request_id_foreign` (`request_id`);

--
-- Indexes for table `admin_details`
--
ALTER TABLE `admin_details`
  ADD PRIMARY KEY (`id`),
  ADD UNIQUE KEY `admin_details_mobile_unique` (`mobile`),
  ADD KEY `admin_details_user_id_foreign` (`user_id`),
  ADD KEY `admin_details_service_location_id_foreign` (`service_location_id`);

--
-- Indexes for table `admin_notifications`
--
ALTER TABLE `admin_notifications`
  ADD PRIMARY KEY (`id`),
  ADD KEY `admin_notifications_user_id_foreign` (`user_id`);

--
-- Indexes for table `agents`
--
ALTER TABLE `agents`
  ADD PRIMARY KEY (`id`),
  ADD UNIQUE KEY `agents_mobile_unique` (`mobile`),
  ADD KEY `agents_user_id_foreign` (`user_id`),
  ADD KEY `agents_service_location_id_foreign` (`service_location_id`);

--
-- Indexes for table `agents_bank_info`
--
ALTER TABLE `agents_bank_info`
  ADD PRIMARY KEY (`id`),
  ADD KEY `agents_bank_info_agent_id_foreign` (`agent_id`),
  ADD KEY `agents_bank_info_method_id_foreign` (`method_id`),
  ADD KEY `agents_bank_info_field_id_foreign` (`field_id`);

--
-- Indexes for table `agent_commission`
--
ALTER TABLE `agent_commission`
  ADD PRIMARY KEY (`id`),
  ADD KEY `agent_commission_service_location_id_foreign` (`service_location_id`);

--
-- Indexes for table `agent_wallet`
--
ALTER TABLE `agent_wallet`
  ADD PRIMARY KEY (`id`),
  ADD KEY `agent_wallet_user_id_foreign` (`user_id`);

--
-- Indexes for table `agent_wallet_histroy`
--
ALTER TABLE `agent_wallet_histroy`
  ADD PRIMARY KEY (`id`),
  ADD KEY `agent_wallet_histroy_card_id_foreign` (`card_id`),
  ADD KEY `agent_wallet_histroy_user_id_foreign` (`user_id`),
  ADD KEY `agent_wallet_histroy_admin_id_foreign` (`admin_id`),
  ADD KEY `agent_wallet_histroy_request_id_foreign` (`request_id`);

--
-- Indexes for table `airports`
--
ALTER TABLE `airports`
  ADD PRIMARY KEY (`id`),
  ADD KEY `airports_service_location_id_foreign` (`service_location_id`);

--
-- Indexes for table `banner_images`
--
ALTER TABLE `banner_images`
  ADD PRIMARY KEY (`id`);

--
-- Indexes for table `cancellation_reasons`
--
ALTER TABLE `cancellation_reasons`
  ADD PRIMARY KEY (`id`);

--
-- Indexes for table `cancellation_reason_translations`
--
ALTER TABLE `cancellation_reason_translations`
  ADD PRIMARY KEY (`id`),
  ADD KEY `cancellation_reason_translations_cancellation_reason_id_foreign` (`cancellation_reason_id`);

--
-- Indexes for table `card_info`
--
ALTER TABLE `card_info`
  ADD PRIMARY KEY (`id`),
  ADD KEY `card_info_user_id_foreign` (`user_id`);

--
-- Indexes for table `car_makes`
--
ALTER TABLE `car_makes`
  ADD PRIMARY KEY (`id`);

--
-- Indexes for table `car_models`
--
ALTER TABLE `car_models`
  ADD PRIMARY KEY (`id`),
  ADD KEY `car_models_make_id_foreign` (`make_id`);

--
-- Indexes for table `chat`
--
ALTER TABLE `chat`
  ADD PRIMARY KEY (`id`);

--
-- Indexes for table `chats`
--
ALTER TABLE `chats`
  ADD PRIMARY KEY (`id`),
  ADD KEY `chats_request_id_foreign` (`request_id`),
  ADD KEY `chats_user_id_foreign` (`user_id`);

--
-- Indexes for table `chat_messages`
--
ALTER TABLE `chat_messages`
  ADD PRIMARY KEY (`id`),
  ADD KEY `chat_messages_chat_id_foreign` (`chat_id`);

--
-- Indexes for table `cities`
--
ALTER TABLE `cities`
  ADD PRIMARY KEY (`id`),
  ADD UNIQUE KEY `cities_slug_unique` (`slug`),
  ADD KEY `cities_state_id_index` (`state_id`);

--
-- Indexes for table `companies`
--
ALTER TABLE `companies`
  ADD PRIMARY KEY (`id`),
  ADD KEY `companies_admin_id_foreign` (`admin_id`),
  ADD KEY `companies_country_foreign` (`country`);

--
-- Indexes for table `complaints`
--
ALTER TABLE `complaints`
  ADD PRIMARY KEY (`id`),
  ADD KEY `complaints_user_id_foreign` (`user_id`),
  ADD KEY `complaints_driver_id_foreign` (`driver_id`),
  ADD KEY `complaints_complaint_title_id_foreign` (`complaint_title_id`),
  ADD KEY `complaints_owner_id_foreign` (`owner_id`);

--
-- Indexes for table `complaint_titles`
--
ALTER TABLE `complaint_titles`
  ADD PRIMARY KEY (`id`);

--
-- Indexes for table `complaint_title_translations`
--
ALTER TABLE `complaint_title_translations`
  ADD PRIMARY KEY (`id`),
  ADD KEY `complaint_title_translations_complaint_title_id_foreign` (`complaint_title_id`);

--
-- Indexes for table `conversations`
--
ALTER TABLE `conversations`
  ADD PRIMARY KEY (`id`),
  ADD KEY `conversations_user_id_foreign` (`user_id`),
  ADD KEY `conversations_admin_id_foreign` (`admin_id`);

--
-- Indexes for table `countries`
--
ALTER TABLE `countries`
  ADD PRIMARY KEY (`id`);

--
-- Indexes for table `developers`
--
ALTER TABLE `developers`
  ADD PRIMARY KEY (`id`),
  ADD UNIQUE KEY `developers_mobile_unique` (`mobile`),
  ADD KEY `developers_user_id_foreign` (`user_id`);

--
-- Indexes for table `dispatcher_conversations`
--
ALTER TABLE `dispatcher_conversations`
  ADD PRIMARY KEY (`id`),
  ADD KEY `dispatcher_conversations_user_id_foreign` (`user_id`),
  ADD KEY `dispatcher_conversations_dispatcher_id_foreign` (`dispatcher_id`);

--
-- Indexes for table `dispatcher_location`
--
ALTER TABLE `dispatcher_location`
  ADD PRIMARY KEY (`id`);

--
-- Indexes for table `dispatcher_messages`
--
ALTER TABLE `dispatcher_messages`
  ADD PRIMARY KEY (`id`),
  ADD KEY `dispatcher_messages_conversation_id_foreign` (`conversation_id`);

--
-- Indexes for table `distance_matrixes`
--
ALTER TABLE `distance_matrixes`
  ADD PRIMARY KEY (`id`);

--
-- Indexes for table `drivers`
--
ALTER TABLE `drivers`
  ADD PRIMARY KEY (`id`),
  ADD KEY `drivers_user_id_foreign` (`user_id`),
  ADD KEY `drivers_car_make_foreign` (`car_make`),
  ADD KEY `drivers_car_model_foreign` (`car_model`),
  ADD KEY `drivers_country_foreign` (`country`),
  ADD KEY `drivers_vehicle_type_foreign` (`vehicle_type`),
  ADD KEY `drivers_owner_id_foreign` (`owner_id`),
  ADD KEY `drivers_fleet_id_foreign` (`fleet_id`),
  ADD KEY `drivers_subscription_detail_id_foreign` (`subscription_detail_id`),
  ADD KEY `drivers_service_location_id_foreign` (`service_location_id`);

--
-- Indexes for table `drivers_imported`
--
ALTER TABLE `drivers_imported`
  ADD PRIMARY KEY (`id`),
  ADD KEY `drivers_imported_user_id_foreign` (`user_id`);

--
-- Indexes for table `driver_availabilities`
--
ALTER TABLE `driver_availabilities`
  ADD PRIMARY KEY (`id`);

--
-- Indexes for table `driver_bank_infos`
--
ALTER TABLE `driver_bank_infos`
  ADD PRIMARY KEY (`id`),
  ADD KEY `driver_bank_infos_driver_id_foreign` (`driver_id`),
  ADD KEY `driver_bank_infos_method_id_foreign` (`method_id`),
  ADD KEY `driver_bank_infos_field_id_foreign` (`field_id`);

--
-- Indexes for table `driver_details`
--
ALTER TABLE `driver_details`
  ADD PRIMARY KEY (`id`),
  ADD KEY `driver_details_company_foreign` (`company`),
  ADD KEY `driver_details_current_zone_foreign` (`current_zone`),
  ADD KEY `driver_details_driver_id_foreign` (`driver_id`);

--
-- Indexes for table `driver_documents`
--
ALTER TABLE `driver_documents`
  ADD PRIMARY KEY (`id`),
  ADD KEY `driver_documents_driver_id_foreign` (`driver_id`),
  ADD KEY `driver_documents_document_id_foreign` (`document_id`);

--
-- Indexes for table `driver_enabled_routes`
--
ALTER TABLE `driver_enabled_routes`
  ADD PRIMARY KEY (`id`),
  ADD KEY `driver_enabled_routes_driver_id_foreign` (`driver_id`);

--
-- Indexes for table `driver_incentive_histories`
--
ALTER TABLE `driver_incentive_histories`
  ADD PRIMARY KEY (`id`),
  ADD KEY `driver_incentive_histories_driver_id_foreign` (`driver_id`);

--
-- Indexes for table `driver_level_details`
--
ALTER TABLE `driver_level_details`
  ADD PRIMARY KEY (`id`),
  ADD KEY `driver_level_details_driver_id_foreign` (`driver_id`),
  ADD KEY `driver_level_details_level_id_foreign` (`level_id`);

--
-- Indexes for table `driver_level_ups`
--
ALTER TABLE `driver_level_ups`
  ADD PRIMARY KEY (`id`),
  ADD KEY `driver_level_ups_zone_type_id_foreign` (`zone_type_id`);

--
-- Indexes for table `driver_needed_documents`
--
ALTER TABLE `driver_needed_documents`
  ADD PRIMARY KEY (`id`);

--
-- Indexes for table `driver_preferences`
--
ALTER TABLE `driver_preferences`
  ADD PRIMARY KEY (`id`),
  ADD KEY `driver_preferences_preference_id_foreign` (`preference_id`),
  ADD KEY `driver_preferences_driver_id_foreign` (`driver_id`);

--
-- Indexes for table `driver_privileged_vehicles`
--
ALTER TABLE `driver_privileged_vehicles`
  ADD PRIMARY KEY (`id`),
  ADD KEY `driver_privileged_vehicles_owner_id_foreign` (`owner_id`),
  ADD KEY `driver_privileged_vehicles_driver_id_foreign` (`driver_id`),
  ADD KEY `driver_privileged_vehicles_fleet_id_foreign` (`fleet_id`);

--
-- Indexes for table `driver_rejected_requests`
--
ALTER TABLE `driver_rejected_requests`
  ADD PRIMARY KEY (`id`),
  ADD KEY `driver_rejected_requests_request_id_foreign` (`request_id`),
  ADD KEY `driver_rejected_requests_driver_id_foreign` (`driver_id`);

--
-- Indexes for table `driver_subscriptions`
--
ALTER TABLE `driver_subscriptions`
  ADD PRIMARY KEY (`id`),
  ADD KEY `driver_subscriptions_driver_id_foreign` (`driver_id`);

--
-- Indexes for table `driver_vehicle_types`
--
ALTER TABLE `driver_vehicle_types`
  ADD PRIMARY KEY (`id`),
  ADD KEY `driver_vehicle_types_vehicle_type_foreign` (`vehicle_type`),
  ADD KEY `driver_vehicle_types_driver_id_foreign` (`driver_id`);

--
-- Indexes for table `driver_wallet`
--
ALTER TABLE `driver_wallet`
  ADD PRIMARY KEY (`id`),
  ADD KEY `driver_wallet_user_id_foreign` (`user_id`);

--
-- Indexes for table `driver_wallet_history`
--
ALTER TABLE `driver_wallet_history`
  ADD PRIMARY KEY (`id`),
  ADD KEY `driver_wallet_history_card_id_foreign` (`card_id`),
  ADD KEY `driver_wallet_history_user_id_foreign` (`user_id`),
  ADD KEY `driver_wallet_history_admin_id_foreign` (`admin_id`),
  ADD KEY `driver_wallet_history_request_id_foreign` (`request_id`);

--
-- Indexes for table `emails`
--
ALTER TABLE `emails`
  ADD PRIMARY KEY (`id`);

--
-- Indexes for table `failed_jobs`
--
ALTER TABLE `failed_jobs`
  ADD PRIMARY KEY (`id`),
  ADD UNIQUE KEY `failed_jobs_uuid_unique` (`uuid`);

--
-- Indexes for table `faqs`
--
ALTER TABLE `faqs`
  ADD PRIMARY KEY (`id`),
  ADD KEY `faqs_service_location_id_foreign` (`service_location_id`);

--
-- Indexes for table `favorite_places`
--
ALTER TABLE `favorite_places`
  ADD PRIMARY KEY (`id`),
  ADD KEY `favorite_places_user_id_foreign` (`user_id`);

--
-- Indexes for table `favourite_locations`
--
ALTER TABLE `favourite_locations`
  ADD PRIMARY KEY (`id`),
  ADD KEY `favourite_locations_user_id_foreign` (`user_id`);

--
-- Indexes for table `fields`
--
ALTER TABLE `fields`
  ADD PRIMARY KEY (`id`),
  ADD KEY `fields_method_id_foreign` (`method_id`);

--
-- Indexes for table `fleets`
--
ALTER TABLE `fleets`
  ADD PRIMARY KEY (`id`),
  ADD KEY `fleets_owner_id_foreign` (`owner_id`),
  ADD KEY `fleets_vehicle_type_foreign` (`vehicle_type`),
  ADD KEY `fleets_brand_foreign` (`brand`),
  ADD KEY `fleets_model_foreign` (`model`),
  ADD KEY `fleets_driver_id_foreign` (`driver_id`);

--
-- Indexes for table `fleet_documents`
--
ALTER TABLE `fleet_documents`
  ADD PRIMARY KEY (`id`),
  ADD KEY `fleet_documents_fleet_id_foreign` (`fleet_id`),
  ADD KEY `fleet_documents_document_id_foreign` (`document_id`);

--
-- Indexes for table `fleet_needed_documents`
--
ALTER TABLE `fleet_needed_documents`
  ADD PRIMARY KEY (`id`);

--
-- Indexes for table `goods_types`
--
ALTER TABLE `goods_types`
  ADD PRIMARY KEY (`id`);

--
-- Indexes for table `goods_type_translations`
--
ALTER TABLE `goods_type_translations`
  ADD PRIMARY KEY (`id`),
  ADD KEY `goods_type_translations_goods_type_id_foreign` (`goods_type_id`);

--
-- Indexes for table `incentives`
--
ALTER TABLE `incentives`
  ADD PRIMARY KEY (`id`),
  ADD KEY `incentives_zone_type_id_foreign` (`zone_type_id`);

--
-- Indexes for table `invoice_configurations`
--
ALTER TABLE `invoice_configurations`
  ADD PRIMARY KEY (`id`);

--
-- Indexes for table `jobs`
--
ALTER TABLE `jobs`
  ADD PRIMARY KEY (`id`),
  ADD KEY `jobs_queue_reserved_at_index` (`queue`,`reserved_at`);

--
-- Indexes for table `landingpagecms`
--
ALTER TABLE `landingpagecms`
  ADD PRIMARY KEY (`id`);

--
-- Indexes for table `landing_abouts`
--
ALTER TABLE `landing_abouts`
  ADD PRIMARY KEY (`id`);

--
-- Indexes for table `landing_contacts`
--
ALTER TABLE `landing_contacts`
  ADD PRIMARY KEY (`id`);

--
-- Indexes for table `landing_drivers`
--
ALTER TABLE `landing_drivers`
  ADD PRIMARY KEY (`id`);

--
-- Indexes for table `landing_email`
--
ALTER TABLE `landing_email`
  ADD PRIMARY KEY (`id`);

--
-- Indexes for table `landing_headers`
--
ALTER TABLE `landing_headers`
  ADD PRIMARY KEY (`id`);

--
-- Indexes for table `landing_homes`
--
ALTER TABLE `landing_homes`
  ADD PRIMARY KEY (`id`);

--
-- Indexes for table `landing_quicklinks`
--
ALTER TABLE `landing_quicklinks`
  ADD PRIMARY KEY (`id`);

--
-- Indexes for table `landing_users`
--
ALTER TABLE `landing_users`
  ADD PRIMARY KEY (`id`);

--
-- Indexes for table `language`
--
ALTER TABLE `language`
  ADD PRIMARY KEY (`id`);

--
-- Indexes for table `languages`
--
ALTER TABLE `languages`
  ADD PRIMARY KEY (`id`);

--
-- Indexes for table `linked_social_accounts`
--
ALTER TABLE `linked_social_accounts`
  ADD PRIMARY KEY (`id`),
  ADD UNIQUE KEY `linked_social_accounts_provider_id_unique` (`provider_id`);

--
-- Indexes for table `ltm_translations`
--
ALTER TABLE `ltm_translations`
  ADD PRIMARY KEY (`id`);

--
-- Indexes for table `mail_otp_verifications`
--
ALTER TABLE `mail_otp_verifications`
  ADD PRIMARY KEY (`id`),
  ADD UNIQUE KEY `mail_otp_verifications_email_unique` (`email`);

--
-- Indexes for table `mail_templates`
--
ALTER TABLE `mail_templates`
  ADD PRIMARY KEY (`id`);

--
-- Indexes for table `messages`
--
ALTER TABLE `messages`
  ADD PRIMARY KEY (`id`),
  ADD KEY `messages_conversation_id_foreign` (`conversation_id`);

--
-- Indexes for table `methods`
--
ALTER TABLE `methods`
  ADD PRIMARY KEY (`id`);

--
-- Indexes for table `migrations`
--
ALTER TABLE `migrations`
  ADD PRIMARY KEY (`id`);

--
-- Indexes for table `mobile_app_settings`
--
ALTER TABLE `mobile_app_settings`
  ADD PRIMARY KEY (`id`);

--
-- Indexes for table `mobile_builds`
--
ALTER TABLE `mobile_builds`
  ADD PRIMARY KEY (`id`),
  ADD KEY `mobile_builds_project_id_foreign` (`project_id`),
  ADD KEY `mobile_builds_flavour_id_foreign` (`flavour_id`);

--
-- Indexes for table `mobile_otp_verifications`
--
ALTER TABLE `mobile_otp_verifications`
  ADD PRIMARY KEY (`id`);

--
-- Indexes for table `notifications`
--
ALTER TABLE `notifications`
  ADD PRIMARY KEY (`id`);

--
-- Indexes for table `notification_channels`
--
ALTER TABLE `notification_channels`
  ADD PRIMARY KEY (`id`);

--
-- Indexes for table `notification_channels_translations`
--
ALTER TABLE `notification_channels_translations`
  ADD PRIMARY KEY (`id`),
  ADD KEY `fk_notification_channel_id` (`notification_channel_id`);

--
-- Indexes for table `onboarding_screen`
--
ALTER TABLE `onboarding_screen`
  ADD PRIMARY KEY (`id`);

--
-- Indexes for table `onboarding_screen_translations`
--
ALTER TABLE `onboarding_screen_translations`
  ADD PRIMARY KEY (`id`),
  ADD KEY `onboarding_screen_translations_onboarding_screen_id_foreign` (`onboarding_screen_id`);

--
-- Indexes for table `owners`
--
ALTER TABLE `owners`
  ADD PRIMARY KEY (`id`),
  ADD KEY `owners_user_id_foreign` (`user_id`),
  ADD KEY `owners_service_location_id_foreign` (`service_location_id`);

--
-- Indexes for table `owner_bank_infos`
--
ALTER TABLE `owner_bank_infos`
  ADD PRIMARY KEY (`id`),
  ADD KEY `owner_bank_infos_owner_id_foreign` (`owner_id`),
  ADD KEY `owner_bank_infos_method_id_foreign` (`method_id`),
  ADD KEY `owner_bank_infos_field_id_foreign` (`field_id`);

--
-- Indexes for table `owner_documents`
--
ALTER TABLE `owner_documents`
  ADD PRIMARY KEY (`id`),
  ADD KEY `owner_documents_owner_id_foreign` (`owner_id`),
  ADD KEY `owner_documents_document_id_foreign` (`document_id`);

--
-- Indexes for table `owner_hired_drivers`
--
ALTER TABLE `owner_hired_drivers`
  ADD PRIMARY KEY (`id`),
  ADD KEY `owner_hired_drivers_owner_id_foreign` (`owner_id`),
  ADD KEY `owner_hired_drivers_driver_id_foreign` (`driver_id`);

--
-- Indexes for table `owner_needed_documents`
--
ALTER TABLE `owner_needed_documents`
  ADD PRIMARY KEY (`id`);

--
-- Indexes for table `owner_wallets`
--
ALTER TABLE `owner_wallets`
  ADD PRIMARY KEY (`id`),
  ADD KEY `owner_wallets_user_id_foreign` (`user_id`);

--
-- Indexes for table `owner_wallet_histories`
--
ALTER TABLE `owner_wallet_histories`
  ADD PRIMARY KEY (`id`),
  ADD KEY `owner_wallet_histories_card_id_foreign` (`card_id`),
  ADD KEY `owner_wallet_histories_user_id_foreign` (`user_id`),
  ADD KEY `owner_wallet_histories_admin_id_foreign` (`admin_id`),
  ADD KEY `owner_wallet_histories_request_id_foreign` (`request_id`);

--
-- Indexes for table `package_types`
--
ALTER TABLE `package_types`
  ADD PRIMARY KEY (`id`);

--
-- Indexes for table `password_resets`
--
ALTER TABLE `password_resets`
  ADD UNIQUE KEY `password_resets_email_unique` (`email`);

--
-- Indexes for table `password_reset_tokens`
--
ALTER TABLE `password_reset_tokens`
  ADD PRIMARY KEY (`email`);

--
-- Indexes for table `payments`
--
ALTER TABLE `payments`
  ADD PRIMARY KEY (`id`),
  ADD KEY `payments_user_id_foreign` (`user_id`),
  ADD KEY `payments_request_id_foreign` (`request_id`);

--
-- Indexes for table `peak_zones`
--
ALTER TABLE `peak_zones`
  ADD PRIMARY KEY (`id`),
  ADD KEY `peak_zones_zone_id_foreign` (`zone_id`);

--
-- Indexes for table `permissions`
--
ALTER TABLE `permissions`
  ADD PRIMARY KEY (`id`),
  ADD UNIQUE KEY `permissions_slug_unique` (`slug`);

--
-- Indexes for table `permission_role`
--
ALTER TABLE `permission_role`
  ADD PRIMARY KEY (`role_id`,`permission_id`),
  ADD KEY `permission_role_permission_id_foreign` (`permission_id`);

--
-- Indexes for table `personal_access_tokens`
--
ALTER TABLE `personal_access_tokens`
  ADD PRIMARY KEY (`id`),
  ADD UNIQUE KEY `personal_access_tokens_token_unique` (`token`),
  ADD KEY `personal_access_tokens_tokenable_type_tokenable_id_index` (`tokenable_type`,`tokenable_id`);

--
-- Indexes for table `poc_clients`
--
ALTER TABLE `poc_clients`
  ADD PRIMARY KEY (`id`),
  ADD KEY `poc_clients_user_id_foreign` (`user_id`),
  ADD KEY `poc_clients_project_id_foreign` (`project_id`);

--
-- Indexes for table `preferences`
--
ALTER TABLE `preferences`
  ADD PRIMARY KEY (`id`);

--
-- Indexes for table `preference_prices`
--
ALTER TABLE `preference_prices`
  ADD PRIMARY KEY (`id`),
  ADD KEY `preference_prices_preference_id_foreign` (`preference_id`),
  ADD KEY `preference_prices_zone_type_id_foreign` (`zone_type_id`);

--
-- Indexes for table `pre_payment_datas`
--
ALTER TABLE `pre_payment_datas`
  ADD KEY `pre_payment_datas_driver_id_foreign` (`driver_id`),
  ADD KEY `pre_payment_datas_request_id_foreign` (`request_id`);

--
-- Indexes for table `projects`
--
ALTER TABLE `projects`
  ADD PRIMARY KEY (`id`);

--
-- Indexes for table `project_flavours`
--
ALTER TABLE `project_flavours`
  ADD PRIMARY KEY (`id`),
  ADD KEY `project_flavours_project_id_foreign` (`project_id`);

--
-- Indexes for table `promo`
--
ALTER TABLE `promo`
  ADD PRIMARY KEY (`id`),
  ADD KEY `promo_service_location_id_foreign` (`service_location_id`);

--
-- Indexes for table `promo_code_users`
--
ALTER TABLE `promo_code_users`
  ADD PRIMARY KEY (`id`),
  ADD KEY `promo_code_users_promo_code_id_foreign` (`promo_code_id`),
  ADD KEY `promo_code_users_service_location_id_foreign` (`service_location_id`);

--
-- Indexes for table `promo_users`
--
ALTER TABLE `promo_users`
  ADD PRIMARY KEY (`id`),
  ADD KEY `promo_users_promo_code_id_foreign` (`promo_code_id`),
  ADD KEY `promo_users_user_id_foreign` (`user_id`),
  ADD KEY `promo_users_request_id_foreign` (`request_id`);

--
-- Indexes for table `recent_searches`
--
ALTER TABLE `recent_searches`
  ADD PRIMARY KEY (`id`),
  ADD KEY `recent_searches_user_id_foreign` (`user_id`);

--
-- Indexes for table `recent_searches_stops`
--
ALTER TABLE `recent_searches_stops`
  ADD PRIMARY KEY (`id`),
  ADD KEY `recent_searches_stops_recent_searche_id_foreign` (`recent_searche_id`);

--
-- Indexes for table `referrals`
--
ALTER TABLE `referrals`
  ADD PRIMARY KEY (`id`),
  ADD UNIQUE KEY `referrals_referrer_id_referred_user_id_unique` (`referrer_id`,`referred_user_id`),
  ADD KEY `referrals_referred_user_id_foreign` (`referred_user_id`);

--
-- Indexes for table `referral_conditions`
--
ALTER TABLE `referral_conditions`
  ADD PRIMARY KEY (`id`);

--
-- Indexes for table `referral_condition_translations`
--
ALTER TABLE `referral_condition_translations`
  ADD PRIMARY KEY (`id`),
  ADD KEY `referral_condition_translations_referral_id_foreign` (`referral_id`);

--
-- Indexes for table `requests`
--
ALTER TABLE `requests`
  ADD PRIMARY KEY (`id`),
  ADD KEY `requests_user_id_foreign` (`user_id`),
  ADD KEY `requests_promo_id_foreign` (`promo_id`),
  ADD KEY `requests_dispatcher_id_foreign` (`dispatcher_id`),
  ADD KEY `requests_zone_type_id_foreign` (`zone_type_id`),
  ADD KEY `requests_driver_id_foreign` (`driver_id`),
  ADD KEY `requests_service_location_id_foreign` (`service_location_id`),
  ADD KEY `requests_rental_package_id_foreign` (`rental_package_id`),
  ADD KEY `requests_owner_id_foreign` (`owner_id`),
  ADD KEY `requests_fleet_id_foreign` (`fleet_id`),
  ADD KEY `requests_goods_type_id_foreign` (`goods_type_id`),
  ADD KEY `requests_booked_by_foreign` (`booked_by`);

--
-- Indexes for table `requests_meta`
--
ALTER TABLE `requests_meta`
  ADD PRIMARY KEY (`id`),
  ADD KEY `requests_meta_request_id_foreign` (`request_id`),
  ADD KEY `requests_meta_user_id_foreign` (`user_id`),
  ADD KEY `requests_meta_driver_id_foreign` (`driver_id`);

--
-- Indexes for table `request_bills`
--
ALTER TABLE `request_bills`
  ADD PRIMARY KEY (`id`),
  ADD KEY `request_bills_request_id_foreign` (`request_id`);

--
-- Indexes for table `request_cancellation_fees`
--
ALTER TABLE `request_cancellation_fees`
  ADD PRIMARY KEY (`id`),
  ADD KEY `request_cancellation_fees_paid_request_id_foreign` (`paid_request_id`),
  ADD KEY `request_cancellation_fees_request_id_foreign` (`request_id`),
  ADD KEY `request_cancellation_fees_user_id_foreign` (`user_id`),
  ADD KEY `request_cancellation_fees_driver_id_foreign` (`driver_id`);

--
-- Indexes for table `request_delivery_proofs`
--
ALTER TABLE `request_delivery_proofs`
  ADD PRIMARY KEY (`id`),
  ADD KEY `request_delivery_proofs_request_id_foreign` (`request_id`);

--
-- Indexes for table `request_enquiries`
--
ALTER TABLE `request_enquiries`
  ADD PRIMARY KEY (`id`),
  ADD KEY `request_enquiries_user_id_foreign` (`user_id`),
  ADD KEY `request_enquiries_dispatcher_id_foreign` (`dispatcher_id`);

--
-- Indexes for table `request_eta`
--
ALTER TABLE `request_eta`
  ADD PRIMARY KEY (`id`),
  ADD KEY `request_eta_request_id_foreign` (`request_id`);

--
-- Indexes for table `request_places`
--
ALTER TABLE `request_places`
  ADD PRIMARY KEY (`id`),
  ADD KEY `request_places_request_id_foreign` (`request_id`);

--
-- Indexes for table `request_preferences`
--
ALTER TABLE `request_preferences`
  ADD PRIMARY KEY (`id`),
  ADD KEY `request_preferences_preference_price_id_foreign` (`preference_price_id`),
  ADD KEY `request_preferences_request_id_foreign` (`request_id`);

--
-- Indexes for table `request_ratings`
--
ALTER TABLE `request_ratings`
  ADD PRIMARY KEY (`id`),
  ADD KEY `request_ratings_request_id_foreign` (`request_id`),
  ADD KEY `request_ratings_user_id_foreign` (`user_id`),
  ADD KEY `request_ratings_driver_id_foreign` (`driver_id`);

--
-- Indexes for table `request_stops`
--
ALTER TABLE `request_stops`
  ADD PRIMARY KEY (`id`),
  ADD KEY `request_stops_request_id_foreign` (`request_id`);

--
-- Indexes for table `reward_histories`
--
ALTER TABLE `reward_histories`
  ADD PRIMARY KEY (`id`),
  ADD KEY `reward_histories_user_id_foreign` (`user_id`),
  ADD KEY `reward_histories_request_id_foreign` (`request_id`);

--
-- Indexes for table `reward_points`
--
ALTER TABLE `reward_points`
  ADD PRIMARY KEY (`id`),
  ADD KEY `reward_points_user_id_foreign` (`user_id`);

--
-- Indexes for table `roles`
--
ALTER TABLE `roles`
  ADD PRIMARY KEY (`id`),
  ADD UNIQUE KEY `roles_slug_unique` (`slug`);

--
-- Indexes for table `role_user`
--
ALTER TABLE `role_user`
  ADD PRIMARY KEY (`user_id`,`role_id`),
  ADD KEY `role_user_role_id_foreign` (`role_id`);

--
-- Indexes for table `service_locations`
--
ALTER TABLE `service_locations`
  ADD PRIMARY KEY (`id`),
  ADD KEY `service_locations_country_foreign` (`country`);

--
-- Indexes for table `service_location_translations`
--
ALTER TABLE `service_location_translations`
  ADD PRIMARY KEY (`id`),
  ADD KEY `service_location_translations_service_location_id_foreign` (`service_location_id`);

--
-- Indexes for table `sessions`
--
ALTER TABLE `sessions`
  ADD PRIMARY KEY (`id`),
  ADD KEY `sessions_user_id_index` (`user_id`),
  ADD KEY `sessions_last_activity_index` (`last_activity`);

--
-- Indexes for table `settings`
--
ALTER TABLE `settings`
  ADD PRIMARY KEY (`id`);

--
-- Indexes for table `sos`
--
ALTER TABLE `sos`
  ADD PRIMARY KEY (`id`),
  ADD KEY `sos_service_location_id_foreign` (`service_location_id`),
  ADD KEY `sos_created_by_foreign` (`created_by`);

--
-- Indexes for table `states`
--
ALTER TABLE `states`
  ADD PRIMARY KEY (`id`),
  ADD UNIQUE KEY `states_slug_unique` (`slug`);

--
-- Indexes for table `subscriptions`
--
ALTER TABLE `subscriptions`
  ADD PRIMARY KEY (`id`),
  ADD KEY `subscriptions_vehicle_type_id_foreign` (`vehicle_type_id`);

--
-- Indexes for table `subscription_details`
--
ALTER TABLE `subscription_details`
  ADD PRIMARY KEY (`id`),
  ADD KEY `subscription_details_driver_id_foreign` (`driver_id`),
  ADD KEY `subscription_details_subscription_id_foreign` (`subscription_id`);

--
-- Indexes for table `sub_vehicle_types`
--
ALTER TABLE `sub_vehicle_types`
  ADD PRIMARY KEY (`id`),
  ADD KEY `sub_vehicle_types_vehicle_type_id_foreign` (`vehicle_type_id`),
  ADD KEY `sub_vehicle_types_sub_vehicle_type_id_foreign` (`sub_vehicle_type_id`);

--
-- Indexes for table `support_tickets`
--
ALTER TABLE `support_tickets`
  ADD PRIMARY KEY (`id`),
  ADD KEY `support_tickets_title_id_foreign` (`title_id`),
  ADD KEY `support_tickets_users_id_foreign` (`users_id`),
  ADD KEY `support_tickets_service_location_id_foreign` (`service_location_id`);

--
-- Indexes for table `support_ticket_categories`
--
ALTER TABLE `support_ticket_categories`
  ADD PRIMARY KEY (`id`);

--
-- Indexes for table `support_ticket_messages`
--
ALTER TABLE `support_ticket_messages`
  ADD PRIMARY KEY (`id`),
  ADD KEY `support_ticket_messages_ticket_id_foreign` (`ticket_id`),
  ADD KEY `support_ticket_messages_user_id_foreign` (`user_id`);

--
-- Indexes for table `support_ticket_multi_files`
--
ALTER TABLE `support_ticket_multi_files`
  ADD PRIMARY KEY (`id`),
  ADD KEY `support_ticket_multi_files_ticket_id_foreign` (`ticket_id`);

--
-- Indexes for table `support_ticket_titles`
--
ALTER TABLE `support_ticket_titles`
  ADD PRIMARY KEY (`id`);

--
-- Indexes for table `support_ticket_titles_translations`
--
ALTER TABLE `support_ticket_titles_translations`
  ADD PRIMARY KEY (`id`),
  ADD KEY `support_ticket_titles_translations_ticket_title_id_foreign` (`ticket_title_id`);

--
-- Indexes for table `tests`
--
ALTER TABLE `tests`
  ADD PRIMARY KEY (`id`);

--
-- Indexes for table `third_party_settings`
--
ALTER TABLE `third_party_settings`
  ADD PRIMARY KEY (`id`);

--
-- Indexes for table `time_zones`
--
ALTER TABLE `time_zones`
  ADD PRIMARY KEY (`id`);

--
-- Indexes for table `users`
--
ALTER TABLE `users`
  ADD PRIMARY KEY (`id`),
  ADD UNIQUE KEY `users_username_unique` (`username`),
  ADD KEY `users_country_foreign` (`country`),
  ADD KEY `users_service_location_id_foreign` (`service_location_id`);

--
-- Indexes for table `users_bank_info`
--
ALTER TABLE `users_bank_info`
  ADD PRIMARY KEY (`id`),
  ADD KEY `users_bank_info_user_id_foreign` (`user_id`);

--
-- Indexes for table `users_imported`
--
ALTER TABLE `users_imported`
  ADD PRIMARY KEY (`id`),
  ADD KEY `users_imported_user_id_foreign` (`user_id`);

--
-- Indexes for table `user_details`
--
ALTER TABLE `user_details`
  ADD PRIMARY KEY (`id`),
  ADD KEY `user_details_user_id_foreign` (`user_id`),
  ADD KEY `user_details_country_foreign` (`country`);

--
-- Indexes for table `user_driver_notifications`
--
ALTER TABLE `user_driver_notifications`
  ADD PRIMARY KEY (`id`),
  ADD KEY `user_driver_notifications_notify_id_foreign` (`notify_id`),
  ADD KEY `user_driver_notifications_user_id_foreign` (`user_id`),
  ADD KEY `user_driver_notifications_driver_id_foreign` (`driver_id`);

--
-- Indexes for table `user_wallet`
--
ALTER TABLE `user_wallet`
  ADD PRIMARY KEY (`id`),
  ADD KEY `user_wallet_user_id_foreign` (`user_id`);

--
-- Indexes for table `user_wallet_history`
--
ALTER TABLE `user_wallet_history`
  ADD PRIMARY KEY (`id`),
  ADD KEY `user_wallet_history_card_id_foreign` (`card_id`),
  ADD KEY `user_wallet_history_user_id_foreign` (`user_id`),
  ADD KEY `user_wallet_history_admin_id_foreign` (`admin_id`),
  ADD KEY `user_wallet_history_request_id_foreign` (`request_id`);

--
-- Indexes for table `vehicle_types`
--
ALTER TABLE `vehicle_types`
  ADD PRIMARY KEY (`id`);

--
-- Indexes for table `vehicle_type_translations`
--
ALTER TABLE `vehicle_type_translations`
  ADD PRIMARY KEY (`id`),
  ADD KEY `vehicle_type_translations_vehicle_type_id_foreign` (`vehicle_type_id`);

--
-- Indexes for table `wallet_withdrawal_requests`
--
ALTER TABLE `wallet_withdrawal_requests`
  ADD PRIMARY KEY (`id`),
  ADD KEY `wallet_withdrawal_requests_driver_id_foreign` (`driver_id`),
  ADD KEY `wallet_withdrawal_requests_user_id_foreign` (`user_id`),
  ADD KEY `wallet_withdrawal_requests_owner_id_foreign` (`owner_id`),
  ADD KEY `wallet_withdrawal_requests_agent_id_foreign` (`agent_id`);

--
-- Indexes for table `websockets_statistics_entries`
--
ALTER TABLE `websockets_statistics_entries`
  ADD PRIMARY KEY (`id`);

--
-- Indexes for table `zones`
--
ALTER TABLE `zones`
  ADD PRIMARY KEY (`id`),
  ADD KEY `zones_service_location_id_foreign` (`service_location_id`);

--
-- Indexes for table `zone_bounds`
--
ALTER TABLE `zone_bounds`
  ADD PRIMARY KEY (`id`),
  ADD KEY `zone_bounds_zone_id_foreign` (`zone_id`);

--
-- Indexes for table `zone_surge_prices`
--
ALTER TABLE `zone_surge_prices`
  ADD PRIMARY KEY (`id`),
  ADD KEY `zone_surge_prices_zone_type_id_foreign` (`zone_type_id`);

--
-- Indexes for table `zone_translations`
--
ALTER TABLE `zone_translations`
  ADD PRIMARY KEY (`id`),
  ADD KEY `zone_translations_zone_id_foreign` (`zone_id`);

--
-- Indexes for table `zone_types`
--
ALTER TABLE `zone_types`
  ADD PRIMARY KEY (`id`),
  ADD KEY `zone_types_zone_id_foreign` (`zone_id`),
  ADD KEY `zone_types_type_id_foreign` (`type_id`),
  ADD KEY `zone_types_drop_zone_foreign` (`drop_zone`);

--
-- Indexes for table `zone_type_package_prices`
--
ALTER TABLE `zone_type_package_prices`
  ADD PRIMARY KEY (`id`),
  ADD KEY `zone_type_package_prices_zone_type_id_foreign` (`zone_type_id`),
  ADD KEY `zone_type_package_prices_zone_id_foreign` (`zone_id`);

--
-- Indexes for table `zone_type_price`
--
ALTER TABLE `zone_type_price`
  ADD PRIMARY KEY (`id`),
  ADD KEY `zone_type_price_zone_type_id_foreign` (`zone_type_id`);

--
-- AUTO_INCREMENT for dumped tables
--

--
-- AUTO_INCREMENT for table `adhocs`
--
ALTER TABLE `adhocs`
  MODIFY `id` bigint UNSIGNED NOT NULL AUTO_INCREMENT;

--
-- AUTO_INCREMENT for table `adhoc_users`
--
ALTER TABLE `adhoc_users`
  MODIFY `id` int UNSIGNED NOT NULL AUTO_INCREMENT;

--
-- AUTO_INCREMENT for table `cancellation_reason_translations`
--
ALTER TABLE `cancellation_reason_translations`
  MODIFY `id` int UNSIGNED NOT NULL AUTO_INCREMENT, AUTO_INCREMENT=145;

--
-- AUTO_INCREMENT for table `car_makes`
--
ALTER TABLE `car_makes`
  MODIFY `id` int UNSIGNED NOT NULL AUTO_INCREMENT;

--
-- AUTO_INCREMENT for table `car_models`
--
ALTER TABLE `car_models`
  MODIFY `id` int UNSIGNED NOT NULL AUTO_INCREMENT;

--
-- AUTO_INCREMENT for table `chat_messages`
--
ALTER TABLE `chat_messages`
  MODIFY `id` bigint UNSIGNED NOT NULL AUTO_INCREMENT;

--
-- AUTO_INCREMENT for table `complaint_title_translations`
--
ALTER TABLE `complaint_title_translations`
  MODIFY `id` int UNSIGNED NOT NULL AUTO_INCREMENT;

--
-- AUTO_INCREMENT for table `countries`
--
ALTER TABLE `countries`
  MODIFY `id` int UNSIGNED NOT NULL AUTO_INCREMENT, AUTO_INCREMENT=247;

--
-- AUTO_INCREMENT for table `dispatcher_location`
--
ALTER TABLE `dispatcher_location`
  MODIFY `id` bigint UNSIGNED NOT NULL AUTO_INCREMENT;

--
-- AUTO_INCREMENT for table `distance_matrixes`
--
ALTER TABLE `distance_matrixes`
  MODIFY `id` int UNSIGNED NOT NULL AUTO_INCREMENT;

--
-- AUTO_INCREMENT for table `drivers`
--
ALTER TABLE `drivers`
  MODIFY `id` int UNSIGNED NOT NULL AUTO_INCREMENT, AUTO_INCREMENT=11;

--
-- AUTO_INCREMENT for table `drivers_imported`
--
ALTER TABLE `drivers_imported`
  MODIFY `id` bigint UNSIGNED NOT NULL AUTO_INCREMENT;

--
-- AUTO_INCREMENT for table `driver_availabilities`
--
ALTER TABLE `driver_availabilities`
  MODIFY `id` int UNSIGNED NOT NULL AUTO_INCREMENT, AUTO_INCREMENT=30;

--
-- AUTO_INCREMENT for table `driver_enabled_routes`
--
ALTER TABLE `driver_enabled_routes`
  MODIFY `id` int UNSIGNED NOT NULL AUTO_INCREMENT;

--
-- AUTO_INCREMENT for table `driver_needed_documents`
--
ALTER TABLE `driver_needed_documents`
  MODIFY `id` int UNSIGNED NOT NULL AUTO_INCREMENT, AUTO_INCREMENT=6;

--
-- AUTO_INCREMENT for table `driver_preferences`
--
ALTER TABLE `driver_preferences`
  MODIFY `id` int UNSIGNED NOT NULL AUTO_INCREMENT;

--
-- AUTO_INCREMENT for table `driver_privileged_vehicles`
--
ALTER TABLE `driver_privileged_vehicles`
  MODIFY `id` bigint UNSIGNED NOT NULL AUTO_INCREMENT;

--
-- AUTO_INCREMENT for table `driver_rejected_requests`
--
ALTER TABLE `driver_rejected_requests`
  MODIFY `id` int UNSIGNED NOT NULL AUTO_INCREMENT, AUTO_INCREMENT=8;

--
-- AUTO_INCREMENT for table `driver_vehicle_types`
--
ALTER TABLE `driver_vehicle_types`
  MODIFY `id` int UNSIGNED NOT NULL AUTO_INCREMENT, AUTO_INCREMENT=15;

--
-- AUTO_INCREMENT for table `failed_jobs`
--
ALTER TABLE `failed_jobs`
  MODIFY `id` bigint UNSIGNED NOT NULL AUTO_INCREMENT, AUTO_INCREMENT=6;

--
-- AUTO_INCREMENT for table `favorite_places`
--
ALTER TABLE `favorite_places`
  MODIFY `id` int UNSIGNED NOT NULL AUTO_INCREMENT;

--
-- AUTO_INCREMENT for table `favourite_locations`
--
ALTER TABLE `favourite_locations`
  MODIFY `id` int UNSIGNED NOT NULL AUTO_INCREMENT;

--
-- AUTO_INCREMENT for table `fields`
--
ALTER TABLE `fields`
  MODIFY `id` int UNSIGNED NOT NULL AUTO_INCREMENT;

--
-- AUTO_INCREMENT for table `fleet_needed_documents`
--
ALTER TABLE `fleet_needed_documents`
  MODIFY `id` int UNSIGNED NOT NULL AUTO_INCREMENT, AUTO_INCREMENT=2;

--
-- AUTO_INCREMENT for table `goods_types`
--
ALTER TABLE `goods_types`
  MODIFY `id` int UNSIGNED NOT NULL AUTO_INCREMENT, AUTO_INCREMENT=19;

--
-- AUTO_INCREMENT for table `goods_type_translations`
--
ALTER TABLE `goods_type_translations`
  MODIFY `id` int UNSIGNED NOT NULL AUTO_INCREMENT, AUTO_INCREMENT=19;

--
-- AUTO_INCREMENT for table `jobs`
--
ALTER TABLE `jobs`
  MODIFY `id` bigint UNSIGNED NOT NULL AUTO_INCREMENT, AUTO_INCREMENT=194;

--
-- AUTO_INCREMENT for table `landingpagecms`
--
ALTER TABLE `landingpagecms`
  MODIFY `id` int NOT NULL AUTO_INCREMENT;

--
-- AUTO_INCREMENT for table `landing_email`
--
ALTER TABLE `landing_email`
  MODIFY `id` bigint UNSIGNED NOT NULL AUTO_INCREMENT;

--
-- AUTO_INCREMENT for table `language`
--
ALTER TABLE `language`
  MODIFY `id` bigint UNSIGNED NOT NULL AUTO_INCREMENT;

--
-- AUTO_INCREMENT for table `languages`
--
ALTER TABLE `languages`
  MODIFY `id` bigint UNSIGNED NOT NULL AUTO_INCREMENT, AUTO_INCREMENT=5;

--
-- AUTO_INCREMENT for table `linked_social_accounts`
--
ALTER TABLE `linked_social_accounts`
  MODIFY `id` int UNSIGNED NOT NULL AUTO_INCREMENT;

--
-- AUTO_INCREMENT for table `ltm_translations`
--
ALTER TABLE `ltm_translations`
  MODIFY `id` bigint UNSIGNED NOT NULL AUTO_INCREMENT;

--
-- AUTO_INCREMENT for table `methods`
--
ALTER TABLE `methods`
  MODIFY `id` int UNSIGNED NOT NULL AUTO_INCREMENT;

--
-- AUTO_INCREMENT for table `migrations`
--
ALTER TABLE `migrations`
  MODIFY `id` int UNSIGNED NOT NULL AUTO_INCREMENT, AUTO_INCREMENT=388;

--
-- AUTO_INCREMENT for table `mobile_builds`
--
ALTER TABLE `mobile_builds`
  MODIFY `id` int UNSIGNED NOT NULL AUTO_INCREMENT;

--
-- AUTO_INCREMENT for table `notification_channels_translations`
--
ALTER TABLE `notification_channels_translations`
  MODIFY `id` int UNSIGNED NOT NULL AUTO_INCREMENT, AUTO_INCREMENT=149;

--
-- AUTO_INCREMENT for table `onboarding_screen_translations`
--
ALTER TABLE `onboarding_screen_translations`
  MODIFY `id` int UNSIGNED NOT NULL AUTO_INCREMENT, AUTO_INCREMENT=64;

--
-- AUTO_INCREMENT for table `owner_hired_drivers`
--
ALTER TABLE `owner_hired_drivers`
  MODIFY `id` bigint UNSIGNED NOT NULL AUTO_INCREMENT;

--
-- AUTO_INCREMENT for table `owner_needed_documents`
--
ALTER TABLE `owner_needed_documents`
  MODIFY `id` int UNSIGNED NOT NULL AUTO_INCREMENT, AUTO_INCREMENT=2;

--
-- AUTO_INCREMENT for table `package_types`
--
ALTER TABLE `package_types`
  MODIFY `id` int UNSIGNED NOT NULL AUTO_INCREMENT;

--
-- AUTO_INCREMENT for table `permissions`
--
ALTER TABLE `permissions`
  MODIFY `id` int UNSIGNED NOT NULL AUTO_INCREMENT, AUTO_INCREMENT=337;

--
-- AUTO_INCREMENT for table `personal_access_tokens`
--
ALTER TABLE `personal_access_tokens`
  MODIFY `id` bigint UNSIGNED NOT NULL AUTO_INCREMENT, AUTO_INCREMENT=40;

--
-- AUTO_INCREMENT for table `preferences`
--
ALTER TABLE `preferences`
  MODIFY `id` int UNSIGNED NOT NULL AUTO_INCREMENT, AUTO_INCREMENT=3;

--
-- AUTO_INCREMENT for table `preference_prices`
--
ALTER TABLE `preference_prices`
  MODIFY `id` int UNSIGNED NOT NULL AUTO_INCREMENT;

--
-- AUTO_INCREMENT for table `projects`
--
ALTER TABLE `projects`
  MODIFY `id` int UNSIGNED NOT NULL AUTO_INCREMENT;

--
-- AUTO_INCREMENT for table `project_flavours`
--
ALTER TABLE `project_flavours`
  MODIFY `id` int UNSIGNED NOT NULL AUTO_INCREMENT;

--
-- AUTO_INCREMENT for table `promo_code_users`
--
ALTER TABLE `promo_code_users`
  MODIFY `id` int UNSIGNED NOT NULL AUTO_INCREMENT;

--
-- AUTO_INCREMENT for table `promo_users`
--
ALTER TABLE `promo_users`
  MODIFY `id` int UNSIGNED NOT NULL AUTO_INCREMENT;

--
-- AUTO_INCREMENT for table `recent_searches`
--
ALTER TABLE `recent_searches`
  MODIFY `id` int UNSIGNED NOT NULL AUTO_INCREMENT, AUTO_INCREMENT=21;

--
-- AUTO_INCREMENT for table `recent_searches_stops`
--
ALTER TABLE `recent_searches_stops`
  MODIFY `id` int UNSIGNED NOT NULL AUTO_INCREMENT;

--
-- AUTO_INCREMENT for table `referrals`
--
ALTER TABLE `referrals`
  MODIFY `id` bigint UNSIGNED NOT NULL AUTO_INCREMENT;

--
-- AUTO_INCREMENT for table `referral_conditions`
--
ALTER TABLE `referral_conditions`
  MODIFY `id` int UNSIGNED NOT NULL AUTO_INCREMENT, AUTO_INCREMENT=15;

--
-- AUTO_INCREMENT for table `referral_condition_translations`
--
ALTER TABLE `referral_condition_translations`
  MODIFY `id` int UNSIGNED NOT NULL AUTO_INCREMENT, AUTO_INCREMENT=15;

--
-- AUTO_INCREMENT for table `requests_meta`
--
ALTER TABLE `requests_meta`
  MODIFY `id` int UNSIGNED NOT NULL AUTO_INCREMENT, AUTO_INCREMENT=28;

--
-- AUTO_INCREMENT for table `request_bills`
--
ALTER TABLE `request_bills`
  MODIFY `id` int UNSIGNED NOT NULL AUTO_INCREMENT, AUTO_INCREMENT=17;

--
-- AUTO_INCREMENT for table `request_cancellation_fees`
--
ALTER TABLE `request_cancellation_fees`
  MODIFY `id` int UNSIGNED NOT NULL AUTO_INCREMENT, AUTO_INCREMENT=4;

--
-- AUTO_INCREMENT for table `request_delivery_proofs`
--
ALTER TABLE `request_delivery_proofs`
  MODIFY `id` int UNSIGNED NOT NULL AUTO_INCREMENT;

--
-- AUTO_INCREMENT for table `request_enquiries`
--
ALTER TABLE `request_enquiries`
  MODIFY `id` int UNSIGNED NOT NULL AUTO_INCREMENT;

--
-- AUTO_INCREMENT for table `request_eta`
--
ALTER TABLE `request_eta`
  MODIFY `id` bigint UNSIGNED NOT NULL AUTO_INCREMENT, AUTO_INCREMENT=40;

--
-- AUTO_INCREMENT for table `request_places`
--
ALTER TABLE `request_places`
  MODIFY `id` int UNSIGNED NOT NULL AUTO_INCREMENT, AUTO_INCREMENT=41;

--
-- AUTO_INCREMENT for table `request_preferences`
--
ALTER TABLE `request_preferences`
  MODIFY `id` int UNSIGNED NOT NULL AUTO_INCREMENT;

--
-- AUTO_INCREMENT for table `request_ratings`
--
ALTER TABLE `request_ratings`
  MODIFY `id` int UNSIGNED NOT NULL AUTO_INCREMENT, AUTO_INCREMENT=29;

--
-- AUTO_INCREMENT for table `request_stops`
--
ALTER TABLE `request_stops`
  MODIFY `id` int UNSIGNED NOT NULL AUTO_INCREMENT;

--
-- AUTO_INCREMENT for table `roles`
--
ALTER TABLE `roles`
  MODIFY `id` int UNSIGNED NOT NULL AUTO_INCREMENT, AUTO_INCREMENT=60;

--
-- AUTO_INCREMENT for table `service_location_translations`
--
ALTER TABLE `service_location_translations`
  MODIFY `id` int UNSIGNED NOT NULL AUTO_INCREMENT, AUTO_INCREMENT=5;

--
-- AUTO_INCREMENT for table `settings`
--
ALTER TABLE `settings`
  MODIFY `id` int UNSIGNED NOT NULL AUTO_INCREMENT, AUTO_INCREMENT=178;

--
-- AUTO_INCREMENT for table `subscriptions`
--
ALTER TABLE `subscriptions`
  MODIFY `id` int UNSIGNED NOT NULL AUTO_INCREMENT;

--
-- AUTO_INCREMENT for table `sub_vehicle_types`
--
ALTER TABLE `sub_vehicle_types`
  MODIFY `id` int UNSIGNED NOT NULL AUTO_INCREMENT, AUTO_INCREMENT=15;

--
-- AUTO_INCREMENT for table `support_ticket_multi_files`
--
ALTER TABLE `support_ticket_multi_files`
  MODIFY `id` bigint UNSIGNED NOT NULL AUTO_INCREMENT;

--
-- AUTO_INCREMENT for table `support_ticket_titles_translations`
--
ALTER TABLE `support_ticket_titles_translations`
  MODIFY `id` int UNSIGNED NOT NULL AUTO_INCREMENT;

--
-- AUTO_INCREMENT for table `tests`
--
ALTER TABLE `tests`
  MODIFY `id` bigint UNSIGNED NOT NULL AUTO_INCREMENT;

--
-- AUTO_INCREMENT for table `users`
--
ALTER TABLE `users`
  MODIFY `id` int UNSIGNED NOT NULL AUTO_INCREMENT, AUTO_INCREMENT=40;

--
-- AUTO_INCREMENT for table `users_imported`
--
ALTER TABLE `users_imported`
  MODIFY `id` bigint UNSIGNED NOT NULL AUTO_INCREMENT;

--
-- AUTO_INCREMENT for table `vehicle_type_translations`
--
ALTER TABLE `vehicle_type_translations`
  MODIFY `id` int UNSIGNED NOT NULL AUTO_INCREMENT;

--
-- AUTO_INCREMENT for table `wallet_withdrawal_requests`
--
ALTER TABLE `wallet_withdrawal_requests`
  MODIFY `id` int UNSIGNED NOT NULL AUTO_INCREMENT;

--
-- AUTO_INCREMENT for table `websockets_statistics_entries`
--
ALTER TABLE `websockets_statistics_entries`
  MODIFY `id` int UNSIGNED NOT NULL AUTO_INCREMENT;

--
-- AUTO_INCREMENT for table `zone_surge_prices`
--
ALTER TABLE `zone_surge_prices`
  MODIFY `id` bigint UNSIGNED NOT NULL AUTO_INCREMENT, AUTO_INCREMENT=12;

--
-- AUTO_INCREMENT for table `zone_translations`
--
ALTER TABLE `zone_translations`
  MODIFY `id` int UNSIGNED NOT NULL AUTO_INCREMENT, AUTO_INCREMENT=4;

--
-- Constraints for dumped tables
--

--
-- Constraints for table `adhoc_users`
--
ALTER TABLE `adhoc_users`
  ADD CONSTRAINT `adhoc_users_request_id_foreign` FOREIGN KEY (`request_id`) REFERENCES `requests` (`id`) ON DELETE CASCADE;

--
-- Constraints for table `admin_details`
--
ALTER TABLE `admin_details`
  ADD CONSTRAINT `admin_details_service_location_id_foreign` FOREIGN KEY (`service_location_id`) REFERENCES `service_locations` (`id`) ON DELETE CASCADE,
  ADD CONSTRAINT `admin_details_user_id_foreign` FOREIGN KEY (`user_id`) REFERENCES `users` (`id`) ON DELETE CASCADE;

--
-- Constraints for table `admin_notifications`
--
ALTER TABLE `admin_notifications`
  ADD CONSTRAINT `admin_notifications_user_id_foreign` FOREIGN KEY (`user_id`) REFERENCES `users` (`id`) ON DELETE CASCADE;

--
-- Constraints for table `agents`
--
ALTER TABLE `agents`
  ADD CONSTRAINT `agents_service_location_id_foreign` FOREIGN KEY (`service_location_id`) REFERENCES `service_locations` (`id`) ON DELETE CASCADE,
  ADD CONSTRAINT `agents_user_id_foreign` FOREIGN KEY (`user_id`) REFERENCES `users` (`id`) ON DELETE CASCADE;

--
-- Constraints for table `agents_bank_info`
--
ALTER TABLE `agents_bank_info`
  ADD CONSTRAINT `agents_bank_info_agent_id_foreign` FOREIGN KEY (`agent_id`) REFERENCES `agents` (`id`) ON DELETE CASCADE,
  ADD CONSTRAINT `agents_bank_info_field_id_foreign` FOREIGN KEY (`field_id`) REFERENCES `fields` (`id`) ON DELETE CASCADE,
  ADD CONSTRAINT `agents_bank_info_method_id_foreign` FOREIGN KEY (`method_id`) REFERENCES `methods` (`id`) ON DELETE CASCADE;

--
-- Constraints for table `agent_commission`
--
ALTER TABLE `agent_commission`
  ADD CONSTRAINT `agent_commission_service_location_id_foreign` FOREIGN KEY (`service_location_id`) REFERENCES `service_locations` (`id`) ON DELETE CASCADE;

--
-- Constraints for table `agent_wallet`
--
ALTER TABLE `agent_wallet`
  ADD CONSTRAINT `agent_wallet_user_id_foreign` FOREIGN KEY (`user_id`) REFERENCES `agents` (`id`) ON DELETE CASCADE;

--
-- Constraints for table `agent_wallet_histroy`
--
ALTER TABLE `agent_wallet_histroy`
  ADD CONSTRAINT `agent_wallet_histroy_admin_id_foreign` FOREIGN KEY (`admin_id`) REFERENCES `admin_details` (`id`) ON DELETE CASCADE,
  ADD CONSTRAINT `agent_wallet_histroy_card_id_foreign` FOREIGN KEY (`card_id`) REFERENCES `card_info` (`id`) ON DELETE CASCADE,
  ADD CONSTRAINT `agent_wallet_histroy_request_id_foreign` FOREIGN KEY (`request_id`) REFERENCES `requests` (`id`) ON DELETE CASCADE,
  ADD CONSTRAINT `agent_wallet_histroy_user_id_foreign` FOREIGN KEY (`user_id`) REFERENCES `agents` (`id`) ON DELETE CASCADE;

--
-- Constraints for table `airports`
--
ALTER TABLE `airports`
  ADD CONSTRAINT `airports_service_location_id_foreign` FOREIGN KEY (`service_location_id`) REFERENCES `service_locations` (`id`) ON DELETE CASCADE;

--
-- Constraints for table `cancellation_reason_translations`
--
ALTER TABLE `cancellation_reason_translations`
  ADD CONSTRAINT `cancellation_reason_translations_cancellation_reason_id_foreign` FOREIGN KEY (`cancellation_reason_id`) REFERENCES `cancellation_reasons` (`id`) ON DELETE CASCADE;

--
-- Constraints for table `card_info`
--
ALTER TABLE `card_info`
  ADD CONSTRAINT `card_info_user_id_foreign` FOREIGN KEY (`user_id`) REFERENCES `users` (`id`) ON DELETE CASCADE;

--
-- Constraints for table `car_models`
--
ALTER TABLE `car_models`
  ADD CONSTRAINT `car_models_make_id_foreign` FOREIGN KEY (`make_id`) REFERENCES `car_makes` (`id`) ON DELETE CASCADE;

--
-- Constraints for table `chats`
--
ALTER TABLE `chats`
  ADD CONSTRAINT `chats_request_id_foreign` FOREIGN KEY (`request_id`) REFERENCES `requests` (`id`) ON DELETE CASCADE,
  ADD CONSTRAINT `chats_user_id_foreign` FOREIGN KEY (`user_id`) REFERENCES `users` (`id`) ON DELETE CASCADE;

--
-- Constraints for table `chat_messages`
--
ALTER TABLE `chat_messages`
  ADD CONSTRAINT `chat_messages_chat_id_foreign` FOREIGN KEY (`chat_id`) REFERENCES `chat` (`id`) ON DELETE CASCADE;

--
-- Constraints for table `companies`
--
ALTER TABLE `companies`
  ADD CONSTRAINT `companies_admin_id_foreign` FOREIGN KEY (`admin_id`) REFERENCES `users` (`id`) ON DELETE CASCADE,
  ADD CONSTRAINT `companies_country_foreign` FOREIGN KEY (`country`) REFERENCES `countries` (`id`) ON DELETE CASCADE;

--
-- Constraints for table `complaints`
--
ALTER TABLE `complaints`
  ADD CONSTRAINT `complaints_complaint_title_id_foreign` FOREIGN KEY (`complaint_title_id`) REFERENCES `complaint_titles` (`id`) ON DELETE CASCADE,
  ADD CONSTRAINT `complaints_driver_id_foreign` FOREIGN KEY (`driver_id`) REFERENCES `drivers` (`id`) ON DELETE CASCADE,
  ADD CONSTRAINT `complaints_owner_id_foreign` FOREIGN KEY (`owner_id`) REFERENCES `owners` (`id`) ON DELETE CASCADE,
  ADD CONSTRAINT `complaints_user_id_foreign` FOREIGN KEY (`user_id`) REFERENCES `users` (`id`) ON DELETE CASCADE;

--
-- Constraints for table `complaint_title_translations`
--
ALTER TABLE `complaint_title_translations`
  ADD CONSTRAINT `complaint_title_translations_complaint_title_id_foreign` FOREIGN KEY (`complaint_title_id`) REFERENCES `complaint_titles` (`id`) ON DELETE CASCADE;

--
-- Constraints for table `conversations`
--
ALTER TABLE `conversations`
  ADD CONSTRAINT `conversations_admin_id_foreign` FOREIGN KEY (`admin_id`) REFERENCES `admin_details` (`id`) ON DELETE CASCADE,
  ADD CONSTRAINT `conversations_user_id_foreign` FOREIGN KEY (`user_id`) REFERENCES `users` (`id`) ON DELETE CASCADE;

--
-- Constraints for table `developers`
--
ALTER TABLE `developers`
  ADD CONSTRAINT `developers_user_id_foreign` FOREIGN KEY (`user_id`) REFERENCES `users` (`id`) ON DELETE CASCADE;

--
-- Constraints for table `dispatcher_conversations`
--
ALTER TABLE `dispatcher_conversations`
  ADD CONSTRAINT `dispatcher_conversations_dispatcher_id_foreign` FOREIGN KEY (`dispatcher_id`) REFERENCES `admin_details` (`id`) ON DELETE CASCADE,
  ADD CONSTRAINT `dispatcher_conversations_user_id_foreign` FOREIGN KEY (`user_id`) REFERENCES `users` (`id`) ON DELETE CASCADE;

--
-- Constraints for table `dispatcher_messages`
--
ALTER TABLE `dispatcher_messages`
  ADD CONSTRAINT `dispatcher_messages_conversation_id_foreign` FOREIGN KEY (`conversation_id`) REFERENCES `dispatcher_conversations` (`id`) ON DELETE CASCADE;

--
-- Constraints for table `drivers`
--
ALTER TABLE `drivers`
  ADD CONSTRAINT `drivers_car_make_foreign` FOREIGN KEY (`car_make`) REFERENCES `car_makes` (`id`) ON DELETE CASCADE,
  ADD CONSTRAINT `drivers_car_model_foreign` FOREIGN KEY (`car_model`) REFERENCES `car_models` (`id`) ON DELETE CASCADE,
  ADD CONSTRAINT `drivers_country_foreign` FOREIGN KEY (`country`) REFERENCES `countries` (`id`) ON DELETE CASCADE,
  ADD CONSTRAINT `drivers_fleet_id_foreign` FOREIGN KEY (`fleet_id`) REFERENCES `fleets` (`id`) ON DELETE CASCADE,
  ADD CONSTRAINT `drivers_owner_id_foreign` FOREIGN KEY (`owner_id`) REFERENCES `owners` (`id`) ON DELETE CASCADE,
  ADD CONSTRAINT `drivers_service_location_id_foreign` FOREIGN KEY (`service_location_id`) REFERENCES `service_locations` (`id`),
  ADD CONSTRAINT `drivers_user_id_foreign` FOREIGN KEY (`user_id`) REFERENCES `users` (`id`) ON DELETE CASCADE,
  ADD CONSTRAINT `drivers_vehicle_type_foreign` FOREIGN KEY (`vehicle_type`) REFERENCES `vehicle_types` (`id`) ON DELETE CASCADE;

--
-- Constraints for table `drivers_imported`
--
ALTER TABLE `drivers_imported`
  ADD CONSTRAINT `drivers_imported_user_id_foreign` FOREIGN KEY (`user_id`) REFERENCES `users` (`id`) ON DELETE CASCADE;

--
-- Constraints for table `driver_bank_infos`
--
ALTER TABLE `driver_bank_infos`
  ADD CONSTRAINT `driver_bank_infos_driver_id_foreign` FOREIGN KEY (`driver_id`) REFERENCES `drivers` (`id`) ON DELETE CASCADE,
  ADD CONSTRAINT `driver_bank_infos_field_id_foreign` FOREIGN KEY (`field_id`) REFERENCES `fields` (`id`) ON DELETE CASCADE,
  ADD CONSTRAINT `driver_bank_infos_method_id_foreign` FOREIGN KEY (`method_id`) REFERENCES `methods` (`id`) ON DELETE CASCADE;

--
-- Constraints for table `driver_details`
--
ALTER TABLE `driver_details`
  ADD CONSTRAINT `driver_details_company_foreign` FOREIGN KEY (`company`) REFERENCES `companies` (`id`) ON DELETE SET NULL,
  ADD CONSTRAINT `driver_details_current_zone_foreign` FOREIGN KEY (`current_zone`) REFERENCES `zones` (`id`) ON DELETE SET NULL,
  ADD CONSTRAINT `driver_details_driver_id_foreign` FOREIGN KEY (`driver_id`) REFERENCES `drivers` (`id`) ON DELETE CASCADE;

--
-- Constraints for table `driver_documents`
--
ALTER TABLE `driver_documents`
  ADD CONSTRAINT `driver_documents_document_id_foreign` FOREIGN KEY (`document_id`) REFERENCES `driver_needed_documents` (`id`) ON DELETE CASCADE,
  ADD CONSTRAINT `driver_documents_driver_id_foreign` FOREIGN KEY (`driver_id`) REFERENCES `drivers` (`id`) ON DELETE CASCADE;

--
-- Constraints for table `driver_enabled_routes`
--
ALTER TABLE `driver_enabled_routes`
  ADD CONSTRAINT `driver_enabled_routes_driver_id_foreign` FOREIGN KEY (`driver_id`) REFERENCES `drivers` (`id`) ON DELETE CASCADE;

--
-- Constraints for table `driver_incentive_histories`
--
ALTER TABLE `driver_incentive_histories`
  ADD CONSTRAINT `driver_incentive_histories_driver_id_foreign` FOREIGN KEY (`driver_id`) REFERENCES `drivers` (`id`) ON DELETE CASCADE;

--
-- Constraints for table `driver_level_details`
--
ALTER TABLE `driver_level_details`
  ADD CONSTRAINT `driver_level_details_driver_id_foreign` FOREIGN KEY (`driver_id`) REFERENCES `drivers` (`id`) ON DELETE CASCADE,
  ADD CONSTRAINT `driver_level_details_level_id_foreign` FOREIGN KEY (`level_id`) REFERENCES `driver_level_ups` (`id`) ON DELETE CASCADE;

--
-- Constraints for table `driver_level_ups`
--
ALTER TABLE `driver_level_ups`
  ADD CONSTRAINT `driver_level_ups_zone_type_id_foreign` FOREIGN KEY (`zone_type_id`) REFERENCES `zone_types` (`id`) ON DELETE CASCADE;

--
-- Constraints for table `driver_preferences`
--
ALTER TABLE `driver_preferences`
  ADD CONSTRAINT `driver_preferences_driver_id_foreign` FOREIGN KEY (`driver_id`) REFERENCES `drivers` (`id`) ON DELETE CASCADE,
  ADD CONSTRAINT `driver_preferences_preference_id_foreign` FOREIGN KEY (`preference_id`) REFERENCES `preferences` (`id`) ON DELETE CASCADE;

--
-- Constraints for table `driver_privileged_vehicles`
--
ALTER TABLE `driver_privileged_vehicles`
  ADD CONSTRAINT `driver_privileged_vehicles_driver_id_foreign` FOREIGN KEY (`driver_id`) REFERENCES `drivers` (`id`) ON DELETE CASCADE,
  ADD CONSTRAINT `driver_privileged_vehicles_fleet_id_foreign` FOREIGN KEY (`fleet_id`) REFERENCES `fleets` (`id`) ON DELETE CASCADE,
  ADD CONSTRAINT `driver_privileged_vehicles_owner_id_foreign` FOREIGN KEY (`owner_id`) REFERENCES `owners` (`id`) ON DELETE CASCADE;

--
-- Constraints for table `driver_rejected_requests`
--
ALTER TABLE `driver_rejected_requests`
  ADD CONSTRAINT `driver_rejected_requests_driver_id_foreign` FOREIGN KEY (`driver_id`) REFERENCES `drivers` (`id`) ON DELETE CASCADE,
  ADD CONSTRAINT `driver_rejected_requests_request_id_foreign` FOREIGN KEY (`request_id`) REFERENCES `requests` (`id`) ON DELETE CASCADE;

--
-- Constraints for table `driver_subscriptions`
--
ALTER TABLE `driver_subscriptions`
  ADD CONSTRAINT `driver_subscriptions_driver_id_foreign` FOREIGN KEY (`driver_id`) REFERENCES `drivers` (`id`) ON DELETE CASCADE;

--
-- Constraints for table `driver_vehicle_types`
--
ALTER TABLE `driver_vehicle_types`
  ADD CONSTRAINT `driver_vehicle_types_driver_id_foreign` FOREIGN KEY (`driver_id`) REFERENCES `drivers` (`id`) ON DELETE CASCADE,
  ADD CONSTRAINT `driver_vehicle_types_vehicle_type_foreign` FOREIGN KEY (`vehicle_type`) REFERENCES `vehicle_types` (`id`) ON DELETE CASCADE;

--
-- Constraints for table `driver_wallet`
--
ALTER TABLE `driver_wallet`
  ADD CONSTRAINT `driver_wallet_user_id_foreign` FOREIGN KEY (`user_id`) REFERENCES `drivers` (`id`) ON DELETE CASCADE;

--
-- Constraints for table `driver_wallet_history`
--
ALTER TABLE `driver_wallet_history`
  ADD CONSTRAINT `driver_wallet_history_admin_id_foreign` FOREIGN KEY (`admin_id`) REFERENCES `admin_details` (`id`) ON DELETE CASCADE,
  ADD CONSTRAINT `driver_wallet_history_card_id_foreign` FOREIGN KEY (`card_id`) REFERENCES `card_info` (`id`) ON DELETE CASCADE,
  ADD CONSTRAINT `driver_wallet_history_request_id_foreign` FOREIGN KEY (`request_id`) REFERENCES `requests` (`id`) ON DELETE CASCADE,
  ADD CONSTRAINT `driver_wallet_history_user_id_foreign` FOREIGN KEY (`user_id`) REFERENCES `drivers` (`id`) ON DELETE CASCADE;

--
-- Constraints for table `favorite_places`
--
ALTER TABLE `favorite_places`
  ADD CONSTRAINT `favorite_places_user_id_foreign` FOREIGN KEY (`user_id`) REFERENCES `users` (`id`) ON DELETE CASCADE;

--
-- Constraints for table `favourite_locations`
--
ALTER TABLE `favourite_locations`
  ADD CONSTRAINT `favourite_locations_user_id_foreign` FOREIGN KEY (`user_id`) REFERENCES `users` (`id`) ON DELETE CASCADE;

--
-- Constraints for table `fields`
--
ALTER TABLE `fields`
  ADD CONSTRAINT `fields_method_id_foreign` FOREIGN KEY (`method_id`) REFERENCES `methods` (`id`) ON DELETE CASCADE;

--
-- Constraints for table `fleets`
--
ALTER TABLE `fleets`
  ADD CONSTRAINT `fleets_brand_foreign` FOREIGN KEY (`brand`) REFERENCES `car_makes` (`id`) ON DELETE CASCADE,
  ADD CONSTRAINT `fleets_driver_id_foreign` FOREIGN KEY (`driver_id`) REFERENCES `drivers` (`id`) ON DELETE CASCADE,
  ADD CONSTRAINT `fleets_model_foreign` FOREIGN KEY (`model`) REFERENCES `car_models` (`id`) ON DELETE CASCADE,
  ADD CONSTRAINT `fleets_owner_id_foreign` FOREIGN KEY (`owner_id`) REFERENCES `users` (`id`) ON DELETE CASCADE,
  ADD CONSTRAINT `fleets_vehicle_type_foreign` FOREIGN KEY (`vehicle_type`) REFERENCES `vehicle_types` (`id`) ON DELETE CASCADE;

--
-- Constraints for table `fleet_documents`
--
ALTER TABLE `fleet_documents`
  ADD CONSTRAINT `fleet_documents_document_id_foreign` FOREIGN KEY (`document_id`) REFERENCES `fleet_needed_documents` (`id`) ON DELETE CASCADE,
  ADD CONSTRAINT `fleet_documents_fleet_id_foreign` FOREIGN KEY (`fleet_id`) REFERENCES `fleets` (`id`) ON DELETE CASCADE;

--
-- Constraints for table `goods_type_translations`
--
ALTER TABLE `goods_type_translations`
  ADD CONSTRAINT `goods_type_translations_goods_type_id_foreign` FOREIGN KEY (`goods_type_id`) REFERENCES `goods_types` (`id`) ON DELETE CASCADE;

--
-- Constraints for table `incentives`
--
ALTER TABLE `incentives`
  ADD CONSTRAINT `incentives_zone_type_id_foreign` FOREIGN KEY (`zone_type_id`) REFERENCES `zone_types` (`id`) ON DELETE CASCADE;

--
-- Constraints for table `messages`
--
ALTER TABLE `messages`
  ADD CONSTRAINT `messages_conversation_id_foreign` FOREIGN KEY (`conversation_id`) REFERENCES `conversations` (`id`) ON DELETE CASCADE;

--
-- Constraints for table `mobile_builds`
--
ALTER TABLE `mobile_builds`
  ADD CONSTRAINT `mobile_builds_flavour_id_foreign` FOREIGN KEY (`flavour_id`) REFERENCES `project_flavours` (`id`) ON DELETE CASCADE,
  ADD CONSTRAINT `mobile_builds_project_id_foreign` FOREIGN KEY (`project_id`) REFERENCES `projects` (`id`) ON DELETE CASCADE;

--
-- Constraints for table `notification_channels_translations`
--
ALTER TABLE `notification_channels_translations`
  ADD CONSTRAINT `fk_notification_channel_id` FOREIGN KEY (`notification_channel_id`) REFERENCES `notification_channels` (`id`) ON DELETE CASCADE;

--
-- Constraints for table `onboarding_screen_translations`
--
ALTER TABLE `onboarding_screen_translations`
  ADD CONSTRAINT `onboarding_screen_translations_onboarding_screen_id_foreign` FOREIGN KEY (`onboarding_screen_id`) REFERENCES `onboarding_screen` (`id`) ON DELETE CASCADE;

--
-- Constraints for table `owners`
--
ALTER TABLE `owners`
  ADD CONSTRAINT `owners_service_location_id_foreign` FOREIGN KEY (`service_location_id`) REFERENCES `service_locations` (`id`) ON DELETE CASCADE,
  ADD CONSTRAINT `owners_user_id_foreign` FOREIGN KEY (`user_id`) REFERENCES `users` (`id`) ON DELETE CASCADE;

--
-- Constraints for table `owner_bank_infos`
--
ALTER TABLE `owner_bank_infos`
  ADD CONSTRAINT `owner_bank_infos_field_id_foreign` FOREIGN KEY (`field_id`) REFERENCES `fields` (`id`) ON DELETE CASCADE,
  ADD CONSTRAINT `owner_bank_infos_method_id_foreign` FOREIGN KEY (`method_id`) REFERENCES `methods` (`id`) ON DELETE CASCADE,
  ADD CONSTRAINT `owner_bank_infos_owner_id_foreign` FOREIGN KEY (`owner_id`) REFERENCES `owners` (`id`) ON DELETE CASCADE;

--
-- Constraints for table `owner_documents`
--
ALTER TABLE `owner_documents`
  ADD CONSTRAINT `owner_documents_document_id_foreign` FOREIGN KEY (`document_id`) REFERENCES `owner_needed_documents` (`id`) ON DELETE CASCADE,
  ADD CONSTRAINT `owner_documents_owner_id_foreign` FOREIGN KEY (`owner_id`) REFERENCES `owners` (`id`) ON DELETE CASCADE;

--
-- Constraints for table `owner_hired_drivers`
--
ALTER TABLE `owner_hired_drivers`
  ADD CONSTRAINT `owner_hired_drivers_driver_id_foreign` FOREIGN KEY (`driver_id`) REFERENCES `drivers` (`id`) ON DELETE CASCADE,
  ADD CONSTRAINT `owner_hired_drivers_owner_id_foreign` FOREIGN KEY (`owner_id`) REFERENCES `owners` (`id`) ON DELETE CASCADE;

--
-- Constraints for table `owner_wallets`
--
ALTER TABLE `owner_wallets`
  ADD CONSTRAINT `owner_wallets_user_id_foreign` FOREIGN KEY (`user_id`) REFERENCES `owners` (`id`) ON DELETE CASCADE;

--
-- Constraints for table `owner_wallet_histories`
--
ALTER TABLE `owner_wallet_histories`
  ADD CONSTRAINT `owner_wallet_histories_admin_id_foreign` FOREIGN KEY (`admin_id`) REFERENCES `admin_details` (`id`) ON DELETE CASCADE,
  ADD CONSTRAINT `owner_wallet_histories_card_id_foreign` FOREIGN KEY (`card_id`) REFERENCES `card_info` (`id`) ON DELETE CASCADE,
  ADD CONSTRAINT `owner_wallet_histories_request_id_foreign` FOREIGN KEY (`request_id`) REFERENCES `requests` (`id`) ON DELETE CASCADE,
  ADD CONSTRAINT `owner_wallet_histories_user_id_foreign` FOREIGN KEY (`user_id`) REFERENCES `owners` (`id`) ON DELETE CASCADE;

--
-- Constraints for table `payments`
--
ALTER TABLE `payments`
  ADD CONSTRAINT `payments_request_id_foreign` FOREIGN KEY (`request_id`) REFERENCES `requests` (`id`) ON DELETE CASCADE,
  ADD CONSTRAINT `payments_user_id_foreign` FOREIGN KEY (`user_id`) REFERENCES `users` (`id`) ON DELETE CASCADE;

--
-- Constraints for table `peak_zones`
--
ALTER TABLE `peak_zones`
  ADD CONSTRAINT `peak_zones_zone_id_foreign` FOREIGN KEY (`zone_id`) REFERENCES `zones` (`id`) ON DELETE CASCADE;

--
-- Constraints for table `permission_role`
--
ALTER TABLE `permission_role`
  ADD CONSTRAINT `permission_role_permission_id_foreign` FOREIGN KEY (`permission_id`) REFERENCES `permissions` (`id`) ON DELETE CASCADE,
  ADD CONSTRAINT `permission_role_role_id_foreign` FOREIGN KEY (`role_id`) REFERENCES `roles` (`id`) ON DELETE CASCADE;

--
-- Constraints for table `poc_clients`
--
ALTER TABLE `poc_clients`
  ADD CONSTRAINT `poc_clients_project_id_foreign` FOREIGN KEY (`project_id`) REFERENCES `projects` (`id`) ON DELETE CASCADE,
  ADD CONSTRAINT `poc_clients_user_id_foreign` FOREIGN KEY (`user_id`) REFERENCES `users` (`id`) ON DELETE CASCADE;

--
-- Constraints for table `preference_prices`
--
ALTER TABLE `preference_prices`
  ADD CONSTRAINT `preference_prices_preference_id_foreign` FOREIGN KEY (`preference_id`) REFERENCES `preferences` (`id`) ON DELETE CASCADE,
  ADD CONSTRAINT `preference_prices_zone_type_id_foreign` FOREIGN KEY (`zone_type_id`) REFERENCES `zone_types` (`id`) ON DELETE CASCADE;

--
-- Constraints for table `pre_payment_datas`
--
ALTER TABLE `pre_payment_datas`
  ADD CONSTRAINT `pre_payment_datas_driver_id_foreign` FOREIGN KEY (`driver_id`) REFERENCES `drivers` (`id`) ON DELETE CASCADE,
  ADD CONSTRAINT `pre_payment_datas_request_id_foreign` FOREIGN KEY (`request_id`) REFERENCES `requests` (`id`) ON DELETE CASCADE;

--
-- Constraints for table `project_flavours`
--
ALTER TABLE `project_flavours`
  ADD CONSTRAINT `project_flavours_project_id_foreign` FOREIGN KEY (`project_id`) REFERENCES `projects` (`id`) ON DELETE CASCADE;

--
-- Constraints for table `promo`
--
ALTER TABLE `promo`
  ADD CONSTRAINT `promo_service_location_id_foreign` FOREIGN KEY (`service_location_id`) REFERENCES `service_locations` (`id`) ON DELETE CASCADE;

--
-- Constraints for table `promo_code_users`
--
ALTER TABLE `promo_code_users`
  ADD CONSTRAINT `promo_code_users_promo_code_id_foreign` FOREIGN KEY (`promo_code_id`) REFERENCES `promo` (`id`) ON DELETE CASCADE,
  ADD CONSTRAINT `promo_code_users_service_location_id_foreign` FOREIGN KEY (`service_location_id`) REFERENCES `service_locations` (`id`) ON DELETE CASCADE;

--
-- Constraints for table `promo_users`
--
ALTER TABLE `promo_users`
  ADD CONSTRAINT `promo_users_promo_code_id_foreign` FOREIGN KEY (`promo_code_id`) REFERENCES `promo` (`id`) ON DELETE CASCADE,
  ADD CONSTRAINT `promo_users_request_id_foreign` FOREIGN KEY (`request_id`) REFERENCES `requests` (`id`) ON DELETE CASCADE,
  ADD CONSTRAINT `promo_users_user_id_foreign` FOREIGN KEY (`user_id`) REFERENCES `users` (`id`) ON DELETE CASCADE;

--
-- Constraints for table `recent_searches`
--
ALTER TABLE `recent_searches`
  ADD CONSTRAINT `recent_searches_user_id_foreign` FOREIGN KEY (`user_id`) REFERENCES `users` (`id`) ON DELETE CASCADE;

--
-- Constraints for table `recent_searches_stops`
--
ALTER TABLE `recent_searches_stops`
  ADD CONSTRAINT `recent_searches_stops_recent_searche_id_foreign` FOREIGN KEY (`recent_searche_id`) REFERENCES `recent_searches` (`id`) ON DELETE CASCADE;

--
-- Constraints for table `referrals`
--
ALTER TABLE `referrals`
  ADD CONSTRAINT `referrals_referred_user_id_foreign` FOREIGN KEY (`referred_user_id`) REFERENCES `users` (`id`) ON DELETE CASCADE,
  ADD CONSTRAINT `referrals_referrer_id_foreign` FOREIGN KEY (`referrer_id`) REFERENCES `users` (`id`) ON DELETE CASCADE;

--
-- Constraints for table `referral_condition_translations`
--
ALTER TABLE `referral_condition_translations`
  ADD CONSTRAINT `referral_condition_translations_referral_id_foreign` FOREIGN KEY (`referral_id`) REFERENCES `referral_conditions` (`id`) ON DELETE CASCADE;

--
-- Constraints for table `requests`
--
ALTER TABLE `requests`
  ADD CONSTRAINT `requests_booked_by_foreign` FOREIGN KEY (`booked_by`) REFERENCES `users` (`id`) ON DELETE CASCADE,
  ADD CONSTRAINT `requests_dispatcher_id_foreign` FOREIGN KEY (`dispatcher_id`) REFERENCES `admin_details` (`id`) ON DELETE CASCADE,
  ADD CONSTRAINT `requests_driver_id_foreign` FOREIGN KEY (`driver_id`) REFERENCES `drivers` (`id`) ON DELETE CASCADE,
  ADD CONSTRAINT `requests_fleet_id_foreign` FOREIGN KEY (`fleet_id`) REFERENCES `fleets` (`id`) ON DELETE CASCADE,
  ADD CONSTRAINT `requests_goods_type_id_foreign` FOREIGN KEY (`goods_type_id`) REFERENCES `goods_types` (`id`) ON DELETE CASCADE,
  ADD CONSTRAINT `requests_owner_id_foreign` FOREIGN KEY (`owner_id`) REFERENCES `owners` (`id`) ON DELETE CASCADE,
  ADD CONSTRAINT `requests_promo_id_foreign` FOREIGN KEY (`promo_id`) REFERENCES `promo` (`id`) ON DELETE CASCADE,
  ADD CONSTRAINT `requests_rental_package_id_foreign` FOREIGN KEY (`rental_package_id`) REFERENCES `package_types` (`id`) ON DELETE CASCADE,
  ADD CONSTRAINT `requests_service_location_id_foreign` FOREIGN KEY (`service_location_id`) REFERENCES `service_locations` (`id`) ON DELETE CASCADE,
  ADD CONSTRAINT `requests_user_id_foreign` FOREIGN KEY (`user_id`) REFERENCES `users` (`id`) ON DELETE CASCADE,
  ADD CONSTRAINT `requests_zone_type_id_foreign` FOREIGN KEY (`zone_type_id`) REFERENCES `zone_types` (`id`) ON DELETE CASCADE;

--
-- Constraints for table `requests_meta`
--
ALTER TABLE `requests_meta`
  ADD CONSTRAINT `requests_meta_driver_id_foreign` FOREIGN KEY (`driver_id`) REFERENCES `drivers` (`id`) ON DELETE CASCADE,
  ADD CONSTRAINT `requests_meta_request_id_foreign` FOREIGN KEY (`request_id`) REFERENCES `requests` (`id`) ON DELETE CASCADE,
  ADD CONSTRAINT `requests_meta_user_id_foreign` FOREIGN KEY (`user_id`) REFERENCES `users` (`id`) ON DELETE CASCADE;

--
-- Constraints for table `request_bills`
--
ALTER TABLE `request_bills`
  ADD CONSTRAINT `request_bills_request_id_foreign` FOREIGN KEY (`request_id`) REFERENCES `requests` (`id`) ON DELETE CASCADE;

--
-- Constraints for table `request_cancellation_fees`
--
ALTER TABLE `request_cancellation_fees`
  ADD CONSTRAINT `request_cancellation_fees_driver_id_foreign` FOREIGN KEY (`driver_id`) REFERENCES `drivers` (`id`) ON DELETE CASCADE,
  ADD CONSTRAINT `request_cancellation_fees_paid_request_id_foreign` FOREIGN KEY (`paid_request_id`) REFERENCES `requests` (`id`) ON DELETE CASCADE,
  ADD CONSTRAINT `request_cancellation_fees_request_id_foreign` FOREIGN KEY (`request_id`) REFERENCES `requests` (`id`) ON DELETE CASCADE,
  ADD CONSTRAINT `request_cancellation_fees_user_id_foreign` FOREIGN KEY (`user_id`) REFERENCES `users` (`id`) ON DELETE CASCADE;

--
-- Constraints for table `request_delivery_proofs`
--
ALTER TABLE `request_delivery_proofs`
  ADD CONSTRAINT `request_delivery_proofs_request_id_foreign` FOREIGN KEY (`request_id`) REFERENCES `requests` (`id`) ON DELETE CASCADE;

--
-- Constraints for table `request_enquiries`
--
ALTER TABLE `request_enquiries`
  ADD CONSTRAINT `request_enquiries_dispatcher_id_foreign` FOREIGN KEY (`dispatcher_id`) REFERENCES `users` (`id`) ON DELETE CASCADE,
  ADD CONSTRAINT `request_enquiries_user_id_foreign` FOREIGN KEY (`user_id`) REFERENCES `users` (`id`) ON DELETE CASCADE;

--
-- Constraints for table `request_eta`
--
ALTER TABLE `request_eta`
  ADD CONSTRAINT `request_eta_request_id_foreign` FOREIGN KEY (`request_id`) REFERENCES `requests` (`id`) ON DELETE CASCADE;

--
-- Constraints for table `request_places`
--
ALTER TABLE `request_places`
  ADD CONSTRAINT `request_places_request_id_foreign` FOREIGN KEY (`request_id`) REFERENCES `requests` (`id`) ON DELETE CASCADE;

--
-- Constraints for table `request_preferences`
--
ALTER TABLE `request_preferences`
  ADD CONSTRAINT `request_preferences_preference_price_id_foreign` FOREIGN KEY (`preference_price_id`) REFERENCES `preference_prices` (`id`) ON DELETE CASCADE,
  ADD CONSTRAINT `request_preferences_request_id_foreign` FOREIGN KEY (`request_id`) REFERENCES `requests` (`id`) ON DELETE CASCADE;

--
-- Constraints for table `request_ratings`
--
ALTER TABLE `request_ratings`
  ADD CONSTRAINT `request_ratings_driver_id_foreign` FOREIGN KEY (`driver_id`) REFERENCES `drivers` (`id`) ON DELETE CASCADE,
  ADD CONSTRAINT `request_ratings_request_id_foreign` FOREIGN KEY (`request_id`) REFERENCES `requests` (`id`) ON DELETE CASCADE,
  ADD CONSTRAINT `request_ratings_user_id_foreign` FOREIGN KEY (`user_id`) REFERENCES `users` (`id`) ON DELETE CASCADE;

--
-- Constraints for table `request_stops`
--
ALTER TABLE `request_stops`
  ADD CONSTRAINT `request_stops_request_id_foreign` FOREIGN KEY (`request_id`) REFERENCES `requests` (`id`) ON DELETE CASCADE;

--
-- Constraints for table `reward_histories`
--
ALTER TABLE `reward_histories`
  ADD CONSTRAINT `reward_histories_request_id_foreign` FOREIGN KEY (`request_id`) REFERENCES `requests` (`id`) ON DELETE CASCADE,
  ADD CONSTRAINT `reward_histories_user_id_foreign` FOREIGN KEY (`user_id`) REFERENCES `users` (`id`) ON DELETE CASCADE;

--
-- Constraints for table `reward_points`
--
ALTER TABLE `reward_points`
  ADD CONSTRAINT `reward_points_user_id_foreign` FOREIGN KEY (`user_id`) REFERENCES `users` (`id`) ON DELETE CASCADE;

--
-- Constraints for table `role_user`
--
ALTER TABLE `role_user`
  ADD CONSTRAINT `role_user_role_id_foreign` FOREIGN KEY (`role_id`) REFERENCES `roles` (`id`) ON DELETE CASCADE,
  ADD CONSTRAINT `role_user_user_id_foreign` FOREIGN KEY (`user_id`) REFERENCES `users` (`id`) ON DELETE CASCADE;

--
-- Constraints for table `service_locations`
--
ALTER TABLE `service_locations`
  ADD CONSTRAINT `service_locations_country_foreign` FOREIGN KEY (`country`) REFERENCES `countries` (`id`) ON DELETE CASCADE;

--
-- Constraints for table `service_location_translations`
--
ALTER TABLE `service_location_translations`
  ADD CONSTRAINT `service_location_translations_service_location_id_foreign` FOREIGN KEY (`service_location_id`) REFERENCES `service_locations` (`id`) ON DELETE CASCADE;

--
-- Constraints for table `sos`
--
ALTER TABLE `sos`
  ADD CONSTRAINT `sos_created_by_foreign` FOREIGN KEY (`created_by`) REFERENCES `users` (`id`) ON DELETE CASCADE,
  ADD CONSTRAINT `sos_service_location_id_foreign` FOREIGN KEY (`service_location_id`) REFERENCES `service_locations` (`id`) ON DELETE CASCADE;

--
-- Constraints for table `subscriptions`
--
ALTER TABLE `subscriptions`
  ADD CONSTRAINT `subscriptions_vehicle_type_id_foreign` FOREIGN KEY (`vehicle_type_id`) REFERENCES `vehicle_types` (`id`) ON DELETE CASCADE;

--
-- Constraints for table `subscription_details`
--
ALTER TABLE `subscription_details`
  ADD CONSTRAINT `subscription_details_driver_id_foreign` FOREIGN KEY (`driver_id`) REFERENCES `drivers` (`id`) ON DELETE CASCADE,
  ADD CONSTRAINT `subscription_details_subscription_id_foreign` FOREIGN KEY (`subscription_id`) REFERENCES `subscriptions` (`id`) ON DELETE CASCADE;

--
-- Constraints for table `sub_vehicle_types`
--
ALTER TABLE `sub_vehicle_types`
  ADD CONSTRAINT `sub_vehicle_types_sub_vehicle_type_id_foreign` FOREIGN KEY (`sub_vehicle_type_id`) REFERENCES `vehicle_types` (`id`) ON DELETE CASCADE,
  ADD CONSTRAINT `sub_vehicle_types_vehicle_type_id_foreign` FOREIGN KEY (`vehicle_type_id`) REFERENCES `vehicle_types` (`id`) ON DELETE CASCADE;

--
-- Constraints for table `support_tickets`
--
ALTER TABLE `support_tickets`
  ADD CONSTRAINT `support_tickets_service_location_id_foreign` FOREIGN KEY (`service_location_id`) REFERENCES `service_locations` (`id`) ON DELETE CASCADE,
  ADD CONSTRAINT `support_tickets_title_id_foreign` FOREIGN KEY (`title_id`) REFERENCES `support_ticket_titles` (`id`) ON DELETE CASCADE,
  ADD CONSTRAINT `support_tickets_users_id_foreign` FOREIGN KEY (`users_id`) REFERENCES `users` (`id`) ON DELETE CASCADE;

--
-- Constraints for table `support_ticket_messages`
--
ALTER TABLE `support_ticket_messages`
  ADD CONSTRAINT `support_ticket_messages_ticket_id_foreign` FOREIGN KEY (`ticket_id`) REFERENCES `support_tickets` (`id`) ON DELETE CASCADE,
  ADD CONSTRAINT `support_ticket_messages_user_id_foreign` FOREIGN KEY (`user_id`) REFERENCES `users` (`id`);

--
-- Constraints for table `support_ticket_multi_files`
--
ALTER TABLE `support_ticket_multi_files`
  ADD CONSTRAINT `support_ticket_multi_files_ticket_id_foreign` FOREIGN KEY (`ticket_id`) REFERENCES `support_tickets` (`id`) ON DELETE CASCADE;

--
-- Constraints for table `support_ticket_titles_translations`
--
ALTER TABLE `support_ticket_titles_translations`
  ADD CONSTRAINT `support_ticket_titles_translations_ticket_title_id_foreign` FOREIGN KEY (`ticket_title_id`) REFERENCES `support_ticket_titles` (`id`) ON DELETE CASCADE;

--
-- Constraints for table `users`
--
ALTER TABLE `users`
  ADD CONSTRAINT `users_country_foreign` FOREIGN KEY (`country`) REFERENCES `countries` (`id`) ON DELETE CASCADE,
  ADD CONSTRAINT `users_service_location_id_foreign` FOREIGN KEY (`service_location_id`) REFERENCES `service_locations` (`id`);

--
-- Constraints for table `users_bank_info`
--
ALTER TABLE `users_bank_info`
  ADD CONSTRAINT `users_bank_info_user_id_foreign` FOREIGN KEY (`user_id`) REFERENCES `users` (`id`) ON DELETE CASCADE;

--
-- Constraints for table `users_imported`
--
ALTER TABLE `users_imported`
  ADD CONSTRAINT `users_imported_user_id_foreign` FOREIGN KEY (`user_id`) REFERENCES `users` (`id`) ON DELETE CASCADE;

--
-- Constraints for table `user_details`
--
ALTER TABLE `user_details`
  ADD CONSTRAINT `user_details_country_foreign` FOREIGN KEY (`country`) REFERENCES `countries` (`id`) ON DELETE CASCADE,
  ADD CONSTRAINT `user_details_user_id_foreign` FOREIGN KEY (`user_id`) REFERENCES `users` (`id`) ON DELETE CASCADE;

--
-- Constraints for table `user_driver_notifications`
--
ALTER TABLE `user_driver_notifications`
  ADD CONSTRAINT `user_driver_notifications_driver_id_foreign` FOREIGN KEY (`driver_id`) REFERENCES `drivers` (`id`) ON DELETE CASCADE,
  ADD CONSTRAINT `user_driver_notifications_notify_id_foreign` FOREIGN KEY (`notify_id`) REFERENCES `notifications` (`id`) ON DELETE CASCADE,
  ADD CONSTRAINT `user_driver_notifications_user_id_foreign` FOREIGN KEY (`user_id`) REFERENCES `users` (`id`) ON DELETE CASCADE;

--
-- Constraints for table `user_wallet`
--
ALTER TABLE `user_wallet`
  ADD CONSTRAINT `user_wallet_user_id_foreign` FOREIGN KEY (`user_id`) REFERENCES `users` (`id`) ON DELETE CASCADE;

--
-- Constraints for table `user_wallet_history`
--
ALTER TABLE `user_wallet_history`
  ADD CONSTRAINT `user_wallet_history_admin_id_foreign` FOREIGN KEY (`admin_id`) REFERENCES `admin_details` (`id`) ON DELETE CASCADE,
  ADD CONSTRAINT `user_wallet_history_card_id_foreign` FOREIGN KEY (`card_id`) REFERENCES `card_info` (`id`) ON DELETE CASCADE,
  ADD CONSTRAINT `user_wallet_history_request_id_foreign` FOREIGN KEY (`request_id`) REFERENCES `requests` (`id`) ON DELETE CASCADE,
  ADD CONSTRAINT `user_wallet_history_user_id_foreign` FOREIGN KEY (`user_id`) REFERENCES `users` (`id`) ON DELETE CASCADE;

--
-- Constraints for table `vehicle_type_translations`
--
ALTER TABLE `vehicle_type_translations`
  ADD CONSTRAINT `vehicle_type_translations_vehicle_type_id_foreign` FOREIGN KEY (`vehicle_type_id`) REFERENCES `vehicle_types` (`id`) ON DELETE CASCADE;

--
-- Constraints for table `wallet_withdrawal_requests`
--
ALTER TABLE `wallet_withdrawal_requests`
  ADD CONSTRAINT `wallet_withdrawal_requests_agent_id_foreign` FOREIGN KEY (`agent_id`) REFERENCES `agents` (`id`) ON DELETE CASCADE,
  ADD CONSTRAINT `wallet_withdrawal_requests_driver_id_foreign` FOREIGN KEY (`driver_id`) REFERENCES `drivers` (`id`) ON DELETE CASCADE,
  ADD CONSTRAINT `wallet_withdrawal_requests_owner_id_foreign` FOREIGN KEY (`owner_id`) REFERENCES `owners` (`id`) ON DELETE CASCADE,
  ADD CONSTRAINT `wallet_withdrawal_requests_user_id_foreign` FOREIGN KEY (`user_id`) REFERENCES `users` (`id`) ON DELETE CASCADE;

--
-- Constraints for table `zones`
--
ALTER TABLE `zones`
  ADD CONSTRAINT `zones_service_location_id_foreign` FOREIGN KEY (`service_location_id`) REFERENCES `service_locations` (`id`) ON DELETE CASCADE;

--
-- Constraints for table `zone_bounds`
--
ALTER TABLE `zone_bounds`
  ADD CONSTRAINT `zone_bounds_zone_id_foreign` FOREIGN KEY (`zone_id`) REFERENCES `zones` (`id`) ON DELETE CASCADE;

--
-- Constraints for table `zone_surge_prices`
--
ALTER TABLE `zone_surge_prices`
  ADD CONSTRAINT `zone_surge_prices_zone_type_id_foreign` FOREIGN KEY (`zone_type_id`) REFERENCES `zone_types` (`id`) ON DELETE CASCADE;

--
-- Constraints for table `zone_translations`
--
ALTER TABLE `zone_translations`
  ADD CONSTRAINT `zone_translations_zone_id_foreign` FOREIGN KEY (`zone_id`) REFERENCES `zones` (`id`) ON DELETE CASCADE;

--
-- Constraints for table `zone_types`
--
ALTER TABLE `zone_types`
  ADD CONSTRAINT `zone_types_drop_zone_foreign` FOREIGN KEY (`drop_zone`) REFERENCES `zones` (`id`) ON DELETE CASCADE,
  ADD CONSTRAINT `zone_types_type_id_foreign` FOREIGN KEY (`type_id`) REFERENCES `vehicle_types` (`id`) ON DELETE CASCADE,
  ADD CONSTRAINT `zone_types_zone_id_foreign` FOREIGN KEY (`zone_id`) REFERENCES `zones` (`id`) ON DELETE CASCADE;

--
-- Constraints for table `zone_type_package_prices`
--
ALTER TABLE `zone_type_package_prices`
  ADD CONSTRAINT `zone_type_package_prices_zone_id_foreign` FOREIGN KEY (`zone_id`) REFERENCES `zones` (`id`) ON DELETE CASCADE,
  ADD CONSTRAINT `zone_type_package_prices_zone_type_id_foreign` FOREIGN KEY (`zone_type_id`) REFERENCES `zone_types` (`id`) ON DELETE CASCADE;

--
-- Constraints for table `zone_type_price`
--
ALTER TABLE `zone_type_price`
  ADD CONSTRAINT `zone_type_price_zone_type_id_foreign` FOREIGN KEY (`zone_type_id`) REFERENCES `zone_types` (`id`) ON DELETE CASCADE;
COMMIT;

